From mboxrd@z Thu Jan 1 00:00:00 1970 Return-Path: Received: from mails.dpdk.org (mails.dpdk.org [217.70.189.124]) by inbox.dpdk.org (Postfix) with ESMTP id D1D8A48964 for ; Sat, 18 Oct 2025 06:11:02 +0200 (CEST) Received: from mails.dpdk.org (localhost [127.0.0.1]) by mails.dpdk.org (Postfix) with ESMTP id CD832400D7; Sat, 18 Oct 2025 06:11:02 +0200 (CEST) Received: from mail-io1-f100.google.com (mail-io1-f100.google.com [209.85.166.100]) by mails.dpdk.org (Postfix) with ESMTP id 3139E400D7 for ; Sat, 18 Oct 2025 06:11:01 +0200 (CEST) Received: by mail-io1-f100.google.com with SMTP id ca18e2360f4ac-93bccd4901aso219434939f.2 for ; Fri, 17 Oct 2025 21:11:01 -0700 (PDT) DKIM-Signature: v=1; a=rsa-sha256; c=relaxed/relaxed; d=iol.unh.edu; s=unh-iol; t=1760760660; x=1761365460; darn=dpdk.org; h=cc:to:from:subject:message-id:date:from:to:cc:subject:date :message-id:reply-to; bh=OwxHRdnJQQRjeYMoEqpxrRp75y1daHQOSL5MtbepiXI=; b=TfpAyfvdf6DKe36DvMzfmzqyR9kStxC8sgeuGp/oXTBvtnebBb3+k5Itq0t5ry8Qus 6mDBjowyQItMuM9rEVRHBF7V4jo6rTTMZ+a9fYzxPVDPVbWn4OiV1oUX0DTnq9i3UIBP l6kUXcFpIqgDyOY1p3T8c//TTt+eEjgN+cgc0= X-Google-DKIM-Signature: v=1; a=rsa-sha256; c=relaxed/relaxed; d=1e100.net; s=20230601; t=1760760660; x=1761365460; h=cc:to:from:subject:message-id:date:x-gm-message-state:from:to:cc :subject:date:message-id:reply-to; bh=OwxHRdnJQQRjeYMoEqpxrRp75y1daHQOSL5MtbepiXI=; b=qy+NI+BM06jzDSLsBgW5Qz6xvAtDZSq2dzG6Ph53Fj5TIGUkqVdPuwANMfewKXp1tm i3i0xLlSWR/nGo+T27hnFTYO3nqHPWFeGZ4kbEmzR42X6FoQX+sqAuKyWp/7IVJ1Qxar e8OESESaDT5uUPczgDc2PXDOxwLW+32WtYIUF/J6ExAjBKm2h4Ypxza+z27AD9fIPous DBZd4qsMJUV0bMaQxqsEUcQkJWwDdLZlRhWfhCJWIkXqcE7G1R0+TW9OeTywVOsExC3J XYh9LzSZwQmTYhCq+7avJBEaCRWAJof4tt4i8QFhHLCufe/9Wh0b+f3gpk8hV77pr0fC vDDg== X-Gm-Message-State: AOJu0YyyR9qwl2lEpsQd4Ni6nC3AUZ56ZvLrNhDqap5MBDfFTvybo3uG m7XhKLNFDmllSr8/mPd2ciY10BX06wxHVA7D0+VlJpM5G0QO4mp2WFe2mvJiuyada3EeA+gKKPb 4egevyf3AwjEiRywXBr/woFled7WjOIoI0pAT/MENCr49EzgbNIZZ X-Gm-Gg: ASbGncvCxGOWRb9xrhUNUqcqwvcMKJ9KkY6toRWU8QYMeamq/2pf1A0GbVGu6fUzmko rIPfiYmOb3D9bz8E//4GdSWAe5Nk5Tt1T3QodDuiwSvCv1a3rRPC68yeNcOar4RIfWyH6CZBI+K LV3EV1fuDNDe3Lz2nlCvXYHov5qu0GZAW/r1qvUFeq8e77kC3XwW9hYuClP6E0Ya7ifNOkd2NMG 8J7uP4I2tdq4yuZFJXzX2ogd4JIh83TED+NRbAIP3JZ3VWWMeyfxkGuF3KgVoHHk/5o/tQD6Rn0 SrrQeDhKN6HxwwnWXoHIiinV8Fe5kBb1WOWcmDpEKk2akyKZSy7UwRALG2wTIrRd1gyCRmiB0xv iTGZf0mcv X-Google-Smtp-Source: AGHT+IEamsS6M6Zs+nyC/XJdIZiiEIrOsovXF+4kU0BRbcsYQWN6bxXKA9mjRNdMtzh+Dh5U7kN2INyEAN6w X-Received: by 2002:a05:6602:160a:b0:919:629f:9770 with SMTP id ca18e2360f4ac-93e763cde78mr885739039f.10.1760760660408; Fri, 17 Oct 2025 21:11:00 -0700 (PDT) Received: from postal.iol.unh.edu (postal.iol.unh.edu. [2606:4100:3880:1234::84]) by smtp-relay.gmail.com with ESMTPS id 8926c6da1cb9f-5a8a97983d1sm131463173.38.2025.10.17.21.11.00 (version=TLS1_2 cipher=ECDHE-ECDSA-AES128-GCM-SHA256 bits=128/128); Fri, 17 Oct 2025 21:11:00 -0700 (PDT) X-Relaying-Domain: iol.unh.edu Date: Fri, 17 Oct 2025 21:11:00 -0700 (PDT) Message-ID: <68f31354.050a0220.1979e0.72ccSMTPIN_ADDED_MISSING@mx.google.com> Received: from [172.21.0.4] (unknown [172.18.0.240]) by postal.iol.unh.edu (Postfix) with ESMTP id F245A6051830; Sat, 18 Oct 2025 00:10:59 -0400 (EDT) Subject: |FAILURE| [GIT MASTER] 62f583c49bf67dd4d6733ece14e55fe6839e66d1 From: dpdklab@iol.unh.edu To: Test Report Cc: dpdk-test-reports@iol.unh.edu, Xueming Li , Christian Ehrhardt , Kevin Traynor , Luca Boccassi Content-Type: text/plain X-BeenThere: test-report@dpdk.org X-Mailman-Version: 2.1.29 Precedence: list List-Id: automatic DPDK test reports List-Unsubscribe: , List-Archive: List-Post: List-Help: List-Subscribe: , Errors-To: test-report-bounces@dpdk.org _Testing issues_ Branch: tags/v23.11 62f583c49bf67dd4d6733ece14e55fe6839e66d1 --> testing issues Upstream job id: Generic-VM-DPDK-Compile-Meson#39097 Test environment and result as below: +---------------------+--------------------+-------------------+-------------------------+----------------------+ | Environment | dpdk_meson_compile | dpdk_msvc_compile | dpdk_llvm_clang_compile | dpdk_mingw64_compile | +=====================+====================+===================+=========================+======================+ | FreeBSD 14.2 | PASS | SKIPPED | SKIPPED | SKIPPED | +---------------------+--------------------+-------------------+-------------------------+----------------------+ | Ubuntu 20.04 | PASS | SKIPPED | SKIPPED | SKIPPED | +---------------------+--------------------+-------------------+-------------------------+----------------------+ | Windows Server 2022 | SKIPPED | PASS | FAIL | PASS | +---------------------+--------------------+-------------------+-------------------------+----------------------+ ==== 20 line log output for Windows Server 2022 (dpdk_llvm_clang_compile): ==== Compiler for C supports arguments -mavx512f: YES (cached) Compiler for C supports arguments -mavx512bw: YES (cached) Compiler for C supports arguments -mavx512dq: YES (cached) Compiler for C supports arguments -march=skylake-avx512: YES Message: drivers/common/idpf: Defining dependency "common_idpf" Message: drivers/bus/auxiliary: Defining dependency "bus_auxiliary" Compiler for C supports arguments -Wno-cast-qual: YES (cached) Compiler for C supports arguments -Wno-pointer-arith: YES (cached) Message: drivers/bus/pci: Defining dependency "bus_pci" Message: drivers/bus/vdev: Defining dependency "bus_vdev" Compiler for C supports arguments -std=c11: YES Compiler for C supports arguments -Wno-strict-prototypes: YES Compiler for C supports arguments -D_BSD_SOURCE: YES Compiler for C supports arguments -D_DEFAULT_SOURCE: YES Compiler for C supports arguments -D_XOPEN_SOURCE=600: YES Has header "mlx5devx.h" : YES drivers\common\mlx5\windows\meson.build:10:13: ERROR: C shared or static library 'mlx5devx' not found A full log can be found at C:\Users\builder\jenkins\workspace\Windows-Compile-DPDK-Native\dpdk\build\meson-logs\meson-log.txt ==== End log output ==== FreeBSD 14.2 Kernel: 14.2-RELEASE Compiler: clang 18.1.6 Ubuntu 20.04 Kernel: 4.19 Compiler: gcc gcc (Ubuntu 9.4.0-1ubuntu1~20.04.2) 9.4.0 Windows Server 2022 Kernel: 10.0.20348.2031 Compiler: clang 15.0.7, gcc 14.1.0 (MinGW), and MSVC VS 19.39.33521 To view detailed results, visit: https://lab.dpdk.org/results/dashboard/tarballs/35264/ UNH-IOL DPDK Community Lab To manage your email subscriptions, visit: https://lab.dpdk.org/results/dashboard/preferences/subscriptions/