From mboxrd@z Thu Jan 1 00:00:00 1970 Return-Path: Received: from mails.dpdk.org (mails.dpdk.org [217.70.189.124]) by inbox.dpdk.org (Postfix) with ESMTP id 2983248964 for ; Sat, 18 Oct 2025 06:41:51 +0200 (CEST) Received: from mails.dpdk.org (localhost [127.0.0.1]) by mails.dpdk.org (Postfix) with ESMTP id ED1CA400D7; Sat, 18 Oct 2025 06:41:50 +0200 (CEST) Received: from mail-il1-f227.google.com (mail-il1-f227.google.com [209.85.166.227]) by mails.dpdk.org (Postfix) with ESMTP id 2ACDA400D7 for ; Sat, 18 Oct 2025 06:41:50 +0200 (CEST) Received: by mail-il1-f227.google.com with SMTP id e9e14a558f8ab-430c97cbe0eso10590205ab.2 for ; Fri, 17 Oct 2025 21:41:50 -0700 (PDT) DKIM-Signature: v=1; a=rsa-sha256; c=relaxed/relaxed; d=iol.unh.edu; s=unh-iol; t=1760762509; x=1761367309; darn=dpdk.org; h=cc:to:from:subject:message-id:date:from:to:cc:subject:date :message-id:reply-to; bh=mqCxaZQlx4zTxOp7I5c3QihNfdj9ALwBo4teHFdeL/8=; b=W9icDbG0JIkavFzmrTL/YuYhAoeGj818PgPkONQ9G3QG4cKcJR8y8CinQVmfEgoAzm maaqLI0nSuXphYpK2H1GaWsar0D/6QaQXPidkGLyI3JL0bO2E/gcvzMAx2qUuzd/zj9W wFWgpE9KBtjVgySKepwStn5GRYAETkwr/aO+8= X-Google-DKIM-Signature: v=1; a=rsa-sha256; c=relaxed/relaxed; d=1e100.net; s=20230601; t=1760762509; x=1761367309; h=cc:to:from:subject:message-id:date:x-gm-message-state:from:to:cc :subject:date:message-id:reply-to; bh=mqCxaZQlx4zTxOp7I5c3QihNfdj9ALwBo4teHFdeL/8=; b=kNrDVwitAS8ddDtZxzjXw1cfsn7wOCtMPXTe9Nc3t61RQrKSc3F5f5LyOOxu9CMzMH 5NMtfy0qCsXvo2IMcH7JVI3SSG8NubFFM3vTKWbB6EVSaTxsZky8pG15zPY1SlaHijHw 9D3N/cOMf133bIwPaa1di3CREirfxZMhmOBVWLW6c9NeDhkpVOMxZZBt7jiw0bVgh5a5 gETiKiKbHJLyqOkSYM9s+zlN+j6hBb9C4bNR6UqG6dpvvuaLoICOvrzbD55l0la14BNZ O+3vKUvfJoIrZFeQ9cKxX66NvH3VhZqmULu1uoJrnyzhc66GgZnw/SmJ3KJsFjBeX7le C06g== X-Gm-Message-State: AOJu0YxgZqM5UfiSXxvXNKMUOfumfHDZ4ajV8zwvGei6qaTMgz2PAbNk CUaowXDwzRqlR/gXCRzOSFGLsejBnv0PHPtLcwSgJgV7VLckDAkfdYjXK8HqcetnA6Xmer89ob9 UVF6pcUkRTTdv4c62PDZbxeNykztjRl5n5OkZDfi60X9tc8BsxjGR X-Gm-Gg: ASbGncvT/3MxwmB3ed0gXh+KrSdKJqyEbqhHwqAgGDsLOb4zldCsKOD1N7N3dHsiTXk 5mBFxpwc3x2ZP9Ch/siSJrznW85yiYboakKjy0Q9mrvlShmarojkZbmWYmY1HS7vggfAlu1iGhP cjmzuokbOLnSD598TvGaJfc+9TX2lOFh6cQxVFEFpR3XIYpebqIJnUwhLLGh0/6knzii6JDqfMG 2so0HkHSsz7pOgS1r+gyBz5/OT/lu6j35j6QsCTF3F2P0k1tx0o5yVVL2B/cJxnBSn7ocoUM6k8 Ed8UCkee0MNnfwrkZqns82dBjsL5f73IDZr6Inj17YRRZPnfI5pHxGdhOBrbSwGHev6t5a5oBTX JRmoq2OzP X-Google-Smtp-Source: AGHT+IE10kq5s+0wIqkjGuehdh6WtM5S2vbWyoTN/txB1UGWC8on9+uBUFWip38l37fTzxG/tOEN+COJKOxm X-Received: by 2002:a05:6e02:1d9d:b0:430:a8f1:5648 with SMTP id e9e14a558f8ab-430c52bee0dmr83164495ab.19.1760762509466; Fri, 17 Oct 2025 21:41:49 -0700 (PDT) Received: from postal.iol.unh.edu (postal.iol.unh.edu. [2606:4100:3880:1234::84]) by smtp-relay.gmail.com with ESMTPS id e9e14a558f8ab-430d07b3abfsm1414445ab.26.2025.10.17.21.41.49 (version=TLS1_2 cipher=ECDHE-ECDSA-AES128-GCM-SHA256 bits=128/128); Fri, 17 Oct 2025 21:41:49 -0700 (PDT) X-Relaying-Domain: iol.unh.edu Date: Fri, 17 Oct 2025 21:41:49 -0700 (PDT) Message-ID: <68f31a8d.050a0220.1739b7.79dfSMTPIN_ADDED_MISSING@mx.google.com> Received: from [172.21.0.2] (unknown [172.18.0.240]) by postal.iol.unh.edu (Postfix) with ESMTP id F33F76051830; Sat, 18 Oct 2025 00:41:48 -0400 (EDT) Subject: |FAILURE| [GIT MASTER] 62f583c49bf67dd4d6733ece14e55fe6839e66d1 From: dpdklab@iol.unh.edu To: Test Report Cc: dpdk-test-reports@iol.unh.edu, Xueming Li , Christian Ehrhardt , Kevin Traynor , Luca Boccassi Content-Type: text/plain X-BeenThere: test-report@dpdk.org X-Mailman-Version: 2.1.29 Precedence: list List-Id: automatic DPDK test reports List-Unsubscribe: , List-Archive: List-Post: List-Help: List-Subscribe: , Errors-To: test-report-bounces@dpdk.org _Testing issues_ Branch: tags/v23.11 62f583c49bf67dd4d6733ece14e55fe6839e66d1 --> testing issues Upstream job id: Generic-Unit-Test-DPDK#383034 Test environment and result as below: +-------------------------------+----------------+ | Environment | dpdk_unit_test | +===============================+================+ | CentOS Stream 9 | PASS | +-------------------------------+----------------+ | Debian GNU/Linux 12 | PASS | +-------------------------------+----------------+ | Fedora Linux 41 | PASS | +-------------------------------+----------------+ | Fedora Linux 40 | PASS | +-------------------------------+----------------+ | Fedora Linux 42 | PASS | +-------------------------------+----------------+ | Ubuntu 24.04 | PASS | +-------------------------------+----------------+ | Red Hat Enterprise Linux 9.5 | PASS | +-------------------------------+----------------+ | CentOS Stream 10 | PASS | +-------------------------------+----------------+ | Red Hat Enterprise Linux 8.10 | PASS | +-------------------------------+----------------+ | Ubuntu 22.04 | PASS | +-------------------------------+----------------+ | Ubuntu 20.04 | PASS | +-------------------------------+----------------+ | Windows Server 2022 | FAIL | +-------------------------------+----------------+ ==== Unit test summary for Windows Server 2022 (dpdk_unit_test): ==== Failed to get the unit test results. Displaying the unit test results is not supported for some environments, such as our aarch32 testing, where meson is not used to run the tests. Download the logs available on our CI site. ==== End log output ==== CentOS Stream 9 Kernel: 5.15 Compiler: gcc gcc (GCC) 11.5.0 20240719 (Red Hat 11.5.0-11) Debian GNU/Linux 12 Kernel: 5.15 Compiler: gcc gcc (Debian 12.2.0-14+deb12u1) 12.2.0 Fedora Linux 41 Kernel: 5.15 Compiler: gcc gcc (GCC) 14.3.1 20250523 (Red Hat 14.3.1-1) Fedora Linux 40 Kernel: 5.15 Compiler: clang gcc (GCC) 14.2.1 20240912 (Red Hat 14.2.1-3) Fedora Linux 42 Kernel: 5.15 Compiler: gcc gcc (GCC) 15.2.1 20250808 (Red Hat 15.2.1-1) Ubuntu 24.04 Kernel: 5.15 Compiler: gcc gcc (Ubuntu 13.3.0-6ubuntu2~24.04) 13.3.0 Red Hat Enterprise Linux 9.5 Kernel: 5.15 Compiler: gcc gcc (GCC) 11.5.0 20240719 (Red Hat 11.5.0-2) CentOS Stream 10 Kernel: 5.15 Compiler: gcc gcc (GCC) 14.2.1 20250110 (Red Hat 14.2.1-8) Red Hat Enterprise Linux 8.10 Kernel: 5.15 Compiler: gcc gcc (GCC) 8.5.0 20210514 (Red Hat 8.5.0-22) Ubuntu 22.04 Kernel: 5.15 Compiler: gcc gcc (Ubuntu 11.4.0-1ubuntu1~22.04) 11.4.0 Ubuntu 20.04 Kernel: 5.15 Compiler: gcc gcc (Ubuntu 9.4.0-1ubuntu1~20.04.2) 9.4.0 Windows Server 2022 Kernel: 10.0.20348.2031 Compiler: clang 15.0.7, gcc 14.1.0 (MinGW), and MSVC VS 19.39.33521 To view detailed results, visit: https://lab.dpdk.org/results/dashboard/tarballs/35264/ UNH-IOL DPDK Community Lab To manage your email subscriptions, visit: https://lab.dpdk.org/results/dashboard/preferences/subscriptions/