From mboxrd@z Thu Jan 1 00:00:00 1970 Return-Path: Received: from mails.dpdk.org (mails.dpdk.org [217.70.189.124]) by inbox.dpdk.org (Postfix) with ESMTP id 0E78648964 for ; Sat, 18 Oct 2025 06:42:02 +0200 (CEST) Received: from mails.dpdk.org (localhost [127.0.0.1]) by mails.dpdk.org (Postfix) with ESMTP id 0712B400D7; Sat, 18 Oct 2025 06:42:02 +0200 (CEST) Received: from mail-io1-f100.google.com (mail-io1-f100.google.com [209.85.166.100]) by mails.dpdk.org (Postfix) with ESMTP id 790B8400D7 for ; Sat, 18 Oct 2025 06:41:59 +0200 (CEST) Received: by mail-io1-f100.google.com with SMTP id ca18e2360f4ac-92aee734485so99680239f.1 for ; Fri, 17 Oct 2025 21:41:59 -0700 (PDT) DKIM-Signature: v=1; a=rsa-sha256; c=relaxed/relaxed; d=iol.unh.edu; s=unh-iol; t=1760762519; x=1761367319; darn=dpdk.org; h=cc:to:from:subject:message-id:date:from:to:cc:subject:date :message-id:reply-to; bh=WEYzu/indH4d/c1eIs6WNTAdS6HhsiOYvRFoP/VnUi8=; b=VlVxqJRCJB38sAZz1j1TdrGhf6BHyJRe5uIk7vW79FuLN/0vAfro3ifyIswJ3T1+9x 67d/rEHSDS1+wxl+2g6Bc5hvL4/vgpS0TrJzb3m8dU2EcaOo1moIyiugex5uwkGJM02n Fu8akwyMhY+ZHZ3Xv4AHi+YehNSLCJiRrN7bI= X-Google-DKIM-Signature: v=1; a=rsa-sha256; c=relaxed/relaxed; d=1e100.net; s=20230601; t=1760762519; x=1761367319; h=cc:to:from:subject:message-id:date:x-gm-message-state:from:to:cc :subject:date:message-id:reply-to; bh=WEYzu/indH4d/c1eIs6WNTAdS6HhsiOYvRFoP/VnUi8=; b=pgy3+ZbiPmlu0uWvghiv6MPl4K5+ql2+PiGMyO96Dwu9oylT/ryt4F4zHYkqArLXIw Wo4fsZ0PQwuLzghB+szPsgQ22I8SpT9mUEoZJs6s0O7KQJ2hvfyZuhLse0zZ+93yzh1w /sFq8yVrNYGT2Wa59tUo1NiiKiMRfiB/0esfp7P8I4jRHJA4V/7dS5WYBMecImMA5k9A 5845LePwQO5o9snVpboTpMDlnubjwZRDPd2DZmauO1tMKDKrFgL8ENDR1Ye7tQ7cGuyO TqgF+83oAtrh+t+HyZlAIiOZpWUSh5Q5gFkHAQdKzXY/hbGL+OKPIUMZ77iCDIz9BmC5 ZUUQ== X-Gm-Message-State: AOJu0YwVx424EokgKXocd9VEen0UzvkierqVS1/GUvrnu+tWOXCVYr4l jCLp7cbwX44X9hLZUtIKs/85dCJdC6XEHJQS1rUGao0D38L4R30Hb9UYEpQppprxsGtlVsayWyN X0o27MIW+aBjQNofQbTRaCfNhC2Bjy9Pf67s3 X-Gm-Gg: ASbGncvTQg5fXJJVdjZIQDPn2afGcCe4PDCR/8dNIj5bx1CCFmnO0AxphFuW4cpr3jb vAHOhkrmk8yZB09cZUGkxsnrSloUVWGEBqxTLYMU7z53V6U7qJmHV22eLiqhuzqm3B+AcDoO/mC DGliT7azXEeFyP02f0GXXDaMZbvuq7rDYbS3YEAeQh9EYUMWs1SGb23psfoVavGcM9OassR5xw3 MyEPc4kjh1AkZvhydyb6tSL7wwKhr7IARfp7Oq1IQc8LforQ1zaIb9xh+WDjhNrkz1/jVmtL5wF /I/aHbfZYqsd7+3bpu92V4+K7QQllUQ4SV3ZPenCNov4/n/h+hGEdQEqMNGz/12wvqt2ERhLgTa vFY0UzLtFywNHOpFfEGy6mKYxkpJ6DG8= X-Google-Smtp-Source: AGHT+IGMYo9YV/LY/yxtfGAFF3STh3VXRhckR/dMrED8swd6+rAI6X9685eAMB4C1r69X4ENsMJKSvX8Hqr7 X-Received: by 2002:a05:6e02:1c01:b0:430:a6b9:e976 with SMTP id e9e14a558f8ab-430c52b5a7dmr78397255ab.19.1760762518792; Fri, 17 Oct 2025 21:41:58 -0700 (PDT) Received: from postal.iol.unh.edu (postal.iol.unh.edu. [132.177.123.84]) by smtp-relay.gmail.com with ESMTPS id 8926c6da1cb9f-5a8a962718csm135109173.11.2025.10.17.21.41.58 (version=TLS1_2 cipher=ECDHE-ECDSA-AES128-GCM-SHA256 bits=128/128); Fri, 17 Oct 2025 21:41:58 -0700 (PDT) X-Relaying-Domain: iol.unh.edu Date: Fri, 17 Oct 2025 21:41:58 -0700 (PDT) Message-ID: <68f31a96.050a0220.227212.6e3cSMTPIN_ADDED_MISSING@mx.google.com> Received: from [172.21.0.2] (unknown [172.18.0.240]) by postal.iol.unh.edu (Postfix) with ESMTP id 5AF826051830; Sat, 18 Oct 2025 00:41:58 -0400 (EDT) Subject: |FAILURE| [GIT MASTER] 62f583c49bf67dd4d6733ece14e55fe6839e66d1 From: dpdklab@iol.unh.edu To: Test Report Cc: dpdk-test-reports@iol.unh.edu, Xueming Li , Christian Ehrhardt , Kevin Traynor , Luca Boccassi Content-Type: text/plain X-BeenThere: test-report@dpdk.org X-Mailman-Version: 2.1.29 Precedence: list List-Id: automatic DPDK test reports List-Unsubscribe: , List-Archive: List-Post: List-Help: List-Subscribe: , Errors-To: test-report-bounces@dpdk.org _Testing issues_ Branch: tags/v23.11 62f583c49bf67dd4d6733ece14e55fe6839e66d1 --> testing issues Upstream job id: Generic-Unit-Test-DPDK#383025 Test environment and result as below: +-------------------------------+----------------+ | Environment | dpdk_unit_test | +===============================+================+ | CentOS Stream 9 | PASS | +-------------------------------+----------------+ | Debian GNU/Linux 12 | PASS | +-------------------------------+----------------+ | Fedora Linux 41 | PASS | +-------------------------------+----------------+ | Fedora Linux 40 | PASS | +-------------------------------+----------------+ | Fedora Linux 42 | PASS | +-------------------------------+----------------+ | Ubuntu 24.04 | PASS | +-------------------------------+----------------+ | Red Hat Enterprise Linux 9.5 | PASS | +-------------------------------+----------------+ | CentOS Stream 10 | PASS | +-------------------------------+----------------+ | Red Hat Enterprise Linux 8.10 | PASS | +-------------------------------+----------------+ | Ubuntu 22.04 | PASS | +-------------------------------+----------------+ | Ubuntu 20.04 | PASS | +-------------------------------+----------------+ | Windows Server 2022 | FAIL | +-------------------------------+----------------+ ==== Unit test summary for Windows Server 2022 (dpdk_unit_test): ==== Failed to get the unit test results. Displaying the unit test results is not supported for some environments, such as our aarch32 testing, where meson is not used to run the tests. Download the logs available on our CI site. ==== End log output ==== CentOS Stream 9 Kernel: 5.15 Compiler: gcc gcc (GCC) 11.5.0 20240719 (Red Hat 11.5.0-11) Debian GNU/Linux 12 Kernel: 5.15 Compiler: gcc gcc (Debian 12.2.0-14+deb12u1) 12.2.0 Fedora Linux 41 Kernel: 5.15 Compiler: gcc gcc (GCC) 14.3.1 20250523 (Red Hat 14.3.1-1) Fedora Linux 40 Kernel: 5.15 Compiler: clang gcc (GCC) 14.2.1 20240912 (Red Hat 14.2.1-3) Fedora Linux 42 Kernel: 5.15 Compiler: gcc gcc (GCC) 15.2.1 20250808 (Red Hat 15.2.1-1) Ubuntu 24.04 Kernel: 5.15 Compiler: gcc gcc (Ubuntu 13.3.0-6ubuntu2~24.04) 13.3.0 Red Hat Enterprise Linux 9.5 Kernel: 5.15 Compiler: gcc gcc (GCC) 11.5.0 20240719 (Red Hat 11.5.0-2) CentOS Stream 10 Kernel: 5.15 Compiler: gcc gcc (GCC) 14.2.1 20250110 (Red Hat 14.2.1-8) Red Hat Enterprise Linux 8.10 Kernel: 5.15 Compiler: gcc gcc (GCC) 8.5.0 20210514 (Red Hat 8.5.0-22) Ubuntu 22.04 Kernel: 5.15 Compiler: gcc gcc (Ubuntu 11.4.0-1ubuntu1~22.04) 11.4.0 Ubuntu 20.04 Kernel: 5.15 Compiler: gcc gcc (Ubuntu 9.4.0-1ubuntu1~20.04.2) 9.4.0 Windows Server 2022 Kernel: 10.0.20348.2031 Compiler: clang 15.0.7, gcc 14.1.0 (MinGW), and MSVC VS 19.39.33521 To view detailed results, visit: https://lab.dpdk.org/results/dashboard/tarballs/35264/ UNH-IOL DPDK Community Lab To manage your email subscriptions, visit: https://lab.dpdk.org/results/dashboard/preferences/subscriptions/