From mboxrd@z Thu Jan 1 00:00:00 1970 Return-Path: Received: from mails.dpdk.org (mails.dpdk.org [217.70.189.124]) by inbox.dpdk.org (Postfix) with ESMTP id 658694896A for ; Sat, 18 Oct 2025 08:54:56 +0200 (CEST) Received: from mails.dpdk.org (localhost [127.0.0.1]) by mails.dpdk.org (Postfix) with ESMTP id 5E857400D7; Sat, 18 Oct 2025 08:54:56 +0200 (CEST) Received: from mail-pf1-f225.google.com (mail-pf1-f225.google.com [209.85.210.225]) by mails.dpdk.org (Postfix) with ESMTP id 3F0D8400D7 for ; Sat, 18 Oct 2025 08:54:55 +0200 (CEST) Received: by mail-pf1-f225.google.com with SMTP id d2e1a72fcca58-78f3bfe3f69so2430100b3a.2 for ; Fri, 17 Oct 2025 23:54:55 -0700 (PDT) DKIM-Signature: v=1; a=rsa-sha256; c=relaxed/relaxed; d=iol.unh.edu; s=unh-iol; t=1760770494; x=1761375294; darn=dpdk.org; h=cc:to:from:subject:message-id:date:from:to:cc:subject:date :message-id:reply-to; bh=c5pCZp3T9BmVyNSEymhdQYCa1yomg1mGDmR+FKbVKuM=; b=EvU0zLWHtJxQSQ2arTnFBKtrSNOsA2kSsGLaLQOOcuTQZbnlqudEdySs8OJC/gKv28 BmG5UQhcutVXgl4eCZzAQyMe2Q5z3c8URM80Gh57s/zsViJJPx4CwqNxX4DT9sTAH3hp nfipQWLxfhXf901mQ9wMbtm7h5N7lhgjvbNyg= X-Google-DKIM-Signature: v=1; a=rsa-sha256; c=relaxed/relaxed; d=1e100.net; s=20230601; t=1760770494; x=1761375294; h=cc:to:from:subject:message-id:date:x-gm-message-state:from:to:cc :subject:date:message-id:reply-to; bh=c5pCZp3T9BmVyNSEymhdQYCa1yomg1mGDmR+FKbVKuM=; b=kT/Pt66+PlTOkxFoxVpInLY+u6POvWVubb90cR+M6nRIkJ3FNXIP4nG9o0EuObAmCD f1WquoYOGn6YN8ioVm932IJY711Lnjk3R8a5QZznkYf7AW0GFS7zAbK06IMQoZuUyP1V fWdPTNrPOgz5iagQCLUBk2sCt+Rmp/LTGecX2T1MYkDLAljqWKk5vIxou5sRhLZ81hME fxVBJGiMmktJ4dXB5f+RQ+NxICSbXyI3o755G70h4+6wMKBMo0mWrk7sf8qCEy9VLQC4 rGJp4FxlmDzrUZ5oCxghtIQPBU753tjXu8xNXXvdgjSf7499lFL4X3CpRKziUBZMlsc4 Dhjg== X-Gm-Message-State: AOJu0YyFjM7AjY3bNGe8GDvSb+LeH4owgmvakNKbnY7mgAcgyFr9sDFV Tln/vrRkMVDlDmSdqxlbgb5dqOqrUGc0wVG40lAPglLMOyFrvqhqH/xM6NRD9uDPkLaldLk3b6p 8MzSOp2unZN3XtLR0+Ccg4GWJke1ZLEOpI+Hp X-Gm-Gg: ASbGncu/EHvj3PkRIMtEBLwYbfojthje0YTQ8K8IApT2kciyD72zFy9z5VK5oAMiPLC K0wubdUSbONuUh5Z7NGd+aiqiQTzfhBKUyb97Nl/7jp5fWxQRMiSnISYFheXzE6AHc5I7B8Ee9W KKB4qzIN+rKXpeeDPuYXlYQlrRB6URDpGitWUvMsxbUIQs3OCpDAeKevndsYxISsCNXKRuXI5hD X/XgmYgOU9quE+DnTjOXyxgEBJIbY8I3OJv5sckMM3O/+emQ8zbM8HMGYOBAkGYlrrzr1NblOzc eez0Brnh3eW1DmtH5tu00h5gMmqPBMzEMp33F3jrdhBIAi7+BwbAMhfJGtUcaGKlxLKT/kwMLvT iY0ULW68x9h/+pyXD5MAoIXHnMli3LYA= X-Google-Smtp-Source: AGHT+IHlxbQo+vq1Ak9MN1H8ZdhScWxCSSpuiRAH76rFASWm+3XYQ+CoTh5tZtuK4Gm3T3GyrJYcvoxSKPmL X-Received: by 2002:a05:6a20:42a3:b0:32a:91c6:e085 with SMTP id adf61e73a8af0-334a8504812mr8130971637.11.1760770494330; Fri, 17 Oct 2025 23:54:54 -0700 (PDT) Received: from postal.iol.unh.edu (postal.iol.unh.edu. [132.177.123.84]) by smtp-relay.gmail.com with ESMTPS id d2e1a72fcca58-7a22fef0a5bsm163258b3a.3.2025.10.17.23.54.54 (version=TLS1_2 cipher=ECDHE-ECDSA-AES128-GCM-SHA256 bits=128/128); Fri, 17 Oct 2025 23:54:54 -0700 (PDT) X-Relaying-Domain: iol.unh.edu Date: Fri, 17 Oct 2025 23:54:54 -0700 (PDT) Message-ID: <68f339be.050a0220.3b0e8a.807dSMTPIN_ADDED_MISSING@mx.google.com> Received: from [172.21.0.5] (unknown [172.18.0.240]) by postal.iol.unh.edu (Postfix) with ESMTP id 931676051830; Sat, 18 Oct 2025 02:54:53 -0400 (EDT) Subject: |FAILURE| [GIT MASTER] 62f583c49bf67dd4d6733ece14e55fe6839e66d1 From: dpdklab@iol.unh.edu To: Test Report Cc: dpdk-test-reports@iol.unh.edu, Xueming Li , Christian Ehrhardt , Kevin Traynor , Luca Boccassi Content-Type: text/plain X-BeenThere: test-report@dpdk.org X-Mailman-Version: 2.1.29 Precedence: list List-Id: automatic DPDK test reports List-Unsubscribe: , List-Archive: List-Post: List-Help: List-Subscribe: , Errors-To: test-report-bounces@dpdk.org _Testing issues_ Branch: tags/v23.11 62f583c49bf67dd4d6733ece14e55fe6839e66d1 --> testing issues Upstream job id: Generic-DPDK-Compile-Meson#435711 Test environment and result as below: +---------------------+--------------------+-------------------+-------------------------+----------------------+-------------------+ | Environment | dpdk_meson_compile | dpdk_msvc_compile | dpdk_llvm_clang_compile | dpdk_mingw64_compile | dpdk_compile_spdk | +=====================+====================+===================+=========================+======================+===================+ | FreeBSD 14.2 | PASS | SKIPPED | SKIPPED | SKIPPED | SKIPPED | +---------------------+--------------------+-------------------+-------------------------+----------------------+-------------------+ | Ubuntu 20.04 | PASS | SKIPPED | SKIPPED | SKIPPED | SKIPPED | +---------------------+--------------------+-------------------+-------------------------+----------------------+-------------------+ | CentOS Stream 9 | PASS | SKIPPED | SKIPPED | SKIPPED | PASS | +---------------------+--------------------+-------------------+-------------------------+----------------------+-------------------+ | CentOS Stream 10 | PASS | SKIPPED | SKIPPED | SKIPPED | SKIPPED | +---------------------+--------------------+-------------------+-------------------------+----------------------+-------------------+ | Windows Server 2022 | SKIPPED | PASS | FAIL | PASS | SKIPPED | +---------------------+--------------------+-------------------+-------------------------+----------------------+-------------------+ ==== 20 line log output for Windows Server 2022 (dpdk_llvm_clang_compile): ==== Compiler for C supports arguments -mavx512f: YES (cached) Compiler for C supports arguments -mavx512bw: YES (cached) Compiler for C supports arguments -mavx512dq: YES (cached) Compiler for C supports arguments -march=skylake-avx512: YES Message: drivers/common/idpf: Defining dependency "common_idpf" Message: drivers/bus/auxiliary: Defining dependency "bus_auxiliary" Compiler for C supports arguments -Wno-cast-qual: YES (cached) Compiler for C supports arguments -Wno-pointer-arith: YES (cached) Message: drivers/bus/pci: Defining dependency "bus_pci" Message: drivers/bus/vdev: Defining dependency "bus_vdev" Compiler for C supports arguments -std=c11: YES Compiler for C supports arguments -Wno-strict-prototypes: YES Compiler for C supports arguments -D_BSD_SOURCE: YES Compiler for C supports arguments -D_DEFAULT_SOURCE: YES Compiler for C supports arguments -D_XOPEN_SOURCE=600: YES Has header "mlx5devx.h" : YES drivers\common\mlx5\windows\meson.build:10:13: ERROR: C shared or static library 'mlx5devx' not found A full log can be found at C:\Users\builder\jenkins\workspace\Windows-Compile-DPDK-Native\dpdk\build\meson-logs\meson-log.txt ==== End log output ==== FreeBSD 14.2 Kernel: 14.2-RELEASE Compiler: clang 18.1.6 Ubuntu 20.04 Kernel: 4.19 Compiler: gcc gcc (Ubuntu 9.4.0-1ubuntu1~20.04.2) 9.4.0 CentOS Stream 9 Kernel: 5.15 Compiler: gcc gcc (GCC) 11.5.0 20240719 (Red Hat 11.5.0-11) CentOS Stream 10 Kernel: 5.15 Compiler: gcc gcc (GCC) 14.2.1 20250110 (Red Hat 14.2.1-8) Windows Server 2022 Kernel: 10.0.20348.2031 Compiler: clang 15.0.7, gcc 14.1.0 (MinGW), and MSVC VS 19.39.33521 To view detailed results, visit: https://lab.dpdk.org/results/dashboard/tarballs/35264/ UNH-IOL DPDK Community Lab To manage your email subscriptions, visit: https://lab.dpdk.org/results/dashboard/preferences/subscriptions/