From mboxrd@z Thu Jan 1 00:00:00 1970 Return-Path: Received: from mails.dpdk.org (mails.dpdk.org [217.70.189.124]) by inbox.dpdk.org (Postfix) with ESMTP id CCFC548971 for ; Sat, 18 Oct 2025 19:13:06 +0200 (CEST) Received: from mails.dpdk.org (localhost [127.0.0.1]) by mails.dpdk.org (Postfix) with ESMTP id A16C04013F; Sat, 18 Oct 2025 19:13:06 +0200 (CEST) Received: from mail-pf1-f228.google.com (mail-pf1-f228.google.com [209.85.210.228]) by mails.dpdk.org (Postfix) with ESMTP id AD7E14013F for ; Sat, 18 Oct 2025 19:13:04 +0200 (CEST) Received: by mail-pf1-f228.google.com with SMTP id d2e1a72fcca58-79af647cef2so2652612b3a.3 for ; Sat, 18 Oct 2025 10:13:04 -0700 (PDT) DKIM-Signature: v=1; a=rsa-sha256; c=relaxed/relaxed; d=iol.unh.edu; s=unh-iol; t=1760807584; x=1761412384; darn=dpdk.org; h=cc:to:from:subject:message-id:date:from:to:cc:subject:date :message-id:reply-to; bh=0tBh6F8uL8mRMkKda3YpWHvHgzvfaXLXeE7+vU1cEq0=; b=ePwcLkQCUuxz48NnPDD5+w6mOeMvPaECp4J6cr2KfPctz0OWcuwe5Y3TgzClcZlsbS PyDm5D9l4VYeTtR904Yp2/C309v2BT90zPPqawECPk4sDGiO3jCPD9n9tglyUAjnXfxf FmojvD2ypTChCmD7ewTzvMj5rPQ236jRrg+Iw= X-Google-DKIM-Signature: v=1; a=rsa-sha256; c=relaxed/relaxed; d=1e100.net; s=20230601; t=1760807584; x=1761412384; h=cc:to:from:subject:message-id:date:x-gm-message-state:from:to:cc :subject:date:message-id:reply-to; bh=0tBh6F8uL8mRMkKda3YpWHvHgzvfaXLXeE7+vU1cEq0=; b=B4fl6/sB/OcDt3jtyVrU18fRpMF0i1nmiYj+ayLvC/F9DMcqfG2E8Jxq5RyhytxTyj 6ZRWLO5MIKkAN/HyXHX+B5Xyaryyfly+M+TknoX+WTXOx4qfXqChhp6U4pd5GcRfx0yf xxWoJtj+ul+KNFkob6e+1UlYtkT+zn+M/oR1O7dESfYa/0OgNtOSosShAd0Vk84dQn6z 7Wb0YTkYLAG8u3U0bcTK+7+yoA7gZg5ku6fuAc7p8ilmiwkFYbnas/15RqVKgx3CZEuV HFn1CfT2itQCMhW/nxQmr9RlqvLMsfz51MbuGLrhghd4I7rJBr2cUl+zLwI/Epv57RB5 AKyA== X-Gm-Message-State: AOJu0YzlRVaj92d7z0STICj8KDm+CXHNW4p0vq+WpZ4gswnU89BWDsjG G2KW0PUIZByNl8SGq1i9MJsl6bRLLmfvYzjjVM4E8A1mCidXhOPzuQodVw9yXgCFn+/HHSXRp6E eYiSOUNvrF2luRrvYSO76qDYDDPyLLMy6ggst2zF/L4sK9Ox3w/2U X-Gm-Gg: ASbGncuKCc3VvTmKDM1/h3tpCLRJCPk2p5Uhpf9OtZe+MsevT119xwPVeb4A6N1dACW t4+pwmEf3ai79LZttDtlaiAx0emwHu4aNnRC1AR81BVsRVvVz/OUcNKGFeX3fV1PitIC9z2aDEl A3lQcpWNnStx8KrWwoaN5Mk2LXh674qYy3SqN7kS0hpG0BTBkHZDZuC6MoiNWZSj6WgTSqEwRCg j6tOcCFJVGUZRZ+qay9bvc9dBXVDaYVoFeoZvRSSUjyqspVxdJYcvC8/ZVIE6+VJaRzOePLvU0m HwOTHBCZnqJ1SJ3iIE8EKv3desqpj1G/5ki4F5pnI9UEmftjUOkhJXzc0hgWBOs8pmeYGkuhuhr 6UZuY2A95 X-Google-Smtp-Source: AGHT+IH7+voGRvgDXOWE3XVcWdcq2jnpVOWpWB3CVJFS9etIOWyCbVBAIgrRoJDDPU/spcIdCIGCG8hba9bW X-Received: by 2002:a05:6a00:2e03:b0:77f:3ceb:92bb with SMTP id d2e1a72fcca58-7a220a6a206mr8987545b3a.8.1760807583706; Sat, 18 Oct 2025 10:13:03 -0700 (PDT) Received: from postal.iol.unh.edu (postal.iol.unh.edu. [2606:4100:3880:1234::84]) by smtp-relay.gmail.com with ESMTPS id d2e1a72fcca58-7a2300bbe17sm369962b3a.8.2025.10.18.10.13.03 (version=TLS1_2 cipher=ECDHE-ECDSA-AES128-GCM-SHA256 bits=128/128); Sat, 18 Oct 2025 10:13:03 -0700 (PDT) X-Relaying-Domain: iol.unh.edu Date: Sat, 18 Oct 2025 10:13:03 -0700 (PDT) Message-ID: <68f3ca9f.050a0220.1c4e41.e1e5SMTPIN_ADDED_MISSING@mx.google.com> Received: from [172.21.0.2] (unknown [172.18.0.240]) by postal.iol.unh.edu (Postfix) with ESMTP id 75BF36051830; Sat, 18 Oct 2025 13:13:02 -0400 (EDT) Subject: |FAILURE| [GIT MASTER] 62f583c49bf67dd4d6733ece14e55fe6839e66d1 From: dpdklab@iol.unh.edu To: Test Report Cc: dpdk-test-reports@iol.unh.edu, Xueming Li , Christian Ehrhardt , Kevin Traynor , Luca Boccassi Content-Type: text/plain X-BeenThere: test-report@dpdk.org X-Mailman-Version: 2.1.29 Precedence: list List-Id: automatic DPDK test reports List-Unsubscribe: , List-Archive: List-Post: List-Help: List-Subscribe: , Errors-To: test-report-bounces@dpdk.org _Testing issues_ Branch: tags/v23.11 62f583c49bf67dd4d6733ece14e55fe6839e66d1 --> testing issues Upstream job id: Generic-DPDK-Compile-Meson#435751 Test environment and result as below: +------------------------------+--------------------+ | Environment | dpdk_meson_compile | +==============================+====================+ | Red Hat Enterprise Linux 9.5 | PASS | +------------------------------+--------------------+ | Ubuntu 20.04 | PASS | +------------------------------+--------------------+ | Debian GNU/Linux 12 | PASS | +------------------------------+--------------------+ | Fedora Linux 42 | PASS | +------------------------------+--------------------+ | Ubuntu 22.04 | PASS | +------------------------------+--------------------+ | Ubuntu 24.04 | PASS | +------------------------------+--------------------+ | CentOS Stream 9 | PASS | +------------------------------+--------------------+ | CentOS Stream 10 | PASS | +------------------------------+--------------------+ Red Hat Enterprise Linux 9.5 Kernel: 5.4 Compiler: gcc gcc (GCC) 11.5.0 20240719 (Red Hat 11.5.0-2) Ubuntu 20.04 Kernel: 5.15 Compiler: aarch64-linux-gnu-gcc gcc (Ubuntu 9.4.0-1ubuntu1~20.04.2) 9.4.0 Debian GNU/Linux 12 Kernel: 5.4 Compiler: gcc gcc (Debian 12.2.0-14+deb12u1) 12.2.0 Fedora Linux 42 Kernel: 5.4 Compiler: gcc gcc (GCC) 15.2.1 20250808 (Red Hat 15.2.1-1) Ubuntu 22.04 Kernel: 5.4 Compiler: gcc gcc (Ubuntu 11.4.0-1ubuntu1~22.04) 11.4.0 Ubuntu 24.04 Kernel: 5.4 Compiler: gcc gcc (Ubuntu 13.3.0-6ubuntu2~24.04) 13.3.0 CentOS Stream 9 Kernel: 5.4 Compiler: gcc gcc (GCC) 11.5.0 20240719 (Red Hat 11.5.0-11) CentOS Stream 10 Kernel: 5.4 Compiler: gcc gcc (GCC) 14.2.1 20250110 (Red Hat 14.2.1-8) To view detailed results, visit: https://lab.dpdk.org/results/dashboard/tarballs/35264/ UNH-IOL DPDK Community Lab To manage your email subscriptions, visit: https://lab.dpdk.org/results/dashboard/preferences/subscriptions/