From mboxrd@z Thu Jan 1 00:00:00 1970 Return-Path: Received: from mails.dpdk.org (mails.dpdk.org [217.70.189.124]) by inbox.dpdk.org (Postfix) with ESMTP id 1BBB248975 for ; Sun, 19 Oct 2025 06:23:42 +0200 (CEST) Received: from mails.dpdk.org (localhost [127.0.0.1]) by mails.dpdk.org (Postfix) with ESMTP id 176AC4042F; Sun, 19 Oct 2025 06:23:42 +0200 (CEST) Received: from mail-io1-f99.google.com (mail-io1-f99.google.com [209.85.166.99]) by mails.dpdk.org (Postfix) with ESMTP id D59BC4042F for ; Sun, 19 Oct 2025 06:23:40 +0200 (CEST) Received: by mail-io1-f99.google.com with SMTP id ca18e2360f4ac-9298eba27c2so217979139f.3 for ; Sat, 18 Oct 2025 21:23:40 -0700 (PDT) DKIM-Signature: v=1; a=rsa-sha256; c=relaxed/relaxed; d=iol.unh.edu; s=unh-iol; t=1760847820; x=1761452620; darn=dpdk.org; h=cc:to:from:subject:message-id:date:from:to:cc:subject:date :message-id:reply-to; bh=1/ej8ZKm+7jM4EPshabGOXstsRpFRp2Ww8cNsCmkEgQ=; b=LxbAYKyo2NGJ2svMHowkCUJB6aOBmnmgZfVK8JRO+GdGQuoq3xb6IKGwwsLtVIrb0F 2Vc5D/uwWcQkvNNrf2T65upIAZDM+MbnRhMxbq2t/8PYwGXyVeIPslFonNp1sUoa50Ly zrnaoRpjlAR6mouxZI2R9M+uGXyOCKalnFqMs= X-Google-DKIM-Signature: v=1; a=rsa-sha256; c=relaxed/relaxed; d=1e100.net; s=20230601; t=1760847820; x=1761452620; h=cc:to:from:subject:message-id:date:x-gm-message-state:from:to:cc :subject:date:message-id:reply-to; bh=1/ej8ZKm+7jM4EPshabGOXstsRpFRp2Ww8cNsCmkEgQ=; b=njZ76C/jPU1XsQoukoQ8kxBgtmba+IKXxZ0faLBGcU2Gt+Uk4CSDXyPjf8mMIcNQFJ K7VkGvwLjLmtu8zQN/kUSfF1c99FbizhuqJegOH0l0GxCH5PoUmOtao4ZAC+Mm82dC3z 5MoDLZAuHW6EGJtFwKDnolC8TseywwpRJOmCEuBoC1yXtvyt6nEg+DUtNUYIE2KYQMwN 9WcIjyejTRXIagV3ilHxpAGLGLowjM2SjAvzn3MvLXX0QPYJQIjMeymp5ZlxEcQe1Id4 xvm3v4F7bg9KgC0WnYKcSJBNQzaWtQ05ZTmdPKytdwymwM7jjoHaj1RwTA2VEvLZLGL6 6nPg== X-Gm-Message-State: AOJu0YyZUd1/M8g/lhWTERueeMOYhtUhunYFgNWtSjywUhC1w139/nkF ToMH0k/cHELAMmfNYSFoaQMMjGtzBkVOAJ0tDV5KeR+mYNR7giDTdwLHJlqiz8LxNMZT8XHuyq5 icnoDxPAndaFE9p+Y0o1WHqGwBkb3QPltDSaGe/FgafqgdZA/kmOV X-Gm-Gg: ASbGncuoZ8MzvGrGGmBIXpQnYcw8wDyhTaL+PM8M4ec68Mqei134WXeJR8ZRP2FzxoU h7jhb8+GZzOGRBKjDZ/YLdaCdEWNB5QaCCufxC+LoCdrrkjlU91fUlWK1eZ6QL/sUU0CTQQ4C3C tGe5zaWwX30VLHbRZn/pvypxMwy6cq57gaVlXnMWuccKZTwR8NKzj9FIC63aUtKAjAGIT2liUN5 9VEIIsADoiVtEcIdRnszzjoITRHhRTHHzFke9xsL2fVfMWGV+4x2wVJ5053TXNl/n+I81aCQyd+ nc+TcDE/MqvQGeCHGHeT9aN9GyVZICgHuPC62gHB+M2lW+PkUKemxrCxkuhyC8bdx9JScWiSpxM +Xpn5N+6X X-Google-Smtp-Source: AGHT+IH9+dTSnBgkCfbKHLvDSXmxNtGtqWROHOlB7/Te2akw3PjulpENVa0LICyx2PqhBwCZjnPMxuzjhXW5 X-Received: by 2002:a05:6e02:19cf:b0:430:be92:b60d with SMTP id e9e14a558f8ab-430c52d76e5mr131830965ab.26.1760847820108; Sat, 18 Oct 2025 21:23:40 -0700 (PDT) Received: from postal.iol.unh.edu (postal.iol.unh.edu. [2606:4100:3880:1234::84]) by smtp-relay.gmail.com with ESMTPS id e9e14a558f8ab-430d0710910sm4852965ab.9.2025.10.18.21.23.40 (version=TLS1_2 cipher=ECDHE-ECDSA-AES128-GCM-SHA256 bits=128/128); Sat, 18 Oct 2025 21:23:40 -0700 (PDT) X-Relaying-Domain: iol.unh.edu Date: Sat, 18 Oct 2025 21:23:40 -0700 (PDT) Message-ID: <68f467cc.050a0220.171cda.f2b2SMTPIN_ADDED_MISSING@mx.google.com> Received: from [172.21.0.3] (unknown [172.18.0.240]) by postal.iol.unh.edu (Postfix) with ESMTP id A8BDC6051830; Sun, 19 Oct 2025 00:23:39 -0400 (EDT) Subject: |FAILURE| [GIT MASTER] 62f583c49bf67dd4d6733ece14e55fe6839e66d1 From: dpdklab@iol.unh.edu To: Test Report Cc: dpdk-test-reports@iol.unh.edu, Xueming Li , Christian Ehrhardt , Kevin Traynor , Luca Boccassi Content-Type: text/plain X-BeenThere: test-report@dpdk.org X-Mailman-Version: 2.1.29 Precedence: list List-Id: automatic DPDK test reports List-Unsubscribe: , List-Archive: List-Post: List-Help: List-Subscribe: , Errors-To: test-report-bounces@dpdk.org _Testing issues_ Branch: tags/v23.11 62f583c49bf67dd4d6733ece14e55fe6839e66d1 --> testing issues Upstream job id: Windows-Compile-DPDK-Native#31745 Test environment and result as below: +-------------------------------+--------------------+-------------------+------------------+-------------------+-------------------------+ | Environment | dpdk_meson_compile | dpdk_compile_spdk | dpdk_compile_ovs | dpdk_msvc_compile | dpdk_llvm_clang_compile | +===============================+====================+===================+==================+===================+=========================+ | CentOS Stream 9 | PEND | PEND | SKIPPED | SKIPPED | SKIPPED | +-------------------------------+--------------------+-------------------+------------------+-------------------+-------------------------+ | CentOS Stream 10 | PEND | SKIPPED | SKIPPED | SKIPPED | SKIPPED | +-------------------------------+--------------------+-------------------+------------------+-------------------+-------------------------+ | Fedora Linux 42 | PEND | PEND | PEND | SKIPPED | SKIPPED | +-------------------------------+--------------------+-------------------+------------------+-------------------+-------------------------+ | Debian GNU/Linux 12 | PEND | PEND | SKIPPED | SKIPPED | SKIPPED | +-------------------------------+--------------------+-------------------+------------------+-------------------+-------------------------+ | openSUSE Leap 15.6 | PEND | SKIPPED | SKIPPED | SKIPPED | SKIPPED | +-------------------------------+--------------------+-------------------+------------------+-------------------+-------------------------+ | Red Hat Enterprise Linux 8.10 | PEND | SKIPPED | SKIPPED | SKIPPED | SKIPPED | +-------------------------------+--------------------+-------------------+------------------+-------------------+-------------------------+ | Red Hat Enterprise Linux 9.5 | PEND | SKIPPED | SKIPPED | SKIPPED | SKIPPED | +-------------------------------+--------------------+-------------------+------------------+-------------------+-------------------------+ | Ubuntu 20.04 | PASS | SKIPPED | SKIPPED | SKIPPED | SKIPPED | +-------------------------------+--------------------+-------------------+------------------+-------------------+-------------------------+ | Ubuntu 22.04 | PEND | PEND | SKIPPED | SKIPPED | SKIPPED | +-------------------------------+--------------------+-------------------+------------------+-------------------+-------------------------+ | Ubuntu 24.04 | PEND | PEND | PEND | SKIPPED | SKIPPED | +-------------------------------+--------------------+-------------------+------------------+-------------------+-------------------------+ | Alpine Linux 3.22.0 | PEND | SKIPPED | SKIPPED | SKIPPED | SKIPPED | +-------------------------------+--------------------+-------------------+------------------+-------------------+-------------------------+ | FreeBSD 14.2 | PEND | SKIPPED | SKIPPED | SKIPPED | SKIPPED | +-------------------------------+--------------------+-------------------+------------------+-------------------+-------------------------+ | Windows Server 2022 | SKIPPED | SKIPPED | SKIPPED | PASS | FAIL | +-------------------------------+--------------------+-------------------+------------------+-------------------+-------------------------+ ==== 20 line log output for Windows Server 2022 (dpdk_llvm_clang_compile): ==== Compiler for C supports arguments -mavx512f: YES (cached) Compiler for C supports arguments -mavx512bw: YES (cached) Compiler for C supports arguments -mavx512dq: YES (cached) Compiler for C supports arguments -march=skylake-avx512: YES Message: drivers/common/idpf: Defining dependency "common_idpf" Message: drivers/bus/auxiliary: Defining dependency "bus_auxiliary" Compiler for C supports arguments -Wno-cast-qual: YES (cached) Compiler for C supports arguments -Wno-pointer-arith: YES (cached) Message: drivers/bus/pci: Defining dependency "bus_pci" Message: drivers/bus/vdev: Defining dependency "bus_vdev" Compiler for C supports arguments -std=c11: YES Compiler for C supports arguments -Wno-strict-prototypes: YES Compiler for C supports arguments -D_BSD_SOURCE: YES Compiler for C supports arguments -D_DEFAULT_SOURCE: YES Compiler for C supports arguments -D_XOPEN_SOURCE=600: YES Has header "mlx5devx.h" : YES drivers\common\mlx5\windows\meson.build:10:13: ERROR: C shared or static library 'mlx5devx' not found A full log can be found at C:\Users\builder\jenkins\workspace\Windows-Compile-DPDK-Native\dpdk\build\meson-logs\meson-log.txt ==== End log output ==== CentOS Stream 9 Kernel: 5.15 Compiler: gcc gcc (GCC) 11.5.0 20240719 (Red Hat 11.5.0-11) CentOS Stream 10 Kernel: 5.15 Compiler: gcc gcc (GCC) 14.2.1 20250110 (Red Hat 14.2.1-8) Fedora Linux 42 Kernel: 5.15 Compiler: clang gcc (GCC) 15.2.1 20250808 (Red Hat 15.2.1-1) Debian GNU/Linux 12 Kernel: 5.15 Compiler: gcc gcc (Debian 12.2.0-14+deb12u1) 12.2.0 openSUSE Leap 15.6 Kernel: 5.15 Compiler: gcc gcc (SUSE Linux) 7.5.0 Red Hat Enterprise Linux 8.10 Kernel: 5.15 Compiler: gcc gcc (GCC) 8.5.0 20210514 (Red Hat 8.5.0-22) Red Hat Enterprise Linux 9.5 Kernel: 5.15 Compiler: gcc gcc (GCC) 11.5.0 20240719 (Red Hat 11.5.0-2) Ubuntu 20.04 Kernel: 5.15 Compiler: gcc gcc (Ubuntu 9.4.0-1ubuntu1~20.04.2) 9.4.0 Ubuntu 22.04 Kernel: 5.15 Compiler: gcc gcc (Ubuntu 11.4.0-1ubuntu1~22.04) 11.4.0 Ubuntu 24.04 Kernel: 5.15 Compiler: gcc gcc (Ubuntu 13.3.0-6ubuntu2~24.04) 13.3.0 Alpine Linux 3.22.0 Kernel: 5.15 Compiler: gcc gcc (Alpine 14.2.0) 14.2.0 FreeBSD 14.2 Kernel: 14.2-RELEASE Compiler: clang 18.1.6 Windows Server 2022 Kernel: 10.0.20348.2031 Compiler: clang 15.0.7, gcc 14.1.0 (MinGW), and MSVC VS 19.39.33521 To view detailed results, visit: https://lab.dpdk.org/results/dashboard/tarballs/35269/ UNH-IOL DPDK Community Lab To manage your email subscriptions, visit: https://lab.dpdk.org/results/dashboard/preferences/subscriptions/