From mboxrd@z Thu Jan 1 00:00:00 1970 Return-Path: Received: from mails.dpdk.org (mails.dpdk.org [217.70.189.124]) by inbox.dpdk.org (Postfix) with ESMTP id 0F39E48977 for ; Sun, 19 Oct 2025 09:19:20 +0200 (CEST) Received: from mails.dpdk.org (localhost [127.0.0.1]) by mails.dpdk.org (Postfix) with ESMTP id 0A9CF4013F; Sun, 19 Oct 2025 09:19:20 +0200 (CEST) Received: from mail-qv1-f98.google.com (mail-qv1-f98.google.com [209.85.219.98]) by mails.dpdk.org (Postfix) with ESMTP id 25C564013F for ; Sun, 19 Oct 2025 09:19:19 +0200 (CEST) Received: by mail-qv1-f98.google.com with SMTP id 6a1803df08f44-87c1f3f4373so66052116d6.2 for ; Sun, 19 Oct 2025 00:19:19 -0700 (PDT) DKIM-Signature: v=1; a=rsa-sha256; c=relaxed/relaxed; d=iol.unh.edu; s=unh-iol; t=1760858358; x=1761463158; darn=dpdk.org; h=cc:to:from:subject:message-id:date:from:to:cc:subject:date :message-id:reply-to; bh=jzaXICN/+691o69LORkOmo9BAOqjAlcSSM8q+RDbLig=; b=F4XCqtHZoZptMjgmenhslSohqj1sgcEh+CYpgTL35wXhoc+aZybmVDrnSuW4tVCZAn z7s69YhhnRBwcfKgCvSl3ajB4fNkXxYfZxZgz9wt6D0csMpcUUuQ4MLWyFADNJlmjkmo fbk9/p2cNoacWsTohMMM8ty4GNhXm02a3GmCk= X-Google-DKIM-Signature: v=1; a=rsa-sha256; c=relaxed/relaxed; d=1e100.net; s=20230601; t=1760858358; x=1761463158; h=cc:to:from:subject:message-id:date:x-gm-message-state:from:to:cc :subject:date:message-id:reply-to; bh=jzaXICN/+691o69LORkOmo9BAOqjAlcSSM8q+RDbLig=; b=b2hN8aViIQWp4Rm9gYvCmuZU+FPG0Ch1j8agWF2aERFhUwba0REt86WocfbqJFbUqs E+3ZSE9KnZtNoWH4RCle0NZdztmFUaAYiP6LBVw6q4KREstmJym+yhd7Rkb24n1L9yD2 FbwUqNAz6Oj1dk0mswwN2jM+xdUxmSNPNlVjzke77/epPNcdQuu9SUH9UJsLOBND6/q7 2WvT+/gfkyM2HZ4qrmnQYenD9CayFtcr2oI1HQCb7CS+npIUFPJzHmsKLlvjfB9uKNFp fBNhzXgyLZ3sXKZqG55WDHzgOJsOKg0Ma1xcxZVUftyilxcYHzA7+vogHqmX3EU0SV5E UlvA== X-Gm-Message-State: AOJu0YzoZWIqfp3csNhFiOvEjgD1gh1kdE1F8fSdhtJb5dWXnIyp5QJY bUWOZECJo0xC8sEOXkT7q1TvtZVLIn+AY9G0759aACpG1u5fORoc8X+b361KfzQ0JqIWjIlVBqV 1YXt/Nlt9GSbc3PdL/h4Ezfm0+SBFhnmNFBN/w5vhFtaP4ZEt3rOr X-Gm-Gg: ASbGncs+AjpImnU8NqqIpzAqI4gkwLxfelAouluwU28zuM9vci7RYEnvVMiJ0kBfgSt yuf0m5Z9V3ZMJQOInfWLSXh7b1phW1N+EQXZnuIn++ihsQSovAlI9RfNA+CGN07nwRweyqfduHy CDsyPTPa/87Rx+lpw6chviGulwf+I5OSunP7t/Zofs0vjtrXmXUv5ZZrsriYOukjbFUjmBp+VlS lAIw+6uoR0t616jxg7iuX8kV9ZH0lNFAd/Jo2og8Wfu02bxnHkwkzWRgCpvBL5+BEyFmdFltiUJ j1U3ujBIV0R5rdqOEIjayFpa4Z5T99hsTsVO+5MlRtMQYz3zUj8IojG95DuQxe5mKt8RTizLs9l lQSRjzLbz X-Google-Smtp-Source: AGHT+IHmOxOn3Uzk9F2O/tBLYkrMNHKrNmJiyQL43uVT2v/60wCaSuym05T40XP8b811a7XOSAqnPVi4JJRX X-Received: by 2002:ad4:5d6f:0:b0:87c:2c0d:309e with SMTP id 6a1803df08f44-87c2c0d3796mr67462696d6.37.1760858358546; Sun, 19 Oct 2025 00:19:18 -0700 (PDT) Received: from postal.iol.unh.edu (postal.iol.unh.edu. [2606:4100:3880:1234::84]) by smtp-relay.gmail.com with ESMTPS id 6a1803df08f44-87cf5200399sm6250816d6.16.2025.10.19.00.19.18 (version=TLS1_2 cipher=ECDHE-ECDSA-AES128-GCM-SHA256 bits=128/128); Sun, 19 Oct 2025 00:19:18 -0700 (PDT) X-Relaying-Domain: iol.unh.edu Date: Sun, 19 Oct 2025 00:19:18 -0700 (PDT) Message-ID: <68f490f6.050a0220.ae1bc.2917SMTPIN_ADDED_MISSING@mx.google.com> Received: from [172.21.0.2] (unknown [172.18.0.240]) by postal.iol.unh.edu (Postfix) with ESMTP id 4D64B6051830; Sun, 19 Oct 2025 03:19:18 -0400 (EDT) Subject: |FAILURE| [GIT MASTER] 3b43ce3f4a54468e7ef65760c2fd7b4d6ee6d9fc From: dpdklab@iol.unh.edu To: Test Report Cc: dpdk-test-reports@iol.unh.edu, Xueming Li , Christian Ehrhardt , Kevin Traynor , Luca Boccassi Content-Type: text/plain X-BeenThere: test-report@dpdk.org X-Mailman-Version: 2.1.29 Precedence: list List-Id: automatic DPDK test reports List-Unsubscribe: , List-Archive: List-Post: List-Help: List-Subscribe: , Errors-To: test-report-bounces@dpdk.org _Testing issues_ Branch: tags/v22.11 3b43ce3f4a54468e7ef65760c2fd7b4d6ee6d9fc --> testing issues Upstream job id: Generic-Unit-Test-DPDK#383151 Test environment and result as below: +-----------------+--------------+------------------------------+---------------------------+----------------+ | Environment | lpm_autotest | cryptodev_sw_snow3g_autotest | cryptodev_sw_zuc_autotest | dpdk_unit_test | +=================+==============+==============================+===========================+================+ | Ubuntu 20.04 | FAIL | SKIPPED | SKIPPED | SKIPPED | +-----------------+--------------+------------------------------+---------------------------+----------------+ | Debian 12 (arm) | SKIPPED | PASS | PASS | SKIPPED | +-----------------+--------------+------------------------------+---------------------------+----------------+ | Ubuntu 22.04 | SKIPPED | SKIPPED | SKIPPED | PASS | +-----------------+--------------+------------------------------+---------------------------+----------------+ ==== 20 line log output for Ubuntu 20.04 (lpm_autotest): ==== [671/690] Compiling C object 'app/test/3062f5d@@dpdk-test@exe/test_tailq.c.o'. [672/690] Compiling C object 'app/test/3062f5d@@dpdk-test@exe/test_threads.c.o'. [673/690] Compiling C object 'app/test/3062f5d@@dpdk-test@exe/test_timer.c.o'. [674/690] Compiling C object 'app/test/3062f5d@@dpdk-test@exe/test_thash.c.o'. [675/690] Compiling C object 'app/test/3062f5d@@dpdk-test@exe/test_timer_perf.c.o'. [676/690] Compiling C object 'app/test/3062f5d@@dpdk-test@exe/test_thash_perf.c.o'. [677/690] Compiling C object 'app/test/3062f5d@@dpdk-test@exe/test_timer_racecond.c.o'. [678/690] Compiling C object 'app/test/3062f5d@@dpdk-test@exe/test_trace_register.c.o'. [679/690] Compiling C object 'app/test/3062f5d@@dpdk-test@exe/test_timer_secondary.c.o'. [680/690] Compiling C object 'app/test/3062f5d@@dpdk-test@exe/test_trace.c.o'. [681/690] Compiling C object 'app/test/3062f5d@@dpdk-test@exe/test_ticketlock.c.o'. [682/690] Compiling C object 'app/test/3062f5d@@dpdk-test@exe/test_version.c.o'. [683/690] Compiling C object 'app/test/3062f5d@@dpdk-test@exe/test_telemetry_json.c.o'. [684/690] Compiling C object 'app/test/3062f5d@@dpdk-test@exe/test_telemetry_data.c.o'. [685/690] Compiling C object 'app/test/3062f5d@@dpdk-test@exe/test_pcapng.c.o'. [686/690] Compiling C object 'app/test/3062f5d@@dpdk-test@exe/virtual_pmd.c.o'. [687/690] Compiling C object 'app/test/3062f5d@@dpdk-test@exe/test_bpf.c.o'. [688/690] Compiling C object 'app/test/3062f5d@@dpdk-test@exe/test_compressdev.c.o'. [689/690] Compiling C object 'app/test/3062f5d@@dpdk-test@exe/test_trace_perf.c.o'. [690/690] Linking target app/test/dpdk-test. ==== End log output ==== Ubuntu 20.04 Kernel: 5.4 Compiler: gcc gcc (Ubuntu 9.4.0-1ubuntu1~20.04.2) 9.4.0 Debian 12 (arm) Kernel: Depends on container host Compiler: gcc (Debian 12.2.0-14) 12.2.0 Ubuntu 22.04 Kernel: 5.15 Compiler: gcc gcc (Ubuntu 11.4.0-1ubuntu1~22.04.2) 11.4.0 To view detailed results, visit: https://lab.dpdk.org/results/dashboard/tarballs/35268/ UNH-IOL DPDK Community Lab To manage your email subscriptions, visit: https://lab.dpdk.org/results/dashboard/preferences/subscriptions/