From mboxrd@z Thu Jan 1 00:00:00 1970 Return-Path: Received: from mails.dpdk.org (mails.dpdk.org [217.70.189.124]) by inbox.dpdk.org (Postfix) with ESMTP id 3DE184897B for ; Sun, 19 Oct 2025 10:33:11 +0200 (CEST) Received: from mails.dpdk.org (localhost [127.0.0.1]) by mails.dpdk.org (Postfix) with ESMTP id 3A50F4013F; Sun, 19 Oct 2025 10:33:11 +0200 (CEST) Received: from mail-yx1-f98.google.com (mail-yx1-f98.google.com [74.125.224.98]) by mails.dpdk.org (Postfix) with ESMTP id 532A54013F for ; Sun, 19 Oct 2025 10:33:10 +0200 (CEST) Received: by mail-yx1-f98.google.com with SMTP id 956f58d0204a3-63e1591183bso2480729d50.0 for ; Sun, 19 Oct 2025 01:33:10 -0700 (PDT) DKIM-Signature: v=1; a=rsa-sha256; c=relaxed/relaxed; d=iol.unh.edu; s=unh-iol; t=1760862789; x=1761467589; darn=dpdk.org; h=cc:to:from:subject:message-id:date:from:to:cc:subject:date :message-id:reply-to; bh=Cfq6OmxGO6dCg0ZIPvwesMRbS99sEJbILhm43CoGThU=; b=M7Xi4N7DLPuXGGBAAfCOke4XvME5nRxSZ0DoaoV+1+NAADSbvx8XqvuQK1Uf9Fcjkp Gkq+tL/ZCjAPRjvvBY6akOQIeb1aBNCciuUovDHD4siT0IBPvbObShGbcTGLhg5qX8s8 EaUYxFWJWBFa9x3e/RLutAf6Cm1QTx7Ljc8fE= X-Google-DKIM-Signature: v=1; a=rsa-sha256; c=relaxed/relaxed; d=1e100.net; s=20230601; t=1760862789; x=1761467589; h=cc:to:from:subject:message-id:date:x-gm-message-state:from:to:cc :subject:date:message-id:reply-to; bh=Cfq6OmxGO6dCg0ZIPvwesMRbS99sEJbILhm43CoGThU=; b=ZiSTK+mRkhOZ1+TDt8PDgYLlDs3NIef1vStSCpFlIgO+wOKIPaYZM2hUdzVmLTS2+u dTRc8J0sdluUoUEmDeYKiawlsqFuqtrLNLQa5n1RgGv+2Cfdb8RdggLO8NL3YsXH+v83 umfLcUtO+qLrXacF5dVRSgNavRFBjo6DtuaqWOFfLN3oK0O1MHSDoKEIhBLog280Wplp M+TqLwR/ZtOKiv90AHHczQz3hNOJymvTofp7LUa8WKNYtI3ri6QHvSM6r1UG4xODT6Ot VBwf1tmhKnhacDKtaarGC6463UxWjMQKiXzvAWpAC1tTlCzjReOLzrCe0yIbIGHtkaXa Yy9A== X-Gm-Message-State: AOJu0YyJd9q6dEahKu6eHAXaTaU4RCHoGJVEWgK8V6By8g/yfylC2orq U1zr3Vy5CLv2p9Pmj0QR/3KfEcfgp7AMgjw3DKV3kuMy2f1ZIzu9Ipssb2OEKTkOse/8RSmgWSB N5jf2wFAs0O8oCSPMv3DVDNyQMIGXUK1d/4VaKTq654+ZrZeO4MoX X-Gm-Gg: ASbGncsb5zsqB1LerFi7Qx4tt+CRrLFTTZ09NL9WQQ2QIIz8g9GOnspomh3IG0ytbme +tJNX/zN88bd39ncZxNT7KYiZs/K1n02XPXHBPUGCLFke56c5Dq75B8BplMVmhVWba6Is0ZrJX9 US6wqoCCqJsHt1l8lZ57ORQH4gWstcRWns2KRMVEzrnB6uxI90s1S+3iDMy3gGMMQ3bieKK6SSx FHfjC+u9mQk2y5aiepuK2LnvtDfqSSWBg/5BzEHWXPc2mFE+xSjTnHMfAHfNnsRw1vUDEiihCxh aeCt7fu14NcVKWuMeJvF8Gkpc6kxV9uJrW9yqlgVhHd3UPZo6EYM85GoYk2F2JzFLtorfYPpi2Q IWxT2RXcX X-Google-Smtp-Source: AGHT+IHmbRVUnovy++4+8QTTOpaG2yTEEUFQbiX9LR9eFOccz1sCZ+E69ro6OHsUWPx63CumWr/sYDDyd4xK X-Received: by 2002:a53:accc:0:10b0:63d:215c:e29f with SMTP id 956f58d0204a3-63e16199e6emr7231056d50.23.1760862789543; Sun, 19 Oct 2025 01:33:09 -0700 (PDT) Received: from postal.iol.unh.edu (postal.iol.unh.edu. [2606:4100:3880:1234::84]) by smtp-relay.gmail.com with ESMTPS id 00721157ae682-78463762cb2sm4449887b3.1.2025.10.19.01.33.09 (version=TLS1_2 cipher=ECDHE-ECDSA-AES128-GCM-SHA256 bits=128/128); Sun, 19 Oct 2025 01:33:09 -0700 (PDT) X-Relaying-Domain: iol.unh.edu Date: Sun, 19 Oct 2025 01:33:09 -0700 (PDT) Message-ID: <68f4a245.050a0220.2576d.dfe0SMTPIN_ADDED_MISSING@mx.google.com> Received: from [172.21.0.2] (unknown [172.18.0.240]) by postal.iol.unh.edu (Postfix) with ESMTP id 3C1A26051830; Sun, 19 Oct 2025 04:33:09 -0400 (EDT) Subject: |FAILURE| [GIT MASTER] 62f583c49bf67dd4d6733ece14e55fe6839e66d1 From: dpdklab@iol.unh.edu To: Test Report Cc: dpdk-test-reports@iol.unh.edu, Xueming Li , Christian Ehrhardt , Kevin Traynor , Luca Boccassi Content-Type: text/plain X-BeenThere: test-report@dpdk.org X-Mailman-Version: 2.1.29 Precedence: list List-Id: automatic DPDK test reports List-Unsubscribe: , List-Archive: List-Post: List-Help: List-Subscribe: , Errors-To: test-report-bounces@dpdk.org _Testing issues_ Branch: tags/v23.11 62f583c49bf67dd4d6733ece14e55fe6839e66d1 --> testing issues Upstream job id: Generic-Unit-Test-DPDK#383221 Test environment and result as below: +-------------------------------+----------------+ | Environment | dpdk_unit_test | +===============================+================+ | Debian GNU/Linux 12 | PASS | +-------------------------------+----------------+ | CentOS Stream 9 | PASS | +-------------------------------+----------------+ | CentOS Stream 10 | PASS | +-------------------------------+----------------+ | Fedora Linux 40 | PASS | +-------------------------------+----------------+ | Fedora Linux 42 | WARN | +-------------------------------+----------------+ | Fedora Linux 41 | PASS | +-------------------------------+----------------+ | Ubuntu 22.04 | PASS | +-------------------------------+----------------+ | Red Hat Enterprise Linux 8.10 | PASS | +-------------------------------+----------------+ | Red Hat Enterprise Linux 9.5 | PASS | +-------------------------------+----------------+ | Ubuntu 20.04 | PASS | +-------------------------------+----------------+ | Ubuntu 24.04 | PASS | +-------------------------------+----------------+ | Windows Server 2022 | FAIL | +-------------------------------+----------------+ ==== Unit test summary for Windows Server 2022 (dpdk_unit_test): ==== Failed to get the unit test results. Displaying the unit test results is not supported for some environments, such as our aarch32 testing, where meson is not used to run the tests. Download the logs available on our CI site. ==== End log output ==== Debian GNU/Linux 12 Kernel: 5.15 Compiler: gcc gcc (Debian 12.2.0-14+deb12u1) 12.2.0 CentOS Stream 9 Kernel: 5.15 Compiler: gcc gcc (GCC) 11.5.0 20240719 (Red Hat 11.5.0-11) CentOS Stream 10 Kernel: 5.15 Compiler: gcc gcc (GCC) 14.2.1 20250110 (Red Hat 14.2.1-8) Fedora Linux 40 Kernel: 5.15 Compiler: clang gcc (GCC) 14.2.1 20240912 (Red Hat 14.2.1-3) Fedora Linux 42 Kernel: 5.15 Compiler: clang gcc (GCC) 15.2.1 20250808 (Red Hat 15.2.1-1) Fedora Linux 41 Kernel: 5.15 Compiler: gcc gcc (GCC) 14.3.1 20250523 (Red Hat 14.3.1-1) Ubuntu 22.04 Kernel: 5.15 Compiler: gcc gcc (Ubuntu 11.4.0-1ubuntu1~22.04) 11.4.0 Red Hat Enterprise Linux 8.10 Kernel: 5.15 Compiler: gcc gcc (GCC) 8.5.0 20210514 (Red Hat 8.5.0-22) Red Hat Enterprise Linux 9.5 Kernel: 5.15 Compiler: gcc gcc (GCC) 11.5.0 20240719 (Red Hat 11.5.0-2) Ubuntu 20.04 Kernel: 5.15 Compiler: gcc gcc (Ubuntu 9.4.0-1ubuntu1~20.04.2) 9.4.0 Ubuntu 24.04 Kernel: 5.15 Compiler: gcc gcc (Ubuntu 13.3.0-6ubuntu2~24.04) 13.3.0 Windows Server 2022 Kernel: 10.0.20348.2031 Compiler: clang 15.0.7, gcc 14.1.0 (MinGW), and MSVC VS 19.39.33521 To view detailed results, visit: https://lab.dpdk.org/results/dashboard/tarballs/35269/ UNH-IOL DPDK Community Lab To manage your email subscriptions, visit: https://lab.dpdk.org/results/dashboard/preferences/subscriptions/