From mboxrd@z Thu Jan 1 00:00:00 1970 Return-Path: Received: from mails.dpdk.org (mails.dpdk.org [217.70.189.124]) by inbox.dpdk.org (Postfix) with ESMTP id B50B74897B for ; Sun, 19 Oct 2025 10:44:06 +0200 (CEST) Received: from mails.dpdk.org (localhost [127.0.0.1]) by mails.dpdk.org (Postfix) with ESMTP id 9A3C74013F; Sun, 19 Oct 2025 10:44:06 +0200 (CEST) Received: from mail-qk1-f226.google.com (mail-qk1-f226.google.com [209.85.222.226]) by mails.dpdk.org (Postfix) with ESMTP id C71834013F for ; Sun, 19 Oct 2025 10:44:04 +0200 (CEST) Received: by mail-qk1-f226.google.com with SMTP id af79cd13be357-88f8e855b4eso298259885a.3 for ; Sun, 19 Oct 2025 01:44:04 -0700 (PDT) DKIM-Signature: v=1; a=rsa-sha256; c=relaxed/relaxed; d=iol.unh.edu; s=unh-iol; t=1760863444; x=1761468244; darn=dpdk.org; h=cc:to:from:subject:message-id:date:from:to:cc:subject:date :message-id:reply-to; bh=AtRD2eA8mJBg+YmslQKY/8DKLYdDON1KMEbPeH5kuAI=; b=R7zkSqKbRSvc9w/+mZUBEDH1ul8daGHwZrH8W9RXFPjoyYGUr6KlO1IcDccYeK1AYw Sa/imIzohBKzGOB0PftMUn72fKz6yWpS3hrRAZhbFNdg4S0XNppf9KUN0j73gWjnUD8s 3rV+spKnXHJ/iqqjTtaM2jRYEMjhjnZsHPVBE= X-Google-DKIM-Signature: v=1; a=rsa-sha256; c=relaxed/relaxed; d=1e100.net; s=20230601; t=1760863444; x=1761468244; h=cc:to:from:subject:message-id:date:x-gm-message-state:from:to:cc :subject:date:message-id:reply-to; bh=AtRD2eA8mJBg+YmslQKY/8DKLYdDON1KMEbPeH5kuAI=; b=o0vLo2r9LfqllYy462iIprDjLjD3cdGe8cSypJF/wPz2CansDmudvud2vvReBWEu6f jrbnhck/ls2vvJrMfWhhRpzmP7osagfz2iI6G6HoPrefnJ3ngRQYUzitGwWP0vLSxiNR dINst/MU+thzF9JQ8V9ojyKQafyuxetDtZkfDIWjGHMXeaUXTTZl9mCq9S6INpFNZPBW vWL3Sr+jsoRrLKIRQyJQZHX9U1ZXpB6M1ZiKYEC74qDLK1JEyctIRkVeQhIVves5ztJr 8cRRSLMDoevc/tRcvlvhYqN2mlRwAnv0FbaYJQG5+0x4VZaen1kTwge65gYK4qrL6lbJ rS0Q== X-Gm-Message-State: AOJu0Yy8VFM8D9W+/GmBF0GFWAL5phkFVI31sZu+wrubS6W4as6SPk0C jFyQiIl5C9/aKuoQH0hNxoks1TenpZZN29BM9K29PHiTSM+N0JOikk91mPXGCAqJR6g1LLd9HLb QbPmuD4dGYZcUkPzd24+4MTJ8lWRnQYCYHOyuLZWt+I1BxyPxfUTf X-Gm-Gg: ASbGncs3xrAR25W9SPzBSZucwR07XVsEvqhoy7Yz+fHUJBB3r0hZi/pVXVA4KprmiyW X7U21IVUY0VwrgqpIdBp4+/dHY+F6knk4Fkrysw9+3BnMcU32fmSUVrj8jie9bUE4cGr9iYtbFp QVH5lLmp4c0/aAEAjh+zDUROqcLH8V2MsrTO4Rauo5BCH9RJXDObYNZoqjU8OFbGQH6ePGp85wm cYK7aQqm/vjQECXq80OcNnrlvp89jwXKJYLwqJzVdoahciLLh/cxiMpnvwhyEa3JmLIjwh2c6iC APs0azS4va83IpxHnt6omFeSX0dLlWewxY7OvNA88udHCSrHfreALmwLHWnRDuP1t/DT8d2lRCN wY/855S79 X-Google-Smtp-Source: AGHT+IExNtal3+Sc+AjdKvBKkYIZwL5g2QLRb5EAdGKIGfFv/Ig5ig0O21y0/LgpUCnebAvmqxmX4V/HPvLh X-Received: by 2002:a05:622a:1983:b0:4e8:b56a:992e with SMTP id d75a77b69052e-4e8b56a9bf1mr33458401cf.59.1760863444073; Sun, 19 Oct 2025 01:44:04 -0700 (PDT) Received: from postal.iol.unh.edu (postal.iol.unh.edu. [2606:4100:3880:1234::84]) by smtp-relay.gmail.com with ESMTPS id 6a1803df08f44-87cf547d482sm6652196d6.21.2025.10.19.01.44.04 (version=TLS1_2 cipher=ECDHE-ECDSA-AES128-GCM-SHA256 bits=128/128); Sun, 19 Oct 2025 01:44:04 -0700 (PDT) X-Relaying-Domain: iol.unh.edu Date: Sun, 19 Oct 2025 01:44:04 -0700 (PDT) Message-ID: <68f4a4d4.050a0220.3b3e2f.3a62SMTPIN_ADDED_MISSING@mx.google.com> Received: from [172.21.0.2] (unknown [172.18.0.240]) by postal.iol.unh.edu (Postfix) with ESMTP id C61BC6051830; Sun, 19 Oct 2025 04:44:03 -0400 (EDT) Subject: |FAILURE| [GIT MASTER] 62f583c49bf67dd4d6733ece14e55fe6839e66d1 From: dpdklab@iol.unh.edu To: Test Report Cc: dpdk-test-reports@iol.unh.edu, Xueming Li , Christian Ehrhardt , Kevin Traynor , Luca Boccassi Content-Type: text/plain X-BeenThere: test-report@dpdk.org X-Mailman-Version: 2.1.29 Precedence: list List-Id: automatic DPDK test reports List-Unsubscribe: , List-Archive: List-Post: List-Help: List-Subscribe: , Errors-To: test-report-bounces@dpdk.org _Testing issues_ Branch: tags/v23.11 62f583c49bf67dd4d6733ece14e55fe6839e66d1 --> testing issues Upstream job id: Generic-DPDK-Compile-Meson#435897 Test environment and result as below: +------------------------------+--------------------+ | Environment | dpdk_meson_compile | +==============================+====================+ | Red Hat Enterprise Linux 9.5 | PASS | +------------------------------+--------------------+ | Ubuntu 20.04 | PASS | +------------------------------+--------------------+ | Debian GNU/Linux 12 | PASS | +------------------------------+--------------------+ | Fedora Linux 42 | PASS | +------------------------------+--------------------+ | Ubuntu 22.04 | PASS | +------------------------------+--------------------+ | Ubuntu 24.04 | PASS | +------------------------------+--------------------+ | CentOS Stream 9 | PASS | +------------------------------+--------------------+ | CentOS Stream 10 | PASS | +------------------------------+--------------------+ Red Hat Enterprise Linux 9.5 Kernel: 5.4 Compiler: gcc gcc (GCC) 11.5.0 20240719 (Red Hat 11.5.0-2) Ubuntu 20.04 Kernel: 5.15 Compiler: aarch64-linux-gnu-gcc gcc (Ubuntu 9.4.0-1ubuntu1~20.04.2) 9.4.0 Debian GNU/Linux 12 Kernel: 5.4 Compiler: gcc gcc (Debian 12.2.0-14+deb12u1) 12.2.0 Fedora Linux 42 Kernel: 5.4 Compiler: gcc gcc (GCC) 15.2.1 20250808 (Red Hat 15.2.1-1) Ubuntu 22.04 Kernel: 5.4 Compiler: gcc gcc (Ubuntu 11.4.0-1ubuntu1~22.04) 11.4.0 Ubuntu 24.04 Kernel: 5.4 Compiler: gcc gcc (Ubuntu 13.3.0-6ubuntu2~24.04) 13.3.0 CentOS Stream 9 Kernel: 5.4 Compiler: gcc gcc (GCC) 11.5.0 20240719 (Red Hat 11.5.0-11) CentOS Stream 10 Kernel: 5.4 Compiler: gcc gcc (GCC) 14.2.1 20250110 (Red Hat 14.2.1-8) To view detailed results, visit: https://lab.dpdk.org/results/dashboard/tarballs/35269/ UNH-IOL DPDK Community Lab To manage your email subscriptions, visit: https://lab.dpdk.org/results/dashboard/preferences/subscriptions/