From mboxrd@z Thu Jan 1 00:00:00 1970 Return-Path: Received: from mails.dpdk.org (mails.dpdk.org [217.70.189.124]) by inbox.dpdk.org (Postfix) with ESMTP id B62AB4897C for ; Sun, 19 Oct 2025 13:56:15 +0200 (CEST) Received: from mails.dpdk.org (localhost [127.0.0.1]) by mails.dpdk.org (Postfix) with ESMTP id 9551B4013F; Sun, 19 Oct 2025 13:56:15 +0200 (CEST) Received: from mail-pg1-f227.google.com (mail-pg1-f227.google.com [209.85.215.227]) by mails.dpdk.org (Postfix) with ESMTP id 321644013F for ; Sun, 19 Oct 2025 13:56:14 +0200 (CEST) Received: by mail-pg1-f227.google.com with SMTP id 41be03b00d2f7-b5515eaefceso2844783a12.2 for ; Sun, 19 Oct 2025 04:56:14 -0700 (PDT) DKIM-Signature: v=1; a=rsa-sha256; c=relaxed/relaxed; d=iol.unh.edu; s=unh-iol; t=1760874973; x=1761479773; darn=dpdk.org; h=cc:to:from:subject:message-id:date:from:to:cc:subject:date :message-id:reply-to; bh=RXq6oVl72Pj1PhcF2MxCSdDnNlClEEVX1CPNEkQXkTc=; b=SCIqT4nMj6UaThFUY8/g4eodhGY+/izqKaMjy4uAjbjQOb8nIRivu71b9f/M9SyTxp r+lSr8fktSG/yp3wVbULmVZkALBk3T+qPGD3BSB0q55eTxu0g/QI00Pzj0prh3Ky5PMD FJ3Ksf3mPgA6kiLoEymCbli517I2N76VI2a6Q= X-Google-DKIM-Signature: v=1; a=rsa-sha256; c=relaxed/relaxed; d=1e100.net; s=20230601; t=1760874973; x=1761479773; h=cc:to:from:subject:message-id:date:x-gm-message-state:from:to:cc :subject:date:message-id:reply-to; bh=RXq6oVl72Pj1PhcF2MxCSdDnNlClEEVX1CPNEkQXkTc=; b=SH4enhlwMtOosz5oXi6qFxwdJWtB8aA6BtJdKvp9cZzarCFpeSTJdz9IAwui21epj+ 9qJqDInd0yvJIhNNiTdLY+cyDjD1pZcXrW4n/TLaX4NM6tL8AVbZ3cehmelCc9xmpr84 fjTbMoqwacaVGLn+hU3JnfSpht8g3zpkPkC/1jh2aR96ydbdP+cc0BxNJJG8eq2S/xBp WXb49DjTWKyzBMpFocliRv98ChdvFtXouzid7e10wyrAo9gicB8ObzHyi6NBcDAAYw0A kyxVfIUnpQ7iWOGRvAVeM7OiRz/aDWkbJo8j75IR/3SZ0O8+dyUqtTbzYeZeJjI4AFoT /8lQ== X-Gm-Message-State: AOJu0Yzt14WEw0/nvSuVM8P+nRXQxX/zh+dampyLj8vhp2V+ve+oNsgV noAmYyh2RC0ZHSNFsYPGBRn35NDBV8JSB/hh3iAxZjWU7ULIDZWBWdlc3qbYcCDXt17n8F2T5WK 8OJeFtYtXHFfRsAl8QXbvQSaCSqs5MPESUdfe X-Gm-Gg: ASbGnctybgq7lsdGXyZUvAafP2jWMh/yJhMgZyNfGDCmprMeHOQpvexBKvXFAt9WSpE 0UaLRcocuSqjiNE8dxokZcpTJebCyRsH9odqrQjy5SQkKv0JEstF5g88Gk65qWgxjzTTaKI8Uu4 pvuxIa20DjpnRyU64zbnrqyAZbpVWWeUqFCOak2xbwhAsq+lAqPmqpa4tbh7A+ifHR2hR/R4CjP T3keWAgmMnMBtLFMbGsQAl78/UaH6T7+RUh+1ceU0klZ9d1yHY88svTyRZde7ZJcZTj5n4HW93V AdAVZUhHP23gmVTNnyhFJm4gOM9GLWqTI7A8eEIZI5ON6iZMcXef2OhbcPM62syoa0vA+fy8gI5 TKdgLdoT7IFGT68ncGgVy2BSvMW+YBN8= X-Google-Smtp-Source: AGHT+IHe50oI9/Tsfc4nNGs8dLgCg5KQQucYWPPLK91tYkWtoZ2++9H5Ra0ryEMH/QEztU2brh5JNliI0c+0 X-Received: by 2002:a17:902:e88e:b0:24c:9309:5883 with SMTP id d9443c01a7336-290cb94799fmr118915175ad.28.1760874973269; Sun, 19 Oct 2025 04:56:13 -0700 (PDT) Received: from postal.iol.unh.edu (postal.iol.unh.edu. [132.177.123.84]) by smtp-relay.gmail.com with ESMTPS id d9443c01a7336-29246fe9e92sm7076585ad.5.2025.10.19.04.56.13 (version=TLS1_2 cipher=ECDHE-ECDSA-AES128-GCM-SHA256 bits=128/128); Sun, 19 Oct 2025 04:56:13 -0700 (PDT) X-Relaying-Domain: iol.unh.edu Date: Sun, 19 Oct 2025 04:56:13 -0700 (PDT) Message-ID: <68f4d1dd.170a0220.37f711.44e1SMTPIN_ADDED_MISSING@mx.google.com> Received: from [172.21.0.2] (unknown [172.18.0.240]) by postal.iol.unh.edu (Postfix) with ESMTP id 1FE2260003F7; Sun, 19 Oct 2025 07:56:12 -0400 (EDT) Subject: |WARNING| [GIT MASTER] 62f583c49bf67dd4d6733ece14e55fe6839e66d1 From: dpdklab@iol.unh.edu To: Test Report Cc: dpdk-test-reports@iol.unh.edu, Xueming Li , Christian Ehrhardt , Kevin Traynor , Luca Boccassi Content-Type: text/plain X-BeenThere: test-report@dpdk.org X-Mailman-Version: 2.1.29 Precedence: list List-Id: automatic DPDK test reports List-Unsubscribe: , List-Archive: List-Post: List-Help: List-Subscribe: , Errors-To: test-report-bounces@dpdk.org _Testing issues_ Branch: tags/v23.11 62f583c49bf67dd4d6733ece14e55fe6839e66d1 --> testing issues Upstream job id: Generic-Unit-Test-DPDK#383220 Test environment and result as below: +------------------------------+------------------------------+---------------------------+--------------+----------------+ | Environment | cryptodev_sw_snow3g_autotest | cryptodev_sw_zuc_autotest | lpm_autotest | dpdk_unit_test | +==============================+==============================+===========================+==============+================+ | Debian 12 (arm) | PASS | PASS | SKIPPED | SKIPPED | +------------------------------+------------------------------+---------------------------+--------------+----------------+ | Ubuntu 20.04 | SKIPPED | SKIPPED | PASS | PASS | +------------------------------+------------------------------+---------------------------+--------------+----------------+ | Fedora Linux 41 | SKIPPED | SKIPPED | SKIPPED | PASS | +------------------------------+------------------------------+---------------------------+--------------+----------------+ | Fedora Linux 40 | SKIPPED | SKIPPED | SKIPPED | PASS | +------------------------------+------------------------------+---------------------------+--------------+----------------+ | Fedora Linux 42 | SKIPPED | SKIPPED | SKIPPED | WARN | +------------------------------+------------------------------+---------------------------+--------------+----------------+ | CentOS Stream 9 | SKIPPED | SKIPPED | SKIPPED | PASS | +------------------------------+------------------------------+---------------------------+--------------+----------------+ | CentOS Stream 10 | SKIPPED | SKIPPED | SKIPPED | PASS | +------------------------------+------------------------------+---------------------------+--------------+----------------+ | Ubuntu 24.04 | SKIPPED | SKIPPED | SKIPPED | PASS | +------------------------------+------------------------------+---------------------------+--------------+----------------+ | Debian GNU/Linux 12 | SKIPPED | SKIPPED | SKIPPED | PASS | +------------------------------+------------------------------+---------------------------+--------------+----------------+ | Red Hat Enterprise Linux 9.5 | SKIPPED | SKIPPED | SKIPPED | PASS | +------------------------------+------------------------------+---------------------------+--------------+----------------+ | Ubuntu 22.04 | SKIPPED | SKIPPED | SKIPPED | PASS | +------------------------------+------------------------------+---------------------------+--------------+----------------+ ==== 20 line log output for Fedora Linux 42 (dpdk_unit_test): ==== [617/3086] Compiling C object 'drivers/a715181@@tmp_rte_net_dpaa2@sta/net_dpaa2_dpaa2_flow.c.o'. FAILED: [code=1] drivers/a715181@@tmp_rte_net_dpaa2@sta/net_dpaa2_dpaa2_flow.c.o ccache cc -Idrivers/a715181@@tmp_rte_net_dpaa2@sta -Idrivers -I../drivers -Idrivers/net/dpaa2 -I../drivers/net/dpaa2 -I../drivers/net/dpaa2/base -I../drivers/net/dpaa2/mc -Ilib/ethdev -I../lib/ethdev -I. -I../ -Iconfig -I../config -Ilib/eal/include -I../lib/eal/include -Ilib/eal/linux/include -I../lib/eal/linux/include -Ilib/eal/arm/include -I../lib/eal/arm/include -Ilib/eal/common -I../lib/eal/common -Ilib/eal -I../lib/eal -Ilib/kvargs -I../lib/kvargs -Ilib/log -I../lib/log -Ilib/telemetry/../metrics -I../lib/telemetry/../metrics -Ilib/telemetry -I../lib/telemetry -Ilib/net -I../lib/net -Ilib/mbuf -I../lib/mbuf -Ilib/mempool -I../lib/mempool -Ilib/ring -I../lib/ring -Ilib/meter -I../lib/meter -Idrivers/bus/pci -I../drivers/bus/pci -I../drivers/bus/pci/linux -Ilib/pci -I../lib/pci -Idrivers/bus/vdev -I../drivers/bus/vdev -Idrivers/mempool/dpaa2 -I../drivers/mempool/dpaa2 -Idrivers/bus/fslmc -I../drivers/bus/fslmc -I../drivers/bus/fslmc/mc -I../drivers/bus/fslmc/qbman/include -I../dri vers/bus/fslmc/portal -Idrivers/common/dpaax -I../drivers/common/dpaax -I../drivers/common/dpaax/caamflib -Ilib/eventdev -I../lib/eventdev -Ilib/hash -I../lib/hash -Ilib/rcu -I../lib/rcu -Ilib/timer -I../lib/timer -Ilib/cryptodev -I../lib/cryptodev -Ilib/dmadev -I../lib/dmadev -fdiagnostics-color=always -pipe -D_FILE_OFFSET_BITS=64 -Wall -Winvalid-pch -Wextra -Werror -std=c11 -O3 -include rte_config.h -Wcast-qual -Wdeprecated -Wformat -Wformat-nonliteral -Wformat-security -Wmissing-declarations -Wmissing-prototypes -Wnested-externs -Wold-style-definition -Wpointer-arith -Wsign-compare -Wstrict-prototypes -Wundef -Wwrite-strings -Wno-address-of-packed-member -Wno-packed-not-aligned -Wno-missing-field-initializers -fzero-init-padding-bits=all -Wno-zero-length-bounds -D_GNU_SOURCE -fPIC -march=armv8.1-a+crc+crypto -mcpu=thunderx2t99 -DALLOW_EXPERIMENTAL_API -DALLOW_INTERNAL_API -Wno-format-truncation -DRTE_LOG_DEFAULT_LOGTYPE=pmd.net.dpaa2 -MD -MQ 'drivers/a715181@@tmp_rte_net_dpaa2@st a/net_dpaa2_dpaa2_flow.c.o' -MF 'drivers/a715181@@tmp_rte_net_dpaa2@sta/net_dpaa2_dpaa2_flow.c.o.d' -o 'drivers/a715181@@tmp_rte_net_dpaa2@sta/net_dpaa2_dpaa2_flow.c.o' -c ../drivers/net/dpaa2/dpaa2_flow.c ../drivers/net/dpaa2/dpaa2_flow.c:103:36: error: initializer-string for array of 'unsigned char' truncates NUL terminator but destination lacks 'nonstring' attribute (7 chars into 6 available) [-Werror=unterminated-string-initialization] 103 | .hdr.dst_addr.addr_bytes = "\xff\xff\xff\xff\xff\xff", | ^~~~~~~~~~~~~~~~~~~~~~~~~~ ../drivers/net/dpaa2/dpaa2_flow.c:104:36: error: initializer-string for array of 'unsigned char' truncates NUL terminator but destination lacks 'nonstring' attribute (7 chars into 6 available) [-Werror=unterminated-string-initialization] 104 | .hdr.src_addr.addr_bytes = "\xff\xff\xff\xff\xff\xff", | ^~~~~~~~~~~~~~~~~~~~~~~~~~ ../drivers/net/dpaa2/dpaa2_flow.c:121:25: error: initializer-string for array of 'unsigned char' truncates NUL terminator but destination lacks 'nonstring' attribute (17 chars into 16 available) [-Werror=unterminated-string-initialization] 121 | "\xff\xff\xff\xff\xff\xff\xff\xff" | ^~~~~~~~~~~~~~~~~~~~~~~~~~~~~~~~~~ ../drivers/net/dpaa2/dpaa2_flow.c:124:25: error: initializer-string for array of 'unsigned char' truncates NUL terminator but destination lacks 'nonstring' attribute (17 chars into 16 available) [-Werror=unterminated-string-initialization] 124 | "\xff\xff\xff\xff\xff\xff\xff\xff" | ^~~~~~~~~~~~~~~~~~~~~~~~~~~~~~~~~~ cc1: all warnings being treated as errors [618/3086] Compiling C object 'drivers/a715181@@tmp_rte_crypto_dpaa2_sec@sta/crypto_dpaa2_sec_dpaa2_sec_raw_dp.c.o'. [619/3086] Compiling C object 'drivers/a715181@@tmp_rte_crypto_dpaa_sec@sta/crypto_dpaa_sec_dpaa_sec.c.o'. [620/3086] Compiling C object 'drivers/a715181@@tmp_rte_crypto_dpaa2_sec@sta/crypto_dpaa2_sec_dpaa2_sec_dpseci.c.o'. ninja: build stopped: subcommand failed. ==== End log output ==== Debian 12 (arm) Kernel: Depends on container host Compiler: gcc (Debian 12.2.0-14) 12.2.0 Ubuntu 20.04 Kernel: 5.4 Compiler: gcc gcc (Ubuntu 9.4.0-1ubuntu1~20.04.2) 9.4.0 Fedora Linux 41 Kernel: 5.4 Compiler: gcc gcc (GCC) 14.3.1 20250523 (Red Hat 14.3.1-1) Fedora Linux 40 Kernel: 5.4 Compiler: clang gcc (GCC) 14.2.1 20240912 (Red Hat 14.2.1-3) Fedora Linux 42 Kernel: 5.4 Compiler: clang gcc (GCC) 15.2.1 20250808 (Red Hat 15.2.1-1) CentOS Stream 9 Kernel: 5.4 Compiler: gcc gcc (GCC) 11.5.0 20240719 (Red Hat 11.5.0-11) CentOS Stream 10 Kernel: 5.4 Compiler: gcc gcc (GCC) 14.2.1 20250110 (Red Hat 14.2.1-8) Ubuntu 24.04 Kernel: 5.4 Compiler: gcc gcc (Ubuntu 13.3.0-6ubuntu2~24.04) 13.3.0 Debian GNU/Linux 12 Kernel: 5.4 Compiler: gcc gcc (Debian 12.2.0-14+deb12u1) 12.2.0 Red Hat Enterprise Linux 9.5 Kernel: 5.4 Compiler: gcc gcc (GCC) 11.5.0 20240719 (Red Hat 11.5.0-2) Ubuntu 22.04 Kernel: 5.4 Compiler: gcc gcc (Ubuntu 11.4.0-1ubuntu1~22.04) 11.4.0 To view detailed results, visit: https://lab.dpdk.org/results/dashboard/tarballs/35269/ UNH-IOL DPDK Community Lab To manage your email subscriptions, visit: https://lab.dpdk.org/results/dashboard/preferences/subscriptions/