automatic DPDK test reports
 help / color / mirror / Atom feed
* |SUCCESS| pw157835-157836 [PATCH 2/2] bpf: remove dependency on vla
       [not found] <20251019170040.166372-3-stephen@networkplumber.org>
@ 2025-10-19 16:33 ` qemudev
  2025-10-19 16:38 ` qemudev
                   ` (24 subsequent siblings)
  25 siblings, 0 replies; 26+ messages in thread
From: qemudev @ 2025-10-19 16:33 UTC (permalink / raw)
  To: test-report

Test-Label: loongarch-compilation
Test-Status: SUCCESS
http://dpdk.org/patch/157836

_Compilation OK_

Submitter: Stephen Hemminger <stephen@networkplumber.org>
Date: Sun, 19 Oct 2025 09:59:46 -0700
DPDK git baseline: Repo:dpdk
  Branch: main
  CommitID: 97e2e198b96078a4732d468bf0a4e8ec45aa5717

157835-157836 --> meson & ninja build successfully

Test environment and result as below:

+---------------------+----------------+
|     Environment     | compilation    |
+---------------------+----------------+
| Loongnix-Server 8.3 | PASS           |
+---------------------+----------------+

Loongnix-Server 8.3
    Kernel: 4.19.190+
    Compiler: gcc 8.3


^ permalink raw reply	[flat|nested] 26+ messages in thread

* |SUCCESS| pw157835-157836 [PATCH 2/2] bpf: remove dependency on vla
       [not found] <20251019170040.166372-3-stephen@networkplumber.org>
  2025-10-19 16:33 ` |SUCCESS| pw157835-157836 [PATCH 2/2] bpf: remove dependency on vla qemudev
@ 2025-10-19 16:38 ` qemudev
  2025-10-19 17:01 ` |SUCCESS| pw157836 " checkpatch
                   ` (23 subsequent siblings)
  25 siblings, 0 replies; 26+ messages in thread
From: qemudev @ 2025-10-19 16:38 UTC (permalink / raw)
  To: test-report

Test-Label: loongarch-unit-testing
Test-Status: SUCCESS
http://dpdk.org/patch/157836

_Unit Testing PASS_

Submitter: Stephen Hemminger <stephen@networkplumber.org>
Date: Sun, 19 Oct 2025 09:59:46 -0700
DPDK git baseline: Repo:dpdk
  Branch: main
  CommitID: 97e2e198b96078a4732d468bf0a4e8ec45aa5717

157835-157836 --> testing pass

Test environment and result as below:

+---------------------+----------------+
|     Environment     | dpdk_unit_test |
+---------------------+----------------+
| Loongnix-Server 8.3 | PASS           |
+---------------------+----------------+

Loongnix-Server 8.3
    Kernel: 4.19.190+
    Compiler: gcc 8.3


Test result details:
  1/120 DPDK:fast-tests / acl_autotest                            OK              3.17s
  2/120 DPDK:fast-tests / alarm_autotest                          OK              1.40s
  3/120 DPDK:fast-tests / argparse_autotest                       OK              0.42s
  4/120 DPDK:fast-tests / atomic_autotest                         OK              7.24s
  5/120 DPDK:fast-tests / bitcount_autotest                       OK              0.43s
  6/120 DPDK:fast-tests / bitmap_autotest                         OK              0.54s
  7/120 DPDK:fast-tests / bitops_autotest                         OK              2.03s
  8/120 DPDK:fast-tests / bitratestats_autotest                   OK              0.54s
  9/120 DPDK:fast-tests / bitset_autotest                         OK              3.25s
 10/120 DPDK:fast-tests / bpf_autotest                            OK              0.54s
 11/120 DPDK:fast-tests / bpf_convert_autotest                    OK              0.54s
 12/120 DPDK:fast-tests / byteorder_autotest                      OK              0.54s
 13/120 DPDK:fast-tests / cfgfile_autotest                        OK              0.53s
 14/120 DPDK:fast-tests / cksum_autotest                          OK              0.53s
 15/120 DPDK:fast-tests / cmdline_autotest                        OK              0.53s
 16/120 DPDK:fast-tests / common_autotest                         OK              1.42s
 17/120 DPDK:fast-tests / compressdev_autotest                    SKIP            0.07s   exit status 77
 18/120 DPDK:fast-tests / cpuflags_autotest                       OK              0.48s
 19/120 DPDK:fast-tests / crc_autotest                            OK              0.50s
 20/120 DPDK:fast-tests / user_delay_us                           OK              0.48s
 21/120 DPDK:fast-tests / debug_autotest                          OK             22.41s
 22/120 DPDK:fast-tests / devargs_autotest                        OK              0.48s
 23/120 DPDK:fast-tests / dispatcher_autotest                     OK              2.48s
 24/120 DPDK:fast-tests / distributor_autotest                    OK              1.21s
 25/120 DPDK:fast-tests / eal_flags_c_opt_autotest                OK              0.78s
 26/120 DPDK:fast-tests / eal_flags_main_opt_autotest             OK              0.22s
 27/120 DPDK:fast-tests / eal_flags_n_opt_autotest                OK              0.20s
 28/120 DPDK:fast-tests / eal_flags_hpet_autotest                 OK              0.14s
 29/120 DPDK:fast-tests / eal_flags_no_huge_autotest              OK              0.19s
 30/120 DPDK:fast-tests / eal_flags_a_opt_autotest                OK              0.31s
 31/120 DPDK:fast-tests / eal_flags_b_opt_autotest                OK              0.25s
 32/120 DPDK:fast-tests / eal_flags_vdev_opt_autotest             OK              0.20s
 33/120 DPDK:fast-tests / eal_flags_r_opt_autotest                OK              0.19s
 34/120 DPDK:fast-tests / eal_flags_mem_autotest                  OK              0.58s
 35/120 DPDK:fast-tests / eal_flags_file_prefix_autotest          OK             22.32s
 36/120 DPDK:fast-tests / eal_flags_misc_autotest                 OK              1.03s
 37/120 DPDK:fast-tests / eal_fs_autotest                         OK              0.48s
 38/120 DPDK:fast-tests / errno_autotest                          OK              0.48s
 39/120 DPDK:fast-tests / ethdev_link_status                      OK              0.48s
 40/120 DPDK:fast-tests / event_eth_tx_adapter_autotest           OK              1.69s
 41/120 DPDK:fast-tests / event_ring_autotest                     OK              0.48s
 42/120 DPDK:fast-tests / eventdev_common_autotest                OK              0.48s
 43/120 DPDK:fast-tests / eventdev_selftest_sw                    OK              7.32s
 44/120 DPDK:fast-tests / fbarray_autotest                        OK              0.48s
 45/120 DPDK:fast-tests / fib_autotest                            OK              1.33s
 46/120 DPDK:fast-tests / fib6_autotest                           OK              1.12s
 47/120 DPDK:fast-tests / func_reentrancy_autotest                OK              2.45s
 48/120 DPDK:fast-tests / graph_autotest                          OK              0.49s
 49/120 DPDK:fast-tests / node_list_dump                          OK              0.48s
 50/120 DPDK:fast-tests / graph_feature_arc_autotest              OK              0.49s
 51/120 DPDK:fast-tests / hash_autotest                           OK              1.11s
 52/120 DPDK:fast-tests / hash_readwrite_func_autotest            OK              6.37s
 53/120 DPDK:fast-tests / interrupt_autotest                      OK              1.78s
 54/120 DPDK:fast-tests / ipfrag_autotest                         OK              0.08s
 55/120 DPDK:fast-tests / ipsec_autotest                          SKIP            0.48s   exit status 77
 56/120 DPDK:fast-tests / kvargs_autotest                         OK              0.49s
 57/120 DPDK:fast-tests / latencystats_autotest                   OK              0.49s
 58/120 DPDK:fast-tests / lcore_var_autotest                      OK              0.62s
 59/120 DPDK:fast-tests / lcores_autotest                         OK              5.29s
 60/120 DPDK:fast-tests / logs_autotest                           OK              0.48s
 61/120 DPDK:fast-tests / lpm_autotest                            OK              2.52s
 62/120 DPDK:fast-tests / lpm6_autotest                           OK              5.61s
 63/120 DPDK:fast-tests / malloc_autotest                         OK             61.30s
 64/120 DPDK:fast-tests / mbuf_autotest                           OK              5.07s
 65/120 DPDK:fast-tests / mcslock_autotest                        OK              3.41s
 66/120 DPDK:fast-tests / member_autotest                         OK              1.66s
 67/120 DPDK:fast-tests / memcpy_autotest                         OK              7.10s
 68/120 DPDK:fast-tests / memory_autotest                         OK              0.09s
 69/120 DPDK:fast-tests / mempool_autotest                        OK              0.44s
 70/120 DPDK:fast-tests / memzone_autotest                        OK              0.15s
 71/120 DPDK:fast-tests / meter_autotest                          OK              0.48s
 72/120 DPDK:fast-tests / metrics_autotest                        OK              0.48s
 73/120 DPDK:fast-tests / multiprocess_autotest                   OK              0.20s
 74/120 DPDK:fast-tests / net_ether_autotest                      OK              1.14s
 75/120 DPDK:fast-tests / net_ipv6_autotest                       OK              0.48s
 76/120 DPDK:fast-tests / pcapng_autotest                         OK              5.89s
 77/120 DPDK:fast-tests / pdcp_autotest                           SKIP            0.07s   exit status 77
 78/120 DPDK:fast-tests / pdump_autotest                          OK              0.58s
 79/120 DPDK:fast-tests / per_lcore_autotest                      OK              0.58s
 80/120 DPDK:fast-tests / pflock_autotest                         OK              1.29s
 81/120 DPDK:fast-tests / pie_autotest                            OK              0.48s
 82/120 DPDK:fast-tests / ring_pmd_autotest                       OK              0.48s
 83/120 DPDK:fast-tests / power_autotest                          OK              0.48s
 84/120 DPDK:fast-tests / power_cpufreq_autotest                  SKIP            0.07s   exit status 77
 85/120 DPDK:fast-tests / power_intel_uncore_autotest             SKIP            0.48s   exit status 77
 86/120 DPDK:fast-tests / power_kvm_vm_autotest                   SKIP            0.07s   exit status 77
 87/120 DPDK:fast-tests / prefetch_autotest                       OK              0.48s
 88/120 DPDK:fast-tests / ptr_compress_autotest                   OK              0.48s
 89/120 DPDK:fast-tests / rawdev_autotest                         OK              0.48s
 90/120 DPDK:fast-tests / rcu_qsbr_autotest                       OK              1.00s
 91/120 DPDK:fast-tests / reorder_autotest                        OK              0.54s
 92/120 DPDK:fast-tests / rib_autotest                            OK              9.14s
 93/120 DPDK:fast-tests / rib6_autotest                           OK              9.13s
 94/120 DPDK:fast-tests / ring_autotest                           OK              0.51s
 95/120 DPDK:fast-tests / rwlock_test1_autotest                   OK              1.23s
 96/120 DPDK:fast-tests / rwlock_rda_autotest                     OK              5.49s
 97/120 DPDK:fast-tests / rwlock_rds_wrm_autotest                 OK              5.49s
 98/120 DPDK:fast-tests / rwlock_rde_wro_autotest                 OK              5.48s
 99/120 DPDK:fast-tests / sched_autotest                          OK              0.59s
100/120 DPDK:fast-tests / security_autotest                       OK              0.07s
101/120 DPDK:fast-tests / seqlock_autotest                        OK              2.43s
102/120 DPDK:fast-tests / service_autotest                        OK              3.14s
103/120 DPDK:fast-tests / soring_autotest                         OK              0.44s
104/120 DPDK:fast-tests / spinlock_autotest                       OK              0.51s
105/120 DPDK:fast-tests / stack_autotest                          OK              0.87s
106/120 DPDK:fast-tests / stack_lf_autotest                       SKIP            0.06s   exit status 77
107/120 DPDK:fast-tests / string_autotest                         OK              0.43s
108/120 DPDK:fast-tests / table_autotest                          OK              7.80s
109/120 DPDK:fast-tests / tailq_autotest                          OK              0.43s
110/120 DPDK:fast-tests / telemetry_data_autotest                 OK              0.44s
111/120 DPDK:fast-tests / telemetry_json_autotest                 OK              0.43s
112/120 DPDK:fast-tests / thash_autotest                          OK              0.45s
113/120 DPDK:fast-tests / threads_autotest                        OK              0.61s
114/120 DPDK:fast-tests / ticketlock_autotest                     OK              0.61s
115/120 DPDK:fast-tests / timer_autotest                          OK              3.96s
116/120 DPDK:fast-tests / trace_autotest                          OK              0.75s
117/120 DPDK:fast-tests / trace_autotest_with_traces              OK              0.58s
118/120 DPDK:fast-tests / vdev_autotest                           OK              0.58s
119/120 DPDK:fast-tests / version_autotest                        OK              0.58s
120/120 DPDK:fast-tests / telemetry_all                           OK             19.60s


Ok:                 113
Expected Fail:      0
Fail:               0
Unexpected Pass:    0
Skipped:            7
Timeout:            0


^ permalink raw reply	[flat|nested] 26+ messages in thread

* |SUCCESS| pw157836 [PATCH 2/2] bpf: remove dependency on vla
       [not found] <20251019170040.166372-3-stephen@networkplumber.org>
  2025-10-19 16:33 ` |SUCCESS| pw157835-157836 [PATCH 2/2] bpf: remove dependency on vla qemudev
  2025-10-19 16:38 ` qemudev
@ 2025-10-19 17:01 ` checkpatch
  2025-10-19 17:37 ` |FAILURE| pw157835-157836 [PATCH] [2/2] bpf: remove dependency on vl dpdklab
                   ` (22 subsequent siblings)
  25 siblings, 0 replies; 26+ messages in thread
From: checkpatch @ 2025-10-19 17:01 UTC (permalink / raw)
  To: test-report

Test-Label: checkpatch
Test-Status: SUCCESS
http://dpdk.org/patch/157836

_coding style OK_



^ permalink raw reply	[flat|nested] 26+ messages in thread

* |FAILURE| pw157835-157836 [PATCH] [2/2] bpf: remove dependency on vl
       [not found] <20251019170040.166372-3-stephen@networkplumber.org>
                   ` (2 preceding siblings ...)
  2025-10-19 17:01 ` |SUCCESS| pw157836 " checkpatch
@ 2025-10-19 17:37 ` dpdklab
  2025-10-19 17:37 ` dpdklab
                   ` (21 subsequent siblings)
  25 siblings, 0 replies; 26+ messages in thread
From: dpdklab @ 2025-10-19 17:37 UTC (permalink / raw)
  To: Test Report; +Cc: dpdk-test-reports, Stephen Hemminger

Test-Label: iol-compile-amd64-testing
Test-Status: FAILURE
http://dpdk.org/patch/157836

_Testing issues_

Submitter: Stephen Hemminger <stephen@networkplumber.org>
Date: Sunday, October 19 2025 16:59:47 
DPDK git baseline: Repo:dpdk
  Branch: master
  CommitID:97e2e198b96078a4732d468bf0a4e8ec45aa5717

157835-157836 --> testing issues

Upstream job id: Generic-VM-DPDK-Compile-Meson#39118

Test environment and result as below:

+-------------------------------+--------------------+------------------+-------------------+
|          Environment          | dpdk_meson_compile | dpdk_compile_ovs | dpdk_compile_spdk |
+===============================+====================+==================+===================+
| Fedora Linux 42               | PEND               | PEND             | PEND              |
+-------------------------------+--------------------+------------------+-------------------+
| CentOS Stream 10              | PEND               | SKIPPED          | SKIPPED           |
+-------------------------------+--------------------+------------------+-------------------+
| CentOS Stream 9               | PEND               | SKIPPED          | PEND              |
+-------------------------------+--------------------+------------------+-------------------+
| Ubuntu 20.04                  | PEND               | SKIPPED          | SKIPPED           |
+-------------------------------+--------------------+------------------+-------------------+
| Red Hat Enterprise Linux 8.10 | PEND               | SKIPPED          | SKIPPED           |
+-------------------------------+--------------------+------------------+-------------------+
| Red Hat Enterprise Linux 9.5  | PEND               | SKIPPED          | SKIPPED           |
+-------------------------------+--------------------+------------------+-------------------+
| FreeBSD 14.2                  | FAIL               | SKIPPED          | SKIPPED           |
+-------------------------------+--------------------+------------------+-------------------+
| openSUSE Leap 15.6            | PEND               | SKIPPED          | SKIPPED           |
+-------------------------------+--------------------+------------------+-------------------+
| Ubuntu 24.04                  | PEND               | PEND             | PEND              |
+-------------------------------+--------------------+------------------+-------------------+
| Alpine Linux 3.22.0           | PEND               | SKIPPED          | SKIPPED           |
+-------------------------------+--------------------+------------------+-------------------+
| Ubuntu 22.04                  | PEND               | SKIPPED          | PEND              |
+-------------------------------+--------------------+------------------+-------------------+
| Debian GNU/Linux 12           | PEND               | SKIPPED          | PEND              |
+-------------------------------+--------------------+------------------+-------------------+

==== 20 line log output for FreeBSD 14.2 (dpdk_meson_compile): ====
[236/2120] Compiling C object lib/librte_bpf.a.p/bpf_bpf_dump.c.o
[237/2120] Generating bitratestats.sym_chk with a custom command (wrapped by meson to capture output)
[238/2120] Generating acl.sym_chk with a custom command (wrapped by meson to capture output)
[239/2120] Generating bbdev.sym_chk with a custom command (wrapped by meson to capture output)
[240/2120] Linking target lib/librte_acl.so.26.0
[241/2120] Compiling C object lib/librte_bpf.a.p/bpf_bpf_exec.c.o
[242/2120] Linking target lib/librte_bbdev.so.26.0
[243/2120] Compiling C object lib/librte_bpf.a.p/bpf_bpf_pkt.c.o
FAILED: lib/librte_bpf.a.p/bpf_bpf_pkt.c.o
cc -Ilib/librte_bpf.a.p -Ilib -I../lib -Ilib/bpf -I../lib/bpf -Ilib/eal/common -I../lib/eal/common -I. -I.. -Iconfig -I../config -Ilib/eal/include -I../lib/eal/include -Ilib/eal/freebsd/include -I../lib/eal/freebsd/include -Ilib/eal/x86/include -I../lib/eal/x86/include -Ilib/eal -I../lib/eal -Ilib/kvargs -I../lib/kvargs -Ilib/log -I../lib/log -Ilib/metrics -I../lib/metrics -Ilib/telemetry -I../lib/telemetry -Ilib/argparse -I../lib/argparse -Ilib/mbuf -I../lib/mbuf -Ilib/mempool -I../lib/mempool -Ilib/ring -I../lib/ring -Ilib/net -I../lib/net -Ilib/ethdev -I../lib/ethdev -Ilib/meter -I../lib/meter -I/usr/local/include -Xclang -fcolor-diagnostics -pipe -D_FILE_OFFSET_BITS=64 -Wall -Winvalid-pch -Wextra -Werror -std=c11 -O3 -include rte_config.h -Wvla -Wcast-qual -Wdeprecated -Wformat -Wformat-nonliteral -Wformat-security -Wmissing-declarations -Wmissing-prototypes -Wnested-externs -Wold-style-definition -Wpointer-arith -Wsign-compare -Wstrict-prototypes -Wundef -Wwrite-strings -Wno-mis
 sing-field-initializers -D_GNU_SOURCE -D__BSD_VISIBLE -fPIC -march=native -mrtm -DALLOW_EXPERIMENTAL_API -DALLOW_INTERNAL_API -Wno-format-truncation -DRTE_LOG_DEFAULT_LOGTYPE=lib.bpf -DRTE_ANNOTATE_LOCKS -Wthread-safety -MD -MQ lib/librte_bpf.a.p/bpf_bpf_pkt.c.o -MF lib/librte_bpf.a.p/bpf_bpf_pkt.c.o.d -o lib/librte_bpf.a.p/bpf_bpf_pkt.c.o -c ../lib/bpf/bpf_pkt.c
../lib/bpf/bpf_pkt.c:9:10: fatal error: 'alloca.h' file not found
9 | #include <alloca.h>
|          ^~~~~~~~~~
1 error generated.
[244/2120] Compiling C object lib/librte_bpf.a.p/bpf_bpf_load.c.o
[245/2120] Generating symbol file lib/librte_acl.so.26.0.p/librte_acl.so.26.0.symbols
[246/2120] Generating symbol file lib/librte_bbdev.so.26.0.p/librte_bbdev.so.26.0.symbols
[247/2120] Compiling C object lib/librte_bpf.a.p/bpf_bpf_stub.c.o
[248/2120] Generating ethdev.sym_chk with a custom command (wrapped by meson to capture output)
ninja: build stopped: subcommand failed.
==== End log output ====

Fedora Linux 42
	Kernel: 5.15
	Compiler: gcc gcc (GCC) 15.2.1 20250808 (Red Hat 15.2.1-1)

CentOS Stream 10
	Kernel: 5.15
	Compiler: gcc gcc (GCC) 14.2.1 20250110 (Red Hat 14.2.1-8)

CentOS Stream 9
	Kernel: 5.15
	Compiler: gcc gcc (GCC) 11.5.0 20240719 (Red Hat 11.5.0-11)

Ubuntu 20.04
	Kernel: 4.19
	Compiler: gcc gcc (Ubuntu 9.4.0-1ubuntu1~20.04.2) 9.4.0

Red Hat Enterprise Linux 8.10
	Kernel: 5.15
	Compiler: gcc gcc (GCC) 8.5.0 20210514 (Red Hat 8.5.0-22)

Red Hat Enterprise Linux 9.5
	Kernel: 5.15
	Compiler: gcc gcc (GCC) 11.5.0 20240719 (Red Hat 11.5.0-2)

FreeBSD 14.2
	Kernel: 14.2-RELEASE
	Compiler: clang 18.1.6

openSUSE Leap 15.6
	Kernel: 5.15
	Compiler: gcc gcc (SUSE Linux) 7.5.0

Ubuntu 24.04
	Kernel: 5.15
	Compiler: gcc gcc (Ubuntu 13.3.0-6ubuntu2~24.04) 13.3.0

Alpine Linux 3.22.0
	Kernel: 5.15
	Compiler: gcc gcc (Alpine 14.2.0) 14.2.0

Ubuntu 22.04
	Kernel: 5.15
	Compiler: gcc gcc (Ubuntu 11.4.0-1ubuntu1~22.04) 11.4.0

Debian GNU/Linux 12
	Kernel: 5.15
	Compiler: gcc gcc (Debian 12.2.0-14+deb12u1) 12.2.0

To view detailed results, visit:
https://lab.dpdk.org/results/dashboard/patchsets/34326/

UNH-IOL DPDK Community Lab

To manage your email subscriptions, visit: 
https://lab.dpdk.org/results/dashboard/preferences/subscriptions/

^ permalink raw reply	[flat|nested] 26+ messages in thread

* |FAILURE| pw157835-157836 [PATCH] [2/2] bpf: remove dependency on vl
       [not found] <20251019170040.166372-3-stephen@networkplumber.org>
                   ` (3 preceding siblings ...)
  2025-10-19 17:37 ` |FAILURE| pw157835-157836 [PATCH] [2/2] bpf: remove dependency on vl dpdklab
@ 2025-10-19 17:37 ` dpdklab
  2025-10-19 17:39 ` |SUCCESS| " dpdklab
                   ` (20 subsequent siblings)
  25 siblings, 0 replies; 26+ messages in thread
From: dpdklab @ 2025-10-19 17:37 UTC (permalink / raw)
  To: Test Report; +Cc: dpdk-test-reports, Stephen Hemminger

Test-Label: iol-compile-amd64-testing
Test-Status: FAILURE
http://dpdk.org/patch/157836

_Testing issues_

Submitter: Stephen Hemminger <stephen@networkplumber.org>
Date: Sunday, October 19 2025 16:59:47 
DPDK git baseline: Repo:dpdk
  Branch: master
  CommitID:97e2e198b96078a4732d468bf0a4e8ec45aa5717

157835-157836 --> testing issues

Upstream job id: Generic-VM-DPDK-Compile-Meson#39119

Test environment and result as below:

+-------------------------------+--------------------+------------------+-------------------+
|          Environment          | dpdk_meson_compile | dpdk_compile_ovs | dpdk_compile_spdk |
+===============================+====================+==================+===================+
| Fedora Linux 42               | PEND               | PEND             | PEND              |
+-------------------------------+--------------------+------------------+-------------------+
| CentOS Stream 10              | PEND               | SKIPPED          | SKIPPED           |
+-------------------------------+--------------------+------------------+-------------------+
| CentOS Stream 9               | PEND               | SKIPPED          | PEND              |
+-------------------------------+--------------------+------------------+-------------------+
| Ubuntu 20.04                  | PEND               | SKIPPED          | SKIPPED           |
+-------------------------------+--------------------+------------------+-------------------+
| Red Hat Enterprise Linux 8.10 | PEND               | SKIPPED          | SKIPPED           |
+-------------------------------+--------------------+------------------+-------------------+
| Red Hat Enterprise Linux 9.5  | PEND               | SKIPPED          | SKIPPED           |
+-------------------------------+--------------------+------------------+-------------------+
| FreeBSD 14.2                  | FAIL               | SKIPPED          | SKIPPED           |
+-------------------------------+--------------------+------------------+-------------------+
| openSUSE Leap 15.6            | PEND               | SKIPPED          | SKIPPED           |
+-------------------------------+--------------------+------------------+-------------------+
| Ubuntu 24.04                  | PEND               | PEND             | PEND              |
+-------------------------------+--------------------+------------------+-------------------+
| Alpine Linux 3.22.0           | PEND               | SKIPPED          | SKIPPED           |
+-------------------------------+--------------------+------------------+-------------------+
| Ubuntu 22.04                  | PEND               | SKIPPED          | PEND              |
+-------------------------------+--------------------+------------------+-------------------+
| Debian GNU/Linux 12           | PEND               | SKIPPED          | PEND              |
+-------------------------------+--------------------+------------------+-------------------+

==== 20 line log output for FreeBSD 14.2 (dpdk_meson_compile): ====
[236/2120] Compiling C object lib/librte_bpf.a.p/bpf_bpf_dump.c.o
[237/2120] Generating bitratestats.sym_chk with a custom command (wrapped by meson to capture output)
[238/2120] Generating acl.sym_chk with a custom command (wrapped by meson to capture output)
[239/2120] Generating bbdev.sym_chk with a custom command (wrapped by meson to capture output)
[240/2120] Linking target lib/librte_acl.so.26.0
[241/2120] Compiling C object lib/librte_bpf.a.p/bpf_bpf_exec.c.o
[242/2120] Linking target lib/librte_bbdev.so.26.0
[243/2120] Compiling C object lib/librte_bpf.a.p/bpf_bpf_pkt.c.o
FAILED: lib/librte_bpf.a.p/bpf_bpf_pkt.c.o
cc -Ilib/librte_bpf.a.p -Ilib -I../lib -Ilib/bpf -I../lib/bpf -Ilib/eal/common -I../lib/eal/common -I. -I.. -Iconfig -I../config -Ilib/eal/include -I../lib/eal/include -Ilib/eal/freebsd/include -I../lib/eal/freebsd/include -Ilib/eal/x86/include -I../lib/eal/x86/include -Ilib/eal -I../lib/eal -Ilib/kvargs -I../lib/kvargs -Ilib/log -I../lib/log -Ilib/metrics -I../lib/metrics -Ilib/telemetry -I../lib/telemetry -Ilib/argparse -I../lib/argparse -Ilib/mbuf -I../lib/mbuf -Ilib/mempool -I../lib/mempool -Ilib/ring -I../lib/ring -Ilib/net -I../lib/net -Ilib/ethdev -I../lib/ethdev -Ilib/meter -I../lib/meter -I/usr/local/include -Xclang -fcolor-diagnostics -pipe -D_FILE_OFFSET_BITS=64 -Wall -Winvalid-pch -Wextra -Werror -std=c11 -O3 -include rte_config.h -Wvla -Wcast-qual -Wdeprecated -Wformat -Wformat-nonliteral -Wformat-security -Wmissing-declarations -Wmissing-prototypes -Wnested-externs -Wold-style-definition -Wpointer-arith -Wsign-compare -Wstrict-prototypes -Wundef -Wwrite-strings -Wno-mis
 sing-field-initializers -D_GNU_SOURCE -D__BSD_VISIBLE -fPIC -march=native -mrtm -DALLOW_EXPERIMENTAL_API -DALLOW_INTERNAL_API -Wno-format-truncation -DRTE_LOG_DEFAULT_LOGTYPE=lib.bpf -DRTE_ANNOTATE_LOCKS -Wthread-safety -MD -MQ lib/librte_bpf.a.p/bpf_bpf_pkt.c.o -MF lib/librte_bpf.a.p/bpf_bpf_pkt.c.o.d -o lib/librte_bpf.a.p/bpf_bpf_pkt.c.o -c ../lib/bpf/bpf_pkt.c
../lib/bpf/bpf_pkt.c:9:10: fatal error: 'alloca.h' file not found
9 | #include <alloca.h>
|          ^~~~~~~~~~
1 error generated.
[244/2120] Compiling C object lib/librte_bpf.a.p/bpf_bpf_load.c.o
[245/2120] Generating symbol file lib/librte_acl.so.26.0.p/librte_acl.so.26.0.symbols
[246/2120] Generating symbol file lib/librte_bbdev.so.26.0.p/librte_bbdev.so.26.0.symbols
[247/2120] Compiling C object lib/librte_bpf.a.p/bpf_bpf_stub.c.o
[248/2120] Generating ethdev.sym_chk with a custom command (wrapped by meson to capture output)
ninja: build stopped: subcommand failed.
==== End log output ====

Fedora Linux 42
	Kernel: 5.15
	Compiler: gcc gcc (GCC) 15.2.1 20250808 (Red Hat 15.2.1-1)

CentOS Stream 10
	Kernel: 5.15
	Compiler: gcc gcc (GCC) 14.2.1 20250110 (Red Hat 14.2.1-8)

CentOS Stream 9
	Kernel: 5.15
	Compiler: gcc gcc (GCC) 11.5.0 20240719 (Red Hat 11.5.0-11)

Ubuntu 20.04
	Kernel: 4.19
	Compiler: gcc gcc (Ubuntu 9.4.0-1ubuntu1~20.04.2) 9.4.0

Red Hat Enterprise Linux 8.10
	Kernel: 5.15
	Compiler: gcc gcc (GCC) 8.5.0 20210514 (Red Hat 8.5.0-22)

Red Hat Enterprise Linux 9.5
	Kernel: 5.15
	Compiler: gcc gcc (GCC) 11.5.0 20240719 (Red Hat 11.5.0-2)

FreeBSD 14.2
	Kernel: 14.2-RELEASE
	Compiler: clang 18.1.6

openSUSE Leap 15.6
	Kernel: 5.15
	Compiler: gcc gcc (SUSE Linux) 7.5.0

Ubuntu 24.04
	Kernel: 5.15
	Compiler: gcc gcc (Ubuntu 13.3.0-6ubuntu2~24.04) 13.3.0

Alpine Linux 3.22.0
	Kernel: 5.15
	Compiler: gcc gcc (Alpine 14.2.0) 14.2.0

Ubuntu 22.04
	Kernel: 5.15
	Compiler: gcc gcc (Ubuntu 11.4.0-1ubuntu1~22.04) 11.4.0

Debian GNU/Linux 12
	Kernel: 5.15
	Compiler: gcc gcc (Debian 12.2.0-14+deb12u1) 12.2.0

To view detailed results, visit:
https://lab.dpdk.org/results/dashboard/patchsets/34326/

UNH-IOL DPDK Community Lab

To manage your email subscriptions, visit: 
https://lab.dpdk.org/results/dashboard/preferences/subscriptions/

^ permalink raw reply	[flat|nested] 26+ messages in thread

* |SUCCESS| pw157835-157836 [PATCH] [2/2] bpf: remove dependency on vl
       [not found] <20251019170040.166372-3-stephen@networkplumber.org>
                   ` (4 preceding siblings ...)
  2025-10-19 17:37 ` dpdklab
@ 2025-10-19 17:39 ` dpdklab
  2025-10-19 17:43 ` dpdklab
                   ` (19 subsequent siblings)
  25 siblings, 0 replies; 26+ messages in thread
From: dpdklab @ 2025-10-19 17:39 UTC (permalink / raw)
  To: Test Report; +Cc: dpdk-test-reports

Test-Label: iol-mellanox-Functional
Test-Status: SUCCESS
http://dpdk.org/patch/157836

_Functional Testing PASS_

Submitter: Stephen Hemminger <stephen@networkplumber.org>
Date: Sunday, October 19 2025 16:59:47 
DPDK git baseline: Repo:dpdk
  Branch: master
  CommitID:97e2e198b96078a4732d468bf0a4e8ec45aa5717

157835-157836 --> functional testing pass

Upstream job id: Template-DPDK-DTS-Pipeline#2535

Test environment and result as below:

Ubuntu 24.04
Kernel: 6.8.0-55-generic
Compiler: gcc 13.3.0
NIC: Mellanox ConnectX-5 100000 Mbps

Aggregate Results by Test Suite
+---------------------------------+--------+
|           Test Suite            | Result |
+=================================+========+
| blocklist                       |  PASS  |
+---------------------------------+--------+
| promisc_support                 |  PASS  |
+---------------------------------+--------+
| uni_pkt                         |  PASS  |
+---------------------------------+--------+
| dynamic_config                  |  PASS  |
+---------------------------------+--------+
| hello_world                     |  PASS  |
+---------------------------------+--------+
| l2fwd                           |  PASS  |
+---------------------------------+--------+
| port_restart_config_persistency |  PASS  |
+---------------------------------+--------+
| softnic                         |  PASS  |
+---------------------------------+--------+
| vlan                            |  PASS  |
+---------------------------------+--------+


To view detailed results, visit:
https://lab.dpdk.org/results/dashboard/patchsets/34326/

UNH-IOL DPDK Community Lab

To manage your email subscriptions, visit: 
https://lab.dpdk.org/results/dashboard/preferences/subscriptions/

^ permalink raw reply	[flat|nested] 26+ messages in thread

* |SUCCESS| pw157835-157836 [PATCH] [2/2] bpf: remove dependency on vl
       [not found] <20251019170040.166372-3-stephen@networkplumber.org>
                   ` (5 preceding siblings ...)
  2025-10-19 17:39 ` |SUCCESS| " dpdklab
@ 2025-10-19 17:43 ` dpdklab
  2025-10-19 17:47 ` dpdklab
                   ` (18 subsequent siblings)
  25 siblings, 0 replies; 26+ messages in thread
From: dpdklab @ 2025-10-19 17:43 UTC (permalink / raw)
  To: Test Report; +Cc: dpdk-test-reports

Test-Label: iol-marvell-Functional
Test-Status: SUCCESS
http://dpdk.org/patch/157836

_Functional Testing PASS_

Submitter: Stephen Hemminger <stephen@networkplumber.org>
Date: Sunday, October 19 2025 16:59:47 
DPDK git baseline: Repo:dpdk
  Branch: master
  CommitID:97e2e198b96078a4732d468bf0a4e8ec45aa5717

157835-157836 --> functional testing pass

Upstream job id: Template-DTS-Pipeline#250300

Test environment and result as below:

Ubuntu 20.04.6
Kernel: 5.4.105
Compiler: gcc 9.4
NIC: Marvell CN106XX 50000 Mbps
Target: arm64-native-linuxapp-gcc

Aggregate Results by Test Suite
+----------------+--------+
|   Test Suite   | Result |
+================+========+
| cmdline        |  PASS  |
+----------------+--------+
| rxtx_callbacks |  PASS  |
+----------------+--------+


To view detailed results, visit:
https://lab.dpdk.org/results/dashboard/patchsets/34326/

UNH-IOL DPDK Community Lab

To manage your email subscriptions, visit: 
https://lab.dpdk.org/results/dashboard/preferences/subscriptions/

^ permalink raw reply	[flat|nested] 26+ messages in thread

* |SUCCESS| pw157835-157836 [PATCH] [2/2] bpf: remove dependency on vl
       [not found] <20251019170040.166372-3-stephen@networkplumber.org>
                   ` (6 preceding siblings ...)
  2025-10-19 17:43 ` dpdklab
@ 2025-10-19 17:47 ` dpdklab
  2025-10-19 17:54 ` |PENDING| " dpdklab
                   ` (17 subsequent siblings)
  25 siblings, 0 replies; 26+ messages in thread
From: dpdklab @ 2025-10-19 17:47 UTC (permalink / raw)
  To: Test Report; +Cc: dpdk-test-reports

Test-Label: iol-sample-apps-testing
Test-Status: SUCCESS
http://dpdk.org/patch/157836

_Testing PASS_

Submitter: Stephen Hemminger <stephen@networkplumber.org>
Date: Sunday, October 19 2025 16:59:47 
DPDK git baseline: Repo:dpdk
  Branch: master
  CommitID:97e2e198b96078a4732d468bf0a4e8ec45aa5717

157835-157836 --> testing pass

Upstream job id: Template-DTS-Pipeline#250302

Test environment and result as below:

+--------------+----------------------+
| Environment  | compressdev_zlib_pmd |
+==============+======================+
| Ubuntu 22.04 | PASS                 |
+--------------+----------------------+


Ubuntu 22.04
	Kernel: 5.15
	Compiler: gcc gcc (Ubuntu 11.4.0-1ubuntu1~22.04.2) 11.4.0

To view detailed results, visit:
https://lab.dpdk.org/results/dashboard/patchsets/34326/

UNH-IOL DPDK Community Lab

To manage your email subscriptions, visit: 
https://lab.dpdk.org/results/dashboard/preferences/subscriptions/

^ permalink raw reply	[flat|nested] 26+ messages in thread

* |PENDING| pw157835-157836 [PATCH] [2/2] bpf: remove dependency on vl
       [not found] <20251019170040.166372-3-stephen@networkplumber.org>
                   ` (7 preceding siblings ...)
  2025-10-19 17:47 ` dpdklab
@ 2025-10-19 17:54 ` dpdklab
  2025-10-19 18:02 ` dpdklab
                   ` (16 subsequent siblings)
  25 siblings, 0 replies; 26+ messages in thread
From: dpdklab @ 2025-10-19 17:54 UTC (permalink / raw)
  To: Test Report; +Cc: dpdk-test-reports

Test-Label: iol-compile-arm64-testing
Test-Status: PENDING
http://dpdk.org/patch/157836

_Testing pending_

Submitter: Stephen Hemminger <stephen@networkplumber.org>
Date: Sunday, October 19 2025 16:59:47 
DPDK git baseline: Repo:dpdk
  Branch: master
  CommitID:97e2e198b96078a4732d468bf0a4e8ec45aa5717

157835-157836 --> testing pending

Upstream job id: Generic-DPDK-Compile-Meson#435992

Test environment and result as below:

+------------------------------+--------------------+
|         Environment          | dpdk_meson_compile |
+==============================+====================+
| Ubuntu 20.04                 | PEND               |
+------------------------------+--------------------+
| Red Hat Enterprise Linux 9.5 | PEND               |
+------------------------------+--------------------+
| Debian GNU/Linux 12          | PEND               |
+------------------------------+--------------------+
| Fedora Linux 42              | PEND               |
+------------------------------+--------------------+
| Ubuntu 22.04                 | PEND               |
+------------------------------+--------------------+
| CentOS Stream 9              | PEND               |
+------------------------------+--------------------+
| Ubuntu 24.04                 | PEND               |
+------------------------------+--------------------+
| CentOS Stream 10             | PEND               |
+------------------------------+--------------------+


Ubuntu 20.04
	Kernel: 5.15
	Compiler: aarch64-linux-gnu-gcc gcc (Ubuntu 9.4.0-1ubuntu1~20.04.2) 9.4.0

Red Hat Enterprise Linux 9.5
	Kernel: 5.4
	Compiler: gcc gcc (GCC) 11.5.0 20240719 (Red Hat 11.5.0-2)

Debian GNU/Linux 12
	Kernel: 5.4
	Compiler: gcc gcc (Debian 12.2.0-14+deb12u1) 12.2.0

Fedora Linux 42
	Kernel: 5.4
	Compiler: gcc gcc (GCC) 15.2.1 20250808 (Red Hat 15.2.1-1)

Ubuntu 22.04
	Kernel: 5.4
	Compiler: gcc gcc (Ubuntu 11.4.0-1ubuntu1~22.04) 11.4.0

CentOS Stream 9
	Kernel: 5.4
	Compiler: gcc gcc (GCC) 11.5.0 20240719 (Red Hat 11.5.0-11)

Ubuntu 24.04
	Kernel: 5.4
	Compiler: gcc gcc (Ubuntu 13.3.0-6ubuntu2~24.04) 13.3.0

CentOS Stream 10
	Kernel: 5.4
	Compiler: gcc gcc (GCC) 14.2.1 20250110 (Red Hat 14.2.1-8)

To view detailed results, visit:
https://lab.dpdk.org/results/dashboard/patchsets/34326/

UNH-IOL DPDK Community Lab

To manage your email subscriptions, visit: 
https://lab.dpdk.org/results/dashboard/preferences/subscriptions/

^ permalink raw reply	[flat|nested] 26+ messages in thread

* |PENDING| pw157835-157836 [PATCH] [2/2] bpf: remove dependency on vl
       [not found] <20251019170040.166372-3-stephen@networkplumber.org>
                   ` (8 preceding siblings ...)
  2025-10-19 17:54 ` |PENDING| " dpdklab
@ 2025-10-19 18:02 ` dpdklab
  2025-10-19 18:05 ` |SUCCESS| " dpdklab
                   ` (15 subsequent siblings)
  25 siblings, 0 replies; 26+ messages in thread
From: dpdklab @ 2025-10-19 18:02 UTC (permalink / raw)
  To: Test Report; +Cc: dpdk-test-reports

Test-Label: iol-unit-amd64-testing
Test-Status: PENDING
http://dpdk.org/patch/157836

_Testing pending_

Submitter: Stephen Hemminger <stephen@networkplumber.org>
Date: Sunday, October 19 2025 16:59:47 
DPDK git baseline: Repo:dpdk
  Branch: master
  CommitID:97e2e198b96078a4732d468bf0a4e8ec45aa5717

157835-157836 --> testing pending

Upstream job id: Generic-Unit-Test-DPDK#383342

Test environment and result as below:

+-------------------------------+----------------+
|          Environment          | dpdk_unit_test |
+===============================+================+
| Ubuntu 20.04                  | PASS           |
+-------------------------------+----------------+
| Fedora Linux 40               | PEND           |
+-------------------------------+----------------+
| Fedora Linux 41               | PEND           |
+-------------------------------+----------------+
| Red Hat Enterprise Linux 9.5  | PEND           |
+-------------------------------+----------------+
| CentOS Stream 9               | PEND           |
+-------------------------------+----------------+
| Fedora Linux 42               | PEND           |
+-------------------------------+----------------+
| CentOS Stream 10              | PEND           |
+-------------------------------+----------------+
| Debian GNU/Linux 12           | PEND           |
+-------------------------------+----------------+
| Ubuntu 22.04                  | PEND           |
+-------------------------------+----------------+
| Red Hat Enterprise Linux 8.10 | PEND           |
+-------------------------------+----------------+
| Ubuntu 24.04                  | PEND           |
+-------------------------------+----------------+


Ubuntu 20.04
	Kernel: 5.15
	Compiler: gcc gcc (Ubuntu 9.4.0-1ubuntu1~20.04.2) 9.4.0

Fedora Linux 40
	Kernel: 5.15
	Compiler: gcc gcc (GCC) 14.2.1 20240912 (Red Hat 14.2.1-3)

Fedora Linux 41
	Kernel: 5.15
	Compiler: gcc gcc (GCC) 14.3.1 20250523 (Red Hat 14.3.1-1)

Red Hat Enterprise Linux 9.5
	Kernel: 5.15
	Compiler: gcc gcc (GCC) 11.5.0 20240719 (Red Hat 11.5.0-2)

CentOS Stream 9
	Kernel: 5.15
	Compiler: gcc gcc (GCC) 11.5.0 20240719 (Red Hat 11.5.0-11)

Fedora Linux 42
	Kernel: 5.15
	Compiler: gcc gcc (GCC) 15.2.1 20250808 (Red Hat 15.2.1-1)

CentOS Stream 10
	Kernel: 5.15
	Compiler: gcc gcc (GCC) 14.2.1 20250110 (Red Hat 14.2.1-8)

Debian GNU/Linux 12
	Kernel: 5.15
	Compiler: gcc gcc (Debian 12.2.0-14+deb12u1) 12.2.0

Ubuntu 22.04
	Kernel: 5.15
	Compiler: gcc gcc (Ubuntu 11.4.0-1ubuntu1~22.04) 11.4.0

Red Hat Enterprise Linux 8.10
	Kernel: 5.15
	Compiler: gcc gcc (GCC) 8.5.0 20210514 (Red Hat 8.5.0-22)

Ubuntu 24.04
	Kernel: 5.15
	Compiler: gcc gcc (Ubuntu 13.3.0-6ubuntu2~24.04) 13.3.0

To view detailed results, visit:
https://lab.dpdk.org/results/dashboard/patchsets/34326/

UNH-IOL DPDK Community Lab

To manage your email subscriptions, visit: 
https://lab.dpdk.org/results/dashboard/preferences/subscriptions/

^ permalink raw reply	[flat|nested] 26+ messages in thread

* |SUCCESS| pw157835-157836 [PATCH] [2/2] bpf: remove dependency on vl
       [not found] <20251019170040.166372-3-stephen@networkplumber.org>
                   ` (9 preceding siblings ...)
  2025-10-19 18:02 ` dpdklab
@ 2025-10-19 18:05 ` dpdklab
  2025-10-19 18:09 ` dpdklab
                   ` (14 subsequent siblings)
  25 siblings, 0 replies; 26+ messages in thread
From: dpdklab @ 2025-10-19 18:05 UTC (permalink / raw)
  To: Test Report; +Cc: dpdk-test-reports

Test-Label: iol-intel-Functional
Test-Status: SUCCESS
http://dpdk.org/patch/157836

_Functional Testing PASS_

Submitter: Stephen Hemminger <stephen@networkplumber.org>
Date: Sunday, October 19 2025 16:59:47 
DPDK git baseline: Repo:dpdk
  Branch: master
  CommitID:97e2e198b96078a4732d468bf0a4e8ec45aa5717

157835-157836 --> functional testing pass

Upstream job id: Template-DTS-Pipeline#250303

Test environment and result as below:

Ubuntu 24.04
Kernel: 6.8
Compiler: gcc gcc (Ubuntu 13.3.0-6ubuntu2~24.04) 13.3.0
NIC: Intel E810 (Arm Grace Server) 100000 Mbps

Aggregate Results by Test Suite
+---------------------------------+--------+
|           Test Suite            | Result |
+=================================+========+
| blocklist                       |  PASS  |
+---------------------------------+--------+
| port_restart_config_persistency |  PASS  |
+---------------------------------+--------+
| uni_pkt                         |  PASS  |
+---------------------------------+--------+


Ubuntu 24.04 LTS
Kernel: 6.8.0-44-generic
Compiler: gcc 13.2.0
NIC: Intel Corporation Ethernet Controller XL710 for 40GbE QSFP+ 40 Mbps

Aggregate Results by Test Suite
+--------------------+--------+
|     Test Suite     | Result |
+====================+========+
| blocklist          |  PASS  |
+--------------------+--------+
| uni_pkt            |  PASS  |
+--------------------+--------+
| promisc_support    |  PASS  |
+--------------------+--------+
| dynamic_config     |  PASS  |
+--------------------+--------+
| dynamic_queue_conf |  PASS  |
+--------------------+--------+
| hello_world        |  PASS  |
+--------------------+--------+
| l2fwd              |  PASS  |
+--------------------+--------+
| softnic            |  PASS  |
+--------------------+--------+
| vlan               |  PASS  |
+--------------------+--------+


Ubuntu 24.04
Kernel: 6.8
Compiler: gcc gcc (Ubuntu 13.3.0-6ubuntu2~24.04) 13.3.0
NIC: Intel Corporation 4xxx Series QAT 0 Mbps

Aggregate Results by Test Suite
+----------------------------+--------+
|         Test Suite         | Result |
+============================+========+
| crypto_perf_cryptodev_perf |  PASS  |
+----------------------------+--------+


To view detailed results, visit:
https://lab.dpdk.org/results/dashboard/patchsets/34326/

UNH-IOL DPDK Community Lab

To manage your email subscriptions, visit: 
https://lab.dpdk.org/results/dashboard/preferences/subscriptions/

^ permalink raw reply	[flat|nested] 26+ messages in thread

* |SUCCESS| pw157835-157836 [PATCH] [2/2] bpf: remove dependency on vl
       [not found] <20251019170040.166372-3-stephen@networkplumber.org>
                   ` (10 preceding siblings ...)
  2025-10-19 18:05 ` |SUCCESS| " dpdklab
@ 2025-10-19 18:09 ` dpdklab
  2025-10-19 18:11 ` |PENDING| " dpdklab
                   ` (13 subsequent siblings)
  25 siblings, 0 replies; 26+ messages in thread
From: dpdklab @ 2025-10-19 18:09 UTC (permalink / raw)
  To: Test Report, Ali Alnubani; +Cc: dpdk-test-reports

Test-Label: iol-mellanox-Performance
Test-Status: SUCCESS
http://dpdk.org/patch/157836

_Performance Testing PASS_

Submitter: Stephen Hemminger <stephen@networkplumber.org>
Date: Sunday, October 19 2025 16:59:47 
DPDK git baseline: Repo:dpdk
  Branch: master
  CommitID:97e2e198b96078a4732d468bf0a4e8ec45aa5717

157835-157836 --> performance testing pass

Upstream job id: Template-DTS-Pipeline#250290

Test environment and result as below:

Ubuntu 24.04
Kernel: 6.8
Compiler: gcc gcc (Ubuntu 13.3.0-6ubuntu2~24.04) 13.3.0
NIC: Mellanox ConnectX-6 Lx 25000 Mbps
Fail/Total: 0/6

Detail performance results: 
+------------+---------+----------+-------------+------------------------------+
| frame_size | txd/rxd | num_cpus | num_threads |  throughput difference from  |
|            |         |          |             |           expected           |
+============+=========+==========+=============+==============================+
| 64         | 1024    | 1        | 1           | 0.1%                         |
+------------+---------+----------+-------------+------------------------------+
| 128        | 1024    | 1        | 1           | -0.0%                        |
+------------+---------+----------+-------------+------------------------------+
| 256        | 1024    | 1        | 1           | 0.1%                         |
+------------+---------+----------+-------------+------------------------------+
| 512        | 1024    | 1        | 1           | 0.1%                         |
+------------+---------+----------+-------------+------------------------------+
| 1024       | 1024    | 1        | 1           | 0.1%                         |
+------------+---------+----------+-------------+------------------------------+
| 1518       | 1024    | 1        | 1           | 0.1%                         |
+------------+---------+----------+-------------+------------------------------+

Ubuntu 24.04
Kernel: 6.8
Compiler: gcc gcc (Ubuntu 13.3.0-6ubuntu2~24.04) 13.3.0
NIC: NVIDIA Mellanox ConnectX-7 100000 Mbps
Fail/Total: 0/6

Detail performance results: 
+------------+---------+----------+-------------+------------------------------+
| frame_size | txd/rxd | num_cpus | num_threads |  throughput difference from  |
|            |         |          |             |           expected           |
+============+=========+==========+=============+==============================+
| 64         | 1024    | 1        | 1           | -0.9%                        |
+------------+---------+----------+-------------+------------------------------+
| 128        | 1024    | 1        | 1           | 0.2%                         |
+------------+---------+----------+-------------+------------------------------+
| 256        | 1024    | 1        | 1           | 2.4%                         |
+------------+---------+----------+-------------+------------------------------+
| 512        | 1024    | 1        | 1           | -0.2%                        |
+------------+---------+----------+-------------+------------------------------+
| 1024       | 1024    | 1        | 1           | 0.0%                         |
+------------+---------+----------+-------------+------------------------------+
| 1518       | 1024    | 1        | 1           | -0.0%                        |
+------------+---------+----------+-------------+------------------------------+

To view detailed results, visit:
https://lab.dpdk.org/results/dashboard/patchsets/34326/

UNH-IOL DPDK Community Lab

To manage your email subscriptions, visit: 
https://lab.dpdk.org/results/dashboard/preferences/subscriptions/

^ permalink raw reply	[flat|nested] 26+ messages in thread

* |PENDING| pw157835-157836 [PATCH] [2/2] bpf: remove dependency on vl
       [not found] <20251019170040.166372-3-stephen@networkplumber.org>
                   ` (11 preceding siblings ...)
  2025-10-19 18:09 ` dpdklab
@ 2025-10-19 18:11 ` dpdklab
  2025-10-19 18:12 ` |SUCCESS| " dpdklab
                   ` (12 subsequent siblings)
  25 siblings, 0 replies; 26+ messages in thread
From: dpdklab @ 2025-10-19 18:11 UTC (permalink / raw)
  To: Test Report; +Cc: dpdk-test-reports

Test-Label: iol-unit-arm64-testing
Test-Status: PENDING
http://dpdk.org/patch/157836

_Testing pending_

Submitter: Stephen Hemminger <stephen@networkplumber.org>
Date: Sunday, October 19 2025 16:59:47 
DPDK git baseline: Repo:dpdk
  Branch: master
  CommitID:97e2e198b96078a4732d468bf0a4e8ec45aa5717

157835-157836 --> testing pending

Upstream job id: Aarch32-Unit-Test#7906

Test environment and result as below:

+------------------------------+----------------+---------------------------+------------------------------+--------------+
|         Environment          | dpdk_unit_test | cryptodev_sw_zuc_autotest | cryptodev_sw_snow3g_autotest | lpm_autotest |
+==============================+================+===========================+==============================+==============+
| Fedora Linux 41              | PEND           | SKIPPED                   | SKIPPED                      | SKIPPED      |
+------------------------------+----------------+---------------------------+------------------------------+--------------+
| Ubuntu 22.04                 | PASS           | SKIPPED                   | SKIPPED                      | SKIPPED      |
+------------------------------+----------------+---------------------------+------------------------------+--------------+
| Fedora Linux 42              | PEND           | SKIPPED                   | SKIPPED                      | SKIPPED      |
+------------------------------+----------------+---------------------------+------------------------------+--------------+
| Fedora Linux 40              | PEND           | SKIPPED                   | SKIPPED                      | SKIPPED      |
+------------------------------+----------------+---------------------------+------------------------------+--------------+
| CentOS Stream 9              | PEND           | SKIPPED                   | SKIPPED                      | SKIPPED      |
+------------------------------+----------------+---------------------------+------------------------------+--------------+
| Debian GNU/Linux 12          | PEND           | SKIPPED                   | SKIPPED                      | SKIPPED      |
+------------------------------+----------------+---------------------------+------------------------------+--------------+
| Red Hat Enterprise Linux 9.5 | PEND           | SKIPPED                   | SKIPPED                      | SKIPPED      |
+------------------------------+----------------+---------------------------+------------------------------+--------------+
| CentOS Stream 10             | PEND           | SKIPPED                   | SKIPPED                      | SKIPPED      |
+------------------------------+----------------+---------------------------+------------------------------+--------------+
| Ubuntu 24.04                 | PEND           | SKIPPED                   | SKIPPED                      | SKIPPED      |
+------------------------------+----------------+---------------------------+------------------------------+--------------+
| Ubuntu 20.04                 | PEND           | SKIPPED                   | SKIPPED                      | PEND         |
+------------------------------+----------------+---------------------------+------------------------------+--------------+
| Debian 12 (arm)              | SKIPPED        | PEND                      | PEND                         | SKIPPED      |
+------------------------------+----------------+---------------------------+------------------------------+--------------+


Fedora Linux 41
	Kernel: 5.4
	Compiler: gcc gcc (GCC) 14.3.1 20250523 (Red Hat 14.3.1-1)

Ubuntu 22.04
	Kernel: 5.4
	Compiler: gcc gcc (Ubuntu 11.4.0-1ubuntu1~22.04) 11.4.0

Fedora Linux 42
	Kernel: 5.4
	Compiler: clang gcc (GCC) 15.2.1 20250808 (Red Hat 15.2.1-1)

Fedora Linux 40
	Kernel: 5.4
	Compiler: clang gcc (GCC) 14.2.1 20240912 (Red Hat 14.2.1-3)

CentOS Stream 9
	Kernel: 5.4
	Compiler: gcc gcc (GCC) 11.5.0 20240719 (Red Hat 11.5.0-11)

Debian GNU/Linux 12
	Kernel: 5.4
	Compiler: gcc gcc (Debian 12.2.0-14+deb12u1) 12.2.0

Red Hat Enterprise Linux 9.5
	Kernel: 5.4
	Compiler: gcc gcc (GCC) 11.5.0 20240719 (Red Hat 11.5.0-2)

CentOS Stream 10
	Kernel: 5.4
	Compiler: gcc gcc (GCC) 14.2.1 20250110 (Red Hat 14.2.1-8)

Ubuntu 24.04
	Kernel: 5.4
	Compiler: gcc gcc (Ubuntu 13.3.0-6ubuntu2~24.04) 13.3.0

Ubuntu 20.04
	Kernel: 5.4
	Compiler: gcc gcc (Ubuntu 9.4.0-1ubuntu1~20.04.2) 9.4.0

Debian 12 (arm)
	Kernel: Depends on container host
	Compiler: gcc (Debian 12.2.0-14) 12.2.0

To view detailed results, visit:
https://lab.dpdk.org/results/dashboard/patchsets/34326/

UNH-IOL DPDK Community Lab

To manage your email subscriptions, visit: 
https://lab.dpdk.org/results/dashboard/preferences/subscriptions/

^ permalink raw reply	[flat|nested] 26+ messages in thread

* |SUCCESS| pw157835-157836 [PATCH] [2/2] bpf: remove dependency on vl
       [not found] <20251019170040.166372-3-stephen@networkplumber.org>
                   ` (13 preceding siblings ...)
  2025-10-19 18:12 ` |SUCCESS| " dpdklab
@ 2025-10-19 18:12 ` dpdklab
  2025-10-19 18:19 ` |FAILURE| " dpdklab
                   ` (10 subsequent siblings)
  25 siblings, 0 replies; 26+ messages in thread
From: dpdklab @ 2025-10-19 18:12 UTC (permalink / raw)
  To: Test Report; +Cc: dpdk-test-reports

Test-Label: iol-intel-Performance
Test-Status: SUCCESS
http://dpdk.org/patch/157836

_Performance Testing PASS_

Submitter: Stephen Hemminger <stephen@networkplumber.org>
Date: Sunday, October 19 2025 16:59:47 
DPDK git baseline: Repo:dpdk
  Branch: master
  CommitID:97e2e198b96078a4732d468bf0a4e8ec45aa5717

157835-157836 --> performance testing pass

Upstream job id: Template-DTS-Pipeline#250293

Test environment and result as below:

Ubuntu 22.04
Kernel: 5.15
Compiler: gcc gcc (Ubuntu 11.4.0-1ubuntu1~22.04.2) 11.4.0
NIC: Intel E810 100000 Mbps
Fail/Total: 0/2

Detail performance results: 
+------------+---------+----------+-------------+------------------------------+
| frame_size | txd/rxd | num_cpus | num_threads |  throughput difference from  |
|            |         |          |             |           expected           |
+============+=========+==========+=============+==============================+
| 64         | 512     | 1        | 1           | -0.2%                        |
+------------+---------+----------+-------------+------------------------------+
| 64         | 2048    | 1        | 1           | 0.2%                         |
+------------+---------+----------+-------------+------------------------------+

Ubuntu 20.04
Kernel: 5.4
Compiler: gcc gcc (Ubuntu 9.4.0-1ubuntu1~20.04.1) 9.4.0
NIC: Intel Corporation Ethernet Converged Network Adapter XL710-QDA2 40000 Mbps
Fail/Total: 0/4

Detail performance results: 
+----------+-------------+---------+------------+------------------------------+
| num_cpus | num_threads | txd/rxd | frame_size |  throughput difference from  |
|          |             |         |            |           expected           |
+==========+=============+=========+============+==============================+
| 1        | 2           | 512     | 64         | -1.4%                        |
+----------+-------------+---------+------------+------------------------------+
| 1        | 2           | 2048    | 64         | 0.5%                         |
+----------+-------------+---------+------------+------------------------------+
| 1        | 1           | 512     | 64         | -2.5%                        |
+----------+-------------+---------+------------+------------------------------+
| 1        | 1           | 2048    | 64         | -1.9%                        |
+----------+-------------+---------+------------+------------------------------+

Ubuntu 24.04
Kernel: 6.8
Compiler: gcc gcc (Ubuntu 13.3.0-6ubuntu2~24.04) 13.3.0
NIC: Intel E810 (Arm Grace Server) 100000 Mbps
Fail/Total: 0/2

Detail performance results: 
+------------+---------+----------+-------------+------------------------------+
| frame_size | txd/rxd | num_cpus | num_threads |  throughput difference from  |
|            |         |          |             |           expected           |
+============+=========+==========+=============+==============================+
| 64         | 512     | 1        | 1           | 2.5%                         |
+------------+---------+----------+-------------+------------------------------+
| 64         | 2048    | 1        | 1           | 0.1%                         |
+------------+---------+----------+-------------+------------------------------+

To view detailed results, visit:
https://lab.dpdk.org/results/dashboard/patchsets/34326/

UNH-IOL DPDK Community Lab

To manage your email subscriptions, visit: 
https://lab.dpdk.org/results/dashboard/preferences/subscriptions/

^ permalink raw reply	[flat|nested] 26+ messages in thread

* |SUCCESS| pw157835-157836 [PATCH] [2/2] bpf: remove dependency on vl
       [not found] <20251019170040.166372-3-stephen@networkplumber.org>
                   ` (12 preceding siblings ...)
  2025-10-19 18:11 ` |PENDING| " dpdklab
@ 2025-10-19 18:12 ` dpdklab
  2025-10-19 18:12 ` dpdklab
                   ` (11 subsequent siblings)
  25 siblings, 0 replies; 26+ messages in thread
From: dpdklab @ 2025-10-19 18:12 UTC (permalink / raw)
  To: Test Report; +Cc: dpdk-test-reports

Test-Label: iol-intel-Functional
Test-Status: SUCCESS
http://dpdk.org/patch/157836

_Functional Testing PASS_

Submitter: Stephen Hemminger <stephen@networkplumber.org>
Date: Sunday, October 19 2025 16:59:47 
DPDK git baseline: Repo:dpdk
  Branch: master
  CommitID:97e2e198b96078a4732d468bf0a4e8ec45aa5717

157835-157836 --> functional testing pass

Upstream job id: Template-DTS-Pipeline#250297

Test environment and result as below:

Ubuntu 24.04
Kernel: 6.8
Compiler: gcc gcc (Ubuntu 13.3.0-6ubuntu2~24.04) 13.3.0
NIC: Intel E810 (Arm Grace Server) 100000 Mbps

Aggregate Results by Test Suite
+---------------------------------+--------+
|           Test Suite            | Result |
+=================================+========+
| blocklist                       |  PASS  |
+---------------------------------+--------+
| port_restart_config_persistency |  PASS  |
+---------------------------------+--------+
| uni_pkt                         |  PASS  |
+---------------------------------+--------+


Ubuntu 24.04 LTS
Kernel: 6.8.0-44-generic
Compiler: gcc 13.2.0
NIC: Intel Corporation Ethernet Controller XL710 for 40GbE QSFP+ 40 Mbps

Aggregate Results by Test Suite
+--------------------+--------+
|     Test Suite     | Result |
+====================+========+
| blocklist          |  PASS  |
+--------------------+--------+
| uni_pkt            |  PASS  |
+--------------------+--------+
| promisc_support    |  PASS  |
+--------------------+--------+
| dynamic_config     |  PASS  |
+--------------------+--------+
| dynamic_queue_conf |  PASS  |
+--------------------+--------+
| hello_world        |  PASS  |
+--------------------+--------+
| l2fwd              |  PASS  |
+--------------------+--------+
| softnic            |  PASS  |
+--------------------+--------+
| vlan               |  PASS  |
+--------------------+--------+


Ubuntu 24.04
Kernel: 6.8
Compiler: gcc gcc (Ubuntu 13.3.0-6ubuntu2~24.04) 13.3.0
NIC: Intel Corporation 4xxx Series QAT 0 Mbps

Aggregate Results by Test Suite
+----------------------------+--------+
|         Test Suite         | Result |
+============================+========+
| crypto_perf_cryptodev_perf |  PASS  |
+----------------------------+--------+


Ubuntu 20.04
Kernel: 5.4
Compiler: gcc gcc (Ubuntu 9.4.0-1ubuntu1~20.04.1) 9.4.0
NIC: Intel Corporation Ethernet Converged Network Adapter XL710-QDA2 40000 Mbps

Aggregate Results by Test Suite
+-----------------------------+--------+
|         Test Suite          | Result |
+=============================+========+
| unit_tests_mbuf             |  PASS  |
+-----------------------------+--------+
| vhost_virtio_user_interrupt |  PASS  |
+-----------------------------+--------+
| virtio_smoke                |  PASS  |
+-----------------------------+--------+


To view detailed results, visit:
https://lab.dpdk.org/results/dashboard/patchsets/34326/

UNH-IOL DPDK Community Lab

To manage your email subscriptions, visit: 
https://lab.dpdk.org/results/dashboard/preferences/subscriptions/

^ permalink raw reply	[flat|nested] 26+ messages in thread

* |FAILURE| pw157835-157836 [PATCH] [2/2] bpf: remove dependency on vl
       [not found] <20251019170040.166372-3-stephen@networkplumber.org>
                   ` (14 preceding siblings ...)
  2025-10-19 18:12 ` dpdklab
@ 2025-10-19 18:19 ` dpdklab
  2025-10-19 18:26 ` |SUCCESS| pw157836 [PATCH 2/2] bpf: remove dependency on vla 0-day Robot
                   ` (9 subsequent siblings)
  25 siblings, 0 replies; 26+ messages in thread
From: dpdklab @ 2025-10-19 18:19 UTC (permalink / raw)
  To: Test Report; +Cc: dpdk-test-reports, Stephen Hemminger

Test-Label: iol-unit-amd64-testing
Test-Status: FAILURE
http://dpdk.org/patch/157836

_Testing issues_

Submitter: Stephen Hemminger <stephen@networkplumber.org>
Date: Sunday, October 19 2025 16:59:47 
DPDK git baseline: Repo:dpdk
  Branch: master
  CommitID:97e2e198b96078a4732d468bf0a4e8ec45aa5717

157835-157836 --> testing issues

Upstream job id: Generic-Unit-Test-DPDK#383319

Test environment and result as below:

+-------------------------------+----------------+
|          Environment          | dpdk_unit_test |
+===============================+================+
| Ubuntu 20.04                  | PASS           |
+-------------------------------+----------------+
| Fedora Linux 40               | PEND           |
+-------------------------------+----------------+
| Fedora Linux 41               | PEND           |
+-------------------------------+----------------+
| Red Hat Enterprise Linux 9.5  | PASS           |
+-------------------------------+----------------+
| CentOS Stream 9               | PASS           |
+-------------------------------+----------------+
| Fedora Linux 42               | PEND           |
+-------------------------------+----------------+
| CentOS Stream 10              | FAIL           |
+-------------------------------+----------------+
| Debian GNU/Linux 12           | PEND           |
+-------------------------------+----------------+
| Ubuntu 22.04                  | PEND           |
+-------------------------------+----------------+
| Red Hat Enterprise Linux 8.10 | PEND           |
+-------------------------------+----------------+
| Ubuntu 24.04                  | PEND           |
+-------------------------------+----------------+
| Windows Server 2022           | PEND           |
+-------------------------------+----------------+

==== Unit test summary for CentOS Stream 10 (dpdk_unit_test): ====
ninja: Entering directory `/root/workspace/Generic-Unit-Test-DPDK/dpdk/build'
ninja: no work to do.
  1/120 DPDK:fast-tests / acl_autotest                   OK               2.71s
  2/120 DPDK:fast-tests / alarm_autotest                 OK               1.18s
  3/120 DPDK:fast-tests / argparse_autotest              OK               0.16s
  4/120 DPDK:fast-tests / atomic_autotest                OK               0.34s
  5/120 DPDK:fast-tests / bitcount_autotest              OK               0.18s
  6/120 DPDK:fast-tests / bitmap_autotest                OK               0.16s
  7/120 DPDK:fast-tests / bitops_autotest                OK               1.68s
  8/120 DPDK:fast-tests / bitratestats_autotest          OK               0.16s
  9/120 DPDK:fast-tests / bitset_autotest                OK               1.33s
 10/120 DPDK:fast-tests / bpf_autotest                   OK               0.16s
 11/120 DPDK:fast-tests / bpf_convert_autotest           OK               0.17s
 12/120 DPDK:fast-tests / byteorder_autotest             OK               0.16s
 13/120 DPDK:fast-tests / cfgfile_autotest               OK               0.16s
 14/120 DPDK:fast-tests / cksum_autotest                 OK               0.16s
 15/120 DPDK:fast-tests / cmdline_autotest               OK               0.17s
 16/120 DPDK:fast-tests / common_autotest                OK               0.46s
 17/120 DPDK:fast-tests / compressdev_autotest           SKIP             0.14s   exit status 77
 18/120 DPDK:fast-tests / cpuflags_autotest              OK               0.18s
 19/120 DPDK:fast-tests / crc_autotest                   OK               0.17s
 20/120 DPDK:fast-tests / user_delay_us                  OK               0.17s
 21/120 DPDK:fast-tests / debug_autotest                 OK               1.25s
 22/120 DPDK:fast-tests / devargs_autotest               OK               0.16s
 23/120 DPDK:fast-tests / dispatcher_autotest            SKIP             0.14s   exit status 77
 24/120 DPDK:fast-tests / distributor_autotest           OK               0.92s
 25/120 DPDK:fast-tests / eal_flags_c_opt_autotest       OK               0.74s
 26/120 DPDK:fast-tests / eal_flags_main_opt_autotest    OK               0.28s
 27/120 DPDK:fast-tests / eal_flags_n_opt_autotest       OK               0.46s
 28/120 DPDK:fast-tests / eal_flags_hpet_autotest        OK               0.20s
 29/120 DPDK:fast-tests / eal_flags_no_huge_autotest     OK               0.46s
 30/120 DPDK:fast-tests / eal_flags_a_opt_autotest       OK               0.37s
 31/120 DPDK:fast-tests / eal_flags_b_opt_autotest       OK               0.31s
 32/120 DPDK:fast-tests / eal_flags_vdev_opt_autotest    OK               0.55s
 33/120 DPDK:fast-tests / eal_flags_r_opt_autotest       OK               0.26s
 34/120 DPDK:fast-tests / eal_flags_mem_autotest         OK               0.71s
 35/120 DPDK:fast-tests / eal_flags_file_prefix_autotest OK               2.07s
 36/120 DPDK:fast-tests / eal_flags_misc_autotest        FAIL             2.72s   killed by signal 11 SIGSEGV
>>> MALLOC_PERTURB_=52 DPDK_TEST=eal_flags_misc_autotest /root/workspace/Generic-Unit-Test-DPDK/dpdk/build/app/dpdk-test

 37/120 DPDK:fast-tests / eal_fs_autotest                OK               0.21s
 38/120 DPDK:fast-tests / errno_autotest                 OK               0.17s
 39/120 DPDK:fast-tests / ethdev_link_status             OK               0.17s
 40/120 DPDK:fast-tests / event_eth_tx_adapter_autotest  OK               0.77s
 41/120 DPDK:fast-tests / event_ring_autotest            OK               0.20s
 42/120 DPDK:fast-tests / eventdev_common_autotest       OK               0.19s
 43/120 DPDK:fast-tests / eventdev_selftest_sw           OK               0.35s
 44/120 DPDK:fast-tests / fbarray_autotest               OK               0.18s
 45/120 DPDK:fast-tests / fib_autotest                   OK               1.55s
 46/120 DPDK:fast-tests / fib6_autotest                  OK               1.36s
 47/120 DPDK:fast-tests / func_reentrancy_autotest       OK               1.26s
 48/120 DPDK:fast-tests / graph_autotest                 OK               0.21s
 49/120 DPDK:fast-tests / node_list_dump                 OK               0.19s
 50/120 DPDK:fast-tests / graph_feature_arc_autotest     OK               0.19s
 51/120 DPDK:fast-tests / hash_autotest                  OK               0.46s
 52/120 DPDK:fast-tests / hash_readwrite_func_autotest   SKIP             0.15s   exit status 77
 53/120 DPDK:fast-tests / interrupt_autotest             OK               1.44s
 54/120 DPDK:fast-tests / ipfrag_autotest                OK               0.18s
 55/120 DPDK:fast-tests / ipsec_autotest                 SKIP             0.20s   exit status 77
 56/120 DPDK:fast-tests / kvargs_autotest                OK               0.19s
 57/120 DPDK:fast-tests / latencystats_autotest          OK               0.21s
 58/120 DPDK:fast-tests / lcore_var_autotest             OK               0.52s
 59/120 DPDK:fast-tests / lcores_autotest                OK               1.39s
 60/120 DPDK:fast-tests / logs_autotest                  OK               0.21s
 61/120 DPDK:fast-tests / lpm_autotest                   OK               1.17s
 62/120 DPDK:fast-tests / lpm6_autotest                  OK               3.52s
 63/120 DPDK:fast-tests / malloc_autotest                OK               0.39s
 64/120 DPDK:fast-tests / mbuf_autotest                  OK               0.65s
 65/120 DPDK:fast-tests / mcslock_autotest               OK               0.91s
 66/120 DPDK:fast-tests / member_autotest                OK               2.13s
 67/120 DPDK:fast-tests / memcpy_autotest                OK               4.11s
 68/120 DPDK:fast-tests / memory_autotest                OK               0.15s
 69/120 DPDK:fast-tests / mempool_autotest               OK               0.49s
 70/120 DPDK:fast-tests / memzone_autotest               OK               0.17s
 71/120 DPDK:fast-tests / meter_autotest                 OK               0.21s
 72/120 DPDK:fast-tests / metrics_autotest               OK               0.19s
 73/120 DPDK:fast-tests / multiprocess_autotest          OK               0.41s
 74/120 DPDK:fast-tests / net_ether_autotest             OK               0.84s
 75/120 DPDK:fast-tests / net_ipv6_autotest              OK               0.18s
 76/120 DPDK:fast-tests / pcapng_autotest                OK               6.15s
 77/120 DPDK:fast-tests / pdcp_autotest                  SKIP             0.16s   exit status 77
 78/120 DPDK:fast-tests / pdump_autotest                 OK               0.45s
 79/120 DPDK:fast-tests / per_lcore_autotest             OK               0.32s
 80/120 DPDK:fast-tests / pflock_autotest                OK               0.31s
 81/120 DPDK:fast-tests / pie_autotest                   OK               0.20s
 82/120 DPDK:fast-tests / ring_pmd_autotest              OK               0.20s
 83/120 DPDK:fast-tests / power_autotest                 OK               0.19s
 84/120 DPDK:fast-tests / power_cpufreq_autotest         SKIP             0.15s   exit status 77
 85/120 DPDK:fast-tests / power_intel_uncore_autotest    SKIP             0.21s   exit status 77
 86/120 DPDK:fast-tests / power_kvm_vm_autotest          SKIP             0.15s   exit status 77
 87/120 DPDK:fast-tests / prefetch_autotest              OK               0.21s
 88/120 DPDK:fast-tests / ptr_compress_autotest          OK               0.19s
 89/120 DPDK:fast-tests / rawdev_autotest                OK               0.17s
 90/120 DPDK:fast-tests / rcu_qsbr_autotest              OK               0.26s
 91/120 DPDK:fast-tests / reorder_autotest               OK               0.27s
 92/120 DPDK:fast-tests / rib_autotest                   OK               3.77s
 93/120 DPDK:fast-tests / rib6_autotest                  OK               3.77s
 94/120 DPDK:fast-tests / ring_autotest                  OK               0.17s
 95/120 DPDK:fast-tests / rwlock_test1_autotest          OK               0.27s
 96/120 DPDK:fast-tests / rwlock_rda_autotest            OK               5.17s
 97/120 DPDK:fast-tests / rwlock_rds_wrm_autotest        OK               5.17s
 98/120 DPDK:fast-tests / rwlock_rde_wro_autotest        OK               5.17s
 99/120 DPDK:fast-tests / sched_autotest                 OK               0.17s
100/120 DPDK:fast-tests / security_autotest              OK               0.15s
101/120 DPDK:fast-tests / seqlock_autotest               SKIP             0.18s   exit status 77
102/120 DPDK:fast-tests / service_autotest               OK               0.27s
103/120 DPDK:fast-tests / soring_autotest                OK               0.17s
104/120 DPDK:fast-tests / spinlock_autotest              OK               0.18s
105/120 DPDK:fast-tests / stack_autotest                 OK               0.18s
106/120 DPDK:fast-tests / stack_lf_autotest              OK               0.24s
107/120 DPDK:fast-tests / string_autotest                OK               0.19s
108/120 DPDK:fast-tests / table_autotest                 OK               4.39s
109/120 DPDK:fast-tests / tailq_autotest                 OK               0.17s
110/120 DPDK:fast-tests / telemetry_data_autotest        OK               0.17s
111/120 DPDK:fast-tests / telemetry_json_autotest        OK               0.17s
112/120 DPDK:fast-tests / thash_autotest                 OK               0.18s
113/120 DPDK:fast-tests / threads_autotest               OK               0.34s
114/120 DPDK:fast-tests / ticketlock_autotest            OK               0.18s
115/120 DPDK:fast-tests / timer_autotest                 OK               2.48s
116/120 DPDK:fast-tests / trace_autotest                 OK               0.18s
117/120 DPDK:fast-tests / trace_autotest_with_traces     OK               0.18s
118/120 DPDK:fast-tests / vdev_autotest                  OK               0.17s
119/120 DPDK:fast-tests / version_autotest               OK               0.16s
120/120 DPDK:fast-tests / telemetry_all                  SKIP             0.01s   exit status 77


Ok:                 109 
Expected Fail:      0   
Fail:               1   
Unexpected Pass:    0   
Skipped:            10  
Timeout:            0   

Full log written to /root/workspace/Generic-Unit-Test-DPDK/dpdk/build/meson-logs/testlog.txt



Test log output from the failed test eal_flags_misc_autotest:

Sorry, we were not able to find the logs for this test.
Download the log output from the CI site for this test run.
==== End log output ====

Ubuntu 20.04
	Kernel: 5.15
	Compiler: gcc gcc (Ubuntu 9.4.0-1ubuntu1~20.04.2) 9.4.0

Fedora Linux 40
	Kernel: 5.15
	Compiler: gcc gcc (GCC) 14.2.1 20240912 (Red Hat 14.2.1-3)

Fedora Linux 41
	Kernel: 5.15
	Compiler: gcc gcc (GCC) 14.3.1 20250523 (Red Hat 14.3.1-1)

Red Hat Enterprise Linux 9.5
	Kernel: 5.15
	Compiler: gcc gcc (GCC) 11.5.0 20240719 (Red Hat 11.5.0-2)

CentOS Stream 9
	Kernel: 5.15
	Compiler: gcc gcc (GCC) 11.5.0 20240719 (Red Hat 11.5.0-11)

Fedora Linux 42
	Kernel: 5.15
	Compiler: gcc gcc (GCC) 15.2.1 20250808 (Red Hat 15.2.1-1)

CentOS Stream 10
	Kernel: 5.15
	Compiler: gcc gcc (GCC) 14.2.1 20250110 (Red Hat 14.2.1-8)

Debian GNU/Linux 12
	Kernel: 5.15
	Compiler: gcc gcc (Debian 12.2.0-14+deb12u1) 12.2.0

Ubuntu 22.04
	Kernel: 5.15
	Compiler: gcc gcc (Ubuntu 11.4.0-1ubuntu1~22.04) 11.4.0

Red Hat Enterprise Linux 8.10
	Kernel: 5.15
	Compiler: gcc gcc (GCC) 8.5.0 20210514 (Red Hat 8.5.0-22)

Ubuntu 24.04
	Kernel: 5.15
	Compiler: gcc gcc (Ubuntu 13.3.0-6ubuntu2~24.04) 13.3.0

Windows Server 2022
	Kernel: 10.0.20348.2031
	Compiler: clang 15.0.7, gcc 14.1.0 (MinGW), and MSVC VS 19.39.33521

To view detailed results, visit:
https://lab.dpdk.org/results/dashboard/patchsets/34326/

UNH-IOL DPDK Community Lab

To manage your email subscriptions, visit: 
https://lab.dpdk.org/results/dashboard/preferences/subscriptions/

^ permalink raw reply	[flat|nested] 26+ messages in thread

* |SUCCESS| pw157836 [PATCH 2/2] bpf: remove dependency on vla
       [not found] <20251019170040.166372-3-stephen@networkplumber.org>
                   ` (15 preceding siblings ...)
  2025-10-19 18:19 ` |FAILURE| " dpdklab
@ 2025-10-19 18:26 ` 0-day Robot
  2025-10-19 18:26 ` 0-day Robot
                   ` (8 subsequent siblings)
  25 siblings, 0 replies; 26+ messages in thread
From: 0-day Robot @ 2025-10-19 18:26 UTC (permalink / raw)
  To: test-report; +Cc: robot

From: robot@bytheb.org

Test-Label: github-robot: build
Test-Status: SUCCESS
http://patchwork.dpdk.org/patch/157836/

_github build: passed_
Build URL: https://github.com/ovsrobot/dpdk/actions/runs/18633928713

^ permalink raw reply	[flat|nested] 26+ messages in thread

* |SUCCESS| pw157836 [PATCH 2/2] bpf: remove dependency on vla
       [not found] <20251019170040.166372-3-stephen@networkplumber.org>
                   ` (16 preceding siblings ...)
  2025-10-19 18:26 ` |SUCCESS| pw157836 [PATCH 2/2] bpf: remove dependency on vla 0-day Robot
@ 2025-10-19 18:26 ` 0-day Robot
  2025-10-19 18:28 ` |SUCCESS| pw157835-157836 [PATCH] [2/2] bpf: remove dependency on vl dpdklab
                   ` (7 subsequent siblings)
  25 siblings, 0 replies; 26+ messages in thread
From: 0-day Robot @ 2025-10-19 18:26 UTC (permalink / raw)
  To: test-report; +Cc: robot

From: robot@bytheb.org

Test-Label: github-robot-post
Test-Status: SUCCESS
http://patchwork.dpdk.org/patch/157836/

_github post: success_
HTML Link: https://github.com/ovsrobot/dpdk/pull/212

^ permalink raw reply	[flat|nested] 26+ messages in thread

* |SUCCESS| pw157835-157836 [PATCH] [2/2] bpf: remove dependency on vl
       [not found] <20251019170040.166372-3-stephen@networkplumber.org>
                   ` (17 preceding siblings ...)
  2025-10-19 18:26 ` 0-day Robot
@ 2025-10-19 18:28 ` dpdklab
  2025-10-19 18:32 ` |FAILURE| " dpdklab
                   ` (6 subsequent siblings)
  25 siblings, 0 replies; 26+ messages in thread
From: dpdklab @ 2025-10-19 18:28 UTC (permalink / raw)
  To: Test Report; +Cc: dpdk-test-reports

Test-Label: iol-sample-apps-testing
Test-Status: SUCCESS
http://dpdk.org/patch/157836

_Testing PASS_

Submitter: Stephen Hemminger <stephen@networkplumber.org>
Date: Sunday, October 19 2025 16:59:47 
DPDK git baseline: Repo:dpdk
  Branch: master
  CommitID:97e2e198b96078a4732d468bf0a4e8ec45aa5717

157835-157836 --> testing pass

Upstream job id: ACVP-FIPS-testing#11490

Test environment and result as below:

+--------------+----------------------+----------------------+
| Environment  | compressdev_zlib_pmd | dpdk_fips_validation |
+==============+======================+======================+
| Ubuntu 22.04 | PASS                 | SKIPPED              |
+--------------+----------------------+----------------------+
| Ubuntu 20.04 | SKIPPED              | PASS                 |
+--------------+----------------------+----------------------+


Ubuntu 22.04
	Kernel: 5.15
	Compiler: gcc gcc (Ubuntu 11.4.0-1ubuntu1~22.04.2) 11.4.0

Ubuntu 20.04
	Kernel: 5.15
	Compiler: gcc gcc (Ubuntu 9.4.0-1ubuntu1~20.04.2) 9.4.0

To view detailed results, visit:
https://lab.dpdk.org/results/dashboard/patchsets/34326/

UNH-IOL DPDK Community Lab

To manage your email subscriptions, visit: 
https://lab.dpdk.org/results/dashboard/preferences/subscriptions/

^ permalink raw reply	[flat|nested] 26+ messages in thread

* |FAILURE| pw157835-157836 [PATCH] [2/2] bpf: remove dependency on vl
       [not found] <20251019170040.166372-3-stephen@networkplumber.org>
                   ` (18 preceding siblings ...)
  2025-10-19 18:28 ` |SUCCESS| pw157835-157836 [PATCH] [2/2] bpf: remove dependency on vl dpdklab
@ 2025-10-19 18:32 ` dpdklab
  2025-10-19 18:36 ` |SUCCESS| " dpdklab
                   ` (5 subsequent siblings)
  25 siblings, 0 replies; 26+ messages in thread
From: dpdklab @ 2025-10-19 18:32 UTC (permalink / raw)
  To: Test Report; +Cc: dpdk-test-reports, Stephen Hemminger

Test-Label: iol-compile-amd64-testing
Test-Status: FAILURE
http://dpdk.org/patch/157836

_Testing issues_

Submitter: Stephen Hemminger <stephen@networkplumber.org>
Date: Sunday, October 19 2025 16:59:47 
DPDK git baseline: Repo:dpdk
  Branch: master
  CommitID:97e2e198b96078a4732d468bf0a4e8ec45aa5717

157835-157836 --> testing issues

Upstream job id: Generic-DPDK-Compile-Meson#436007

Test environment and result as below:

+-------------------------------+--------------------+------------------+-------------------+-------------------+-------------------------+----------------------+
|          Environment          | dpdk_meson_compile | dpdk_compile_ovs | dpdk_compile_spdk | dpdk_msvc_compile | dpdk_llvm_clang_compile | dpdk_mingw64_compile |
+===============================+====================+==================+===================+===================+=========================+======================+
| Fedora Linux 42               | PASS               | PASS             | WARN              | SKIPPED           | SKIPPED                 | SKIPPED              |
+-------------------------------+--------------------+------------------+-------------------+-------------------+-------------------------+----------------------+
| CentOS Stream 10              | PASS               | SKIPPED          | SKIPPED           | SKIPPED           | SKIPPED                 | SKIPPED              |
+-------------------------------+--------------------+------------------+-------------------+-------------------+-------------------------+----------------------+
| CentOS Stream 9               | PASS               | SKIPPED          | WARN              | SKIPPED           | SKIPPED                 | SKIPPED              |
+-------------------------------+--------------------+------------------+-------------------+-------------------+-------------------------+----------------------+
| Ubuntu 20.04                  | PASS               | SKIPPED          | SKIPPED           | SKIPPED           | SKIPPED                 | SKIPPED              |
+-------------------------------+--------------------+------------------+-------------------+-------------------+-------------------------+----------------------+
| Red Hat Enterprise Linux 8.10 | PASS               | SKIPPED          | SKIPPED           | SKIPPED           | SKIPPED                 | SKIPPED              |
+-------------------------------+--------------------+------------------+-------------------+-------------------+-------------------------+----------------------+
| Red Hat Enterprise Linux 9.5  | PASS               | SKIPPED          | SKIPPED           | SKIPPED           | SKIPPED                 | SKIPPED              |
+-------------------------------+--------------------+------------------+-------------------+-------------------+-------------------------+----------------------+
| FreeBSD 14.2                  | FAIL               | SKIPPED          | SKIPPED           | SKIPPED           | SKIPPED                 | SKIPPED              |
+-------------------------------+--------------------+------------------+-------------------+-------------------+-------------------------+----------------------+
| openSUSE Leap 15.6            | PASS               | SKIPPED          | SKIPPED           | SKIPPED           | SKIPPED                 | SKIPPED              |
+-------------------------------+--------------------+------------------+-------------------+-------------------+-------------------------+----------------------+
| Ubuntu 24.04                  | PASS               | PASS             | WARN              | SKIPPED           | SKIPPED                 | SKIPPED              |
+-------------------------------+--------------------+------------------+-------------------+-------------------+-------------------------+----------------------+
| Alpine Linux 3.22.0           | PASS               | SKIPPED          | SKIPPED           | SKIPPED           | SKIPPED                 | SKIPPED              |
+-------------------------------+--------------------+------------------+-------------------+-------------------+-------------------------+----------------------+
| Ubuntu 22.04                  | PASS               | SKIPPED          | WARN              | SKIPPED           | SKIPPED                 | SKIPPED              |
+-------------------------------+--------------------+------------------+-------------------+-------------------+-------------------------+----------------------+
| Debian GNU/Linux 12           | PASS               | SKIPPED          | WARN              | SKIPPED           | SKIPPED                 | SKIPPED              |
+-------------------------------+--------------------+------------------+-------------------+-------------------+-------------------------+----------------------+
| Windows Server 2022           | SKIPPED            | SKIPPED          | SKIPPED           | PASS              | PASS                    | PASS                 |
+-------------------------------+--------------------+------------------+-------------------+-------------------+-------------------------+----------------------+

==== 20 line log output for Debian GNU/Linux 12 (dpdk_compile_spdk): ====
 --- Failed to get log output --- 
==== End log output ====

Fedora Linux 42
	Kernel: 5.15
	Compiler: gcc gcc (GCC) 15.2.1 20250808 (Red Hat 15.2.1-1)

CentOS Stream 10
	Kernel: 5.15
	Compiler: gcc gcc (GCC) 14.2.1 20250110 (Red Hat 14.2.1-8)

CentOS Stream 9
	Kernel: 5.15
	Compiler: gcc gcc (GCC) 11.5.0 20240719 (Red Hat 11.5.0-11)

Ubuntu 20.04
	Kernel: 4.19
	Compiler: gcc gcc (Ubuntu 9.4.0-1ubuntu1~20.04.2) 9.4.0

Red Hat Enterprise Linux 8.10
	Kernel: 5.15
	Compiler: gcc gcc (GCC) 8.5.0 20210514 (Red Hat 8.5.0-22)

Red Hat Enterprise Linux 9.5
	Kernel: 5.15
	Compiler: gcc gcc (GCC) 11.5.0 20240719 (Red Hat 11.5.0-2)

FreeBSD 14.2
	Kernel: 14.2-RELEASE
	Compiler: clang 18.1.6

openSUSE Leap 15.6
	Kernel: 5.15
	Compiler: gcc gcc (SUSE Linux) 7.5.0

Ubuntu 24.04
	Kernel: 5.15
	Compiler: gcc gcc (Ubuntu 13.3.0-6ubuntu2~24.04) 13.3.0

Alpine Linux 3.22.0
	Kernel: 5.15
	Compiler: gcc gcc (Alpine 14.2.0) 14.2.0

Ubuntu 22.04
	Kernel: 5.15
	Compiler: gcc gcc (Ubuntu 11.4.0-1ubuntu1~22.04) 11.4.0

Debian GNU/Linux 12
	Kernel: 5.15
	Compiler: gcc gcc (Debian 12.2.0-14+deb12u1) 12.2.0

Windows Server 2022
	Kernel: 10.0.20348.2031
	Compiler: clang 15.0.7, gcc 14.1.0 (MinGW), and MSVC VS 19.39.33521

To view detailed results, visit:
https://lab.dpdk.org/results/dashboard/patchsets/34326/

UNH-IOL DPDK Community Lab

To manage your email subscriptions, visit: 
https://lab.dpdk.org/results/dashboard/preferences/subscriptions/

^ permalink raw reply	[flat|nested] 26+ messages in thread

* |SUCCESS| pw157835-157836 [PATCH] [2/2] bpf: remove dependency on vl
       [not found] <20251019170040.166372-3-stephen@networkplumber.org>
                   ` (19 preceding siblings ...)
  2025-10-19 18:32 ` |FAILURE| " dpdklab
@ 2025-10-19 18:36 ` dpdklab
  2025-10-19 18:36 ` |FAILURE| " dpdklab
                   ` (4 subsequent siblings)
  25 siblings, 0 replies; 26+ messages in thread
From: dpdklab @ 2025-10-19 18:36 UTC (permalink / raw)
  To: Test Report; +Cc: dpdk-test-reports

Test-Label: iol-broadcom-Performance
Test-Status: SUCCESS
http://dpdk.org/patch/157836

_Performance Testing PASS_

Submitter: Stephen Hemminger <stephen@networkplumber.org>
Date: Sunday, October 19 2025 16:59:47 
DPDK git baseline: Repo:dpdk
  Branch: master
  CommitID:97e2e198b96078a4732d468bf0a4e8ec45aa5717

157835-157836 --> performance testing pass

Upstream job id: Template-DTS-Pipeline#250295

Test environment and result as below:

Ubuntu 22.04
Kernel: 5.15
Compiler: gcc gcc (Ubuntu 11.4.0-1ubuntu1~22.04) 11.4.0
NIC: Broadcom Inc. and subsidiaries BCM57414 NetXtreme-E 10Gb/25Gb RDMA Ethernet Controller 16d7 25 Mbps
Fail/Total: 0/3

Detail performance results: 
+------------+---------+----------+-------------+------------------------------+
| frame_size | txd/rxd | num_cpus | num_threads |  throughput difference from  |
|            |         |          |             |           expected           |
+============+=========+==========+=============+==============================+
| 64         | 128     | 1        | 1           | 0.8%                         |
+------------+---------+----------+-------------+------------------------------+
| 64         | 512     | 1        | 1           | -0.2%                        |
+------------+---------+----------+-------------+------------------------------+
| 64         | 2048    | 1        | 1           | 0.2%                         |
+------------+---------+----------+-------------+------------------------------+

Ubuntu 22.04
Kernel: 5.15
Compiler: gcc gcc (Ubuntu 11.4.0-1ubuntu1~22.04.2) 11.4.0
NIC: Arm Broadcom Inc. brcm_57414 25000 Mbps
Fail/Total: 0/2

Detail performance results: 
+------------+---------+----------+-------------+------------------------------+
| frame_size | txd/rxd | num_cpus | num_threads |  throughput difference from  |
|            |         |          |             |           expected           |
+============+=========+==========+=============+==============================+
| 64         | 512     | 1        | 1           | 0.3%                         |
+------------+---------+----------+-------------+------------------------------+
| 64         | 2048    | 1        | 1           | -0.1%                        |
+------------+---------+----------+-------------+------------------------------+

To view detailed results, visit:
https://lab.dpdk.org/results/dashboard/patchsets/34326/

UNH-IOL DPDK Community Lab

To manage your email subscriptions, visit: 
https://lab.dpdk.org/results/dashboard/preferences/subscriptions/

^ permalink raw reply	[flat|nested] 26+ messages in thread

* |FAILURE| pw157835-157836 [PATCH] [2/2] bpf: remove dependency on vl
       [not found] <20251019170040.166372-3-stephen@networkplumber.org>
                   ` (20 preceding siblings ...)
  2025-10-19 18:36 ` |SUCCESS| " dpdklab
@ 2025-10-19 18:36 ` dpdklab
  2025-10-19 18:48 ` |SUCCESS| " dpdklab
                   ` (3 subsequent siblings)
  25 siblings, 0 replies; 26+ messages in thread
From: dpdklab @ 2025-10-19 18:36 UTC (permalink / raw)
  To: Test Report; +Cc: dpdk-test-reports, Stephen Hemminger

Test-Label: iol-unit-amd64-testing
Test-Status: FAILURE
http://dpdk.org/patch/157836

_Testing issues_

Submitter: Stephen Hemminger <stephen@networkplumber.org>
Date: Sunday, October 19 2025 16:59:47 
DPDK git baseline: Repo:dpdk
  Branch: master
  CommitID:97e2e198b96078a4732d468bf0a4e8ec45aa5717

157835-157836 --> testing issues

Upstream job id: Generic-VM-Unit-Test-DPDK#31925

Test environment and result as below:

+-------------------------------+----------------+
|          Environment          | dpdk_unit_test |
+===============================+================+
| Ubuntu 20.04                  | PASS           |
+-------------------------------+----------------+
| Fedora Linux 40               | PASS           |
+-------------------------------+----------------+
| Fedora Linux 41               | PASS           |
+-------------------------------+----------------+
| Red Hat Enterprise Linux 9.5  | PASS           |
+-------------------------------+----------------+
| CentOS Stream 9               | PASS           |
+-------------------------------+----------------+
| Fedora Linux 42               | PASS           |
+-------------------------------+----------------+
| CentOS Stream 10              | FAIL           |
+-------------------------------+----------------+
| Debian GNU/Linux 12           | PASS           |
+-------------------------------+----------------+
| Ubuntu 22.04                  | PASS           |
+-------------------------------+----------------+
| Red Hat Enterprise Linux 8.10 | PASS           |
+-------------------------------+----------------+
| Ubuntu 24.04                  | PASS           |
+-------------------------------+----------------+
| Windows Server 2022           | PASS           |
+-------------------------------+----------------+

==== Unit test summary for CentOS Stream 10 (dpdk_unit_test): ====
ninja: Entering directory `/root/workspace/Generic-Unit-Test-DPDK/dpdk/build'
ninja: no work to do.
  1/120 DPDK:fast-tests / acl_autotest                   OK               2.71s
  2/120 DPDK:fast-tests / alarm_autotest                 OK               1.18s
  3/120 DPDK:fast-tests / argparse_autotest              OK               0.16s
  4/120 DPDK:fast-tests / atomic_autotest                OK               0.34s
  5/120 DPDK:fast-tests / bitcount_autotest              OK               0.18s
  6/120 DPDK:fast-tests / bitmap_autotest                OK               0.16s
  7/120 DPDK:fast-tests / bitops_autotest                OK               1.68s
  8/120 DPDK:fast-tests / bitratestats_autotest          OK               0.16s
  9/120 DPDK:fast-tests / bitset_autotest                OK               1.33s
 10/120 DPDK:fast-tests / bpf_autotest                   OK               0.16s
 11/120 DPDK:fast-tests / bpf_convert_autotest           OK               0.17s
 12/120 DPDK:fast-tests / byteorder_autotest             OK               0.16s
 13/120 DPDK:fast-tests / cfgfile_autotest               OK               0.16s
 14/120 DPDK:fast-tests / cksum_autotest                 OK               0.16s
 15/120 DPDK:fast-tests / cmdline_autotest               OK               0.17s
 16/120 DPDK:fast-tests / common_autotest                OK               0.46s
 17/120 DPDK:fast-tests / compressdev_autotest           SKIP             0.14s   exit status 77
 18/120 DPDK:fast-tests / cpuflags_autotest              OK               0.18s
 19/120 DPDK:fast-tests / crc_autotest                   OK               0.17s
 20/120 DPDK:fast-tests / user_delay_us                  OK               0.17s
 21/120 DPDK:fast-tests / debug_autotest                 OK               1.25s
 22/120 DPDK:fast-tests / devargs_autotest               OK               0.16s
 23/120 DPDK:fast-tests / dispatcher_autotest            SKIP             0.14s   exit status 77
 24/120 DPDK:fast-tests / distributor_autotest           OK               0.92s
 25/120 DPDK:fast-tests / eal_flags_c_opt_autotest       OK               0.74s
 26/120 DPDK:fast-tests / eal_flags_main_opt_autotest    OK               0.28s
 27/120 DPDK:fast-tests / eal_flags_n_opt_autotest       OK               0.46s
 28/120 DPDK:fast-tests / eal_flags_hpet_autotest        OK               0.20s
 29/120 DPDK:fast-tests / eal_flags_no_huge_autotest     OK               0.46s
 30/120 DPDK:fast-tests / eal_flags_a_opt_autotest       OK               0.37s
 31/120 DPDK:fast-tests / eal_flags_b_opt_autotest       OK               0.31s
 32/120 DPDK:fast-tests / eal_flags_vdev_opt_autotest    OK               0.55s
 33/120 DPDK:fast-tests / eal_flags_r_opt_autotest       OK               0.26s
 34/120 DPDK:fast-tests / eal_flags_mem_autotest         OK               0.71s
 35/120 DPDK:fast-tests / eal_flags_file_prefix_autotest OK               2.07s
 36/120 DPDK:fast-tests / eal_flags_misc_autotest        FAIL             2.72s   killed by signal 11 SIGSEGV
>>> MALLOC_PERTURB_=52 DPDK_TEST=eal_flags_misc_autotest /root/workspace/Generic-Unit-Test-DPDK/dpdk/build/app/dpdk-test

 37/120 DPDK:fast-tests / eal_fs_autotest                OK               0.21s
 38/120 DPDK:fast-tests / errno_autotest                 OK               0.17s
 39/120 DPDK:fast-tests / ethdev_link_status             OK               0.17s
 40/120 DPDK:fast-tests / event_eth_tx_adapter_autotest  OK               0.77s
 41/120 DPDK:fast-tests / event_ring_autotest            OK               0.20s
 42/120 DPDK:fast-tests / eventdev_common_autotest       OK               0.19s
 43/120 DPDK:fast-tests / eventdev_selftest_sw           OK               0.35s
 44/120 DPDK:fast-tests / fbarray_autotest               OK               0.18s
 45/120 DPDK:fast-tests / fib_autotest                   OK               1.55s
 46/120 DPDK:fast-tests / fib6_autotest                  OK               1.36s
 47/120 DPDK:fast-tests / func_reentrancy_autotest       OK               1.26s
 48/120 DPDK:fast-tests / graph_autotest                 OK               0.21s
 49/120 DPDK:fast-tests / node_list_dump                 OK               0.19s
 50/120 DPDK:fast-tests / graph_feature_arc_autotest     OK               0.19s
 51/120 DPDK:fast-tests / hash_autotest                  OK               0.46s
 52/120 DPDK:fast-tests / hash_readwrite_func_autotest   SKIP             0.15s   exit status 77
 53/120 DPDK:fast-tests / interrupt_autotest             OK               1.44s
 54/120 DPDK:fast-tests / ipfrag_autotest                OK               0.18s
 55/120 DPDK:fast-tests / ipsec_autotest                 SKIP             0.20s   exit status 77
 56/120 DPDK:fast-tests / kvargs_autotest                OK               0.19s
 57/120 DPDK:fast-tests / latencystats_autotest          OK               0.21s
 58/120 DPDK:fast-tests / lcore_var_autotest             OK               0.52s
 59/120 DPDK:fast-tests / lcores_autotest                OK               1.39s
 60/120 DPDK:fast-tests / logs_autotest                  OK               0.21s
 61/120 DPDK:fast-tests / lpm_autotest                   OK               1.17s
 62/120 DPDK:fast-tests / lpm6_autotest                  OK               3.52s
 63/120 DPDK:fast-tests / malloc_autotest                OK               0.39s
 64/120 DPDK:fast-tests / mbuf_autotest                  OK               0.65s
 65/120 DPDK:fast-tests / mcslock_autotest               OK               0.91s
 66/120 DPDK:fast-tests / member_autotest                OK               2.13s
 67/120 DPDK:fast-tests / memcpy_autotest                OK               4.11s
 68/120 DPDK:fast-tests / memory_autotest                OK               0.15s
 69/120 DPDK:fast-tests / mempool_autotest               OK               0.49s
 70/120 DPDK:fast-tests / memzone_autotest               OK               0.17s
 71/120 DPDK:fast-tests / meter_autotest                 OK               0.21s
 72/120 DPDK:fast-tests / metrics_autotest               OK               0.19s
 73/120 DPDK:fast-tests / multiprocess_autotest          OK               0.41s
 74/120 DPDK:fast-tests / net_ether_autotest             OK               0.84s
 75/120 DPDK:fast-tests / net_ipv6_autotest              OK               0.18s
 76/120 DPDK:fast-tests / pcapng_autotest                OK               6.15s
 77/120 DPDK:fast-tests / pdcp_autotest                  SKIP             0.16s   exit status 77
 78/120 DPDK:fast-tests / pdump_autotest                 OK               0.45s
 79/120 DPDK:fast-tests / per_lcore_autotest             OK               0.32s
 80/120 DPDK:fast-tests / pflock_autotest                OK               0.31s
 81/120 DPDK:fast-tests / pie_autotest                   OK               0.20s
 82/120 DPDK:fast-tests / ring_pmd_autotest              OK               0.20s
 83/120 DPDK:fast-tests / power_autotest                 OK               0.19s
 84/120 DPDK:fast-tests / power_cpufreq_autotest         SKIP             0.15s   exit status 77
 85/120 DPDK:fast-tests / power_intel_uncore_autotest    SKIP             0.21s   exit status 77
 86/120 DPDK:fast-tests / power_kvm_vm_autotest          SKIP             0.15s   exit status 77
 87/120 DPDK:fast-tests / prefetch_autotest              OK               0.21s
 88/120 DPDK:fast-tests / ptr_compress_autotest          OK               0.19s
 89/120 DPDK:fast-tests / rawdev_autotest                OK               0.17s
 90/120 DPDK:fast-tests / rcu_qsbr_autotest              OK               0.26s
 91/120 DPDK:fast-tests / reorder_autotest               OK               0.27s
 92/120 DPDK:fast-tests / rib_autotest                   OK               3.77s
 93/120 DPDK:fast-tests / rib6_autotest                  OK               3.77s
 94/120 DPDK:fast-tests / ring_autotest                  OK               0.17s
 95/120 DPDK:fast-tests / rwlock_test1_autotest          OK               0.27s
 96/120 DPDK:fast-tests / rwlock_rda_autotest            OK               5.17s
 97/120 DPDK:fast-tests / rwlock_rds_wrm_autotest        OK               5.17s
 98/120 DPDK:fast-tests / rwlock_rde_wro_autotest        OK               5.17s
 99/120 DPDK:fast-tests / sched_autotest                 OK               0.17s
100/120 DPDK:fast-tests / security_autotest              OK               0.15s
101/120 DPDK:fast-tests / seqlock_autotest               SKIP             0.18s   exit status 77
102/120 DPDK:fast-tests / service_autotest               OK               0.27s
103/120 DPDK:fast-tests / soring_autotest                OK               0.17s
104/120 DPDK:fast-tests / spinlock_autotest              OK               0.18s
105/120 DPDK:fast-tests / stack_autotest                 OK               0.18s
106/120 DPDK:fast-tests / stack_lf_autotest              OK               0.24s
107/120 DPDK:fast-tests / string_autotest                OK               0.19s
108/120 DPDK:fast-tests / table_autotest                 OK               4.39s
109/120 DPDK:fast-tests / tailq_autotest                 OK               0.17s
110/120 DPDK:fast-tests / telemetry_data_autotest        OK               0.17s
111/120 DPDK:fast-tests / telemetry_json_autotest        OK               0.17s
112/120 DPDK:fast-tests / thash_autotest                 OK               0.18s
113/120 DPDK:fast-tests / threads_autotest               OK               0.34s
114/120 DPDK:fast-tests / ticketlock_autotest            OK               0.18s
115/120 DPDK:fast-tests / timer_autotest                 OK               2.48s
116/120 DPDK:fast-tests / trace_autotest                 OK               0.18s
117/120 DPDK:fast-tests / trace_autotest_with_traces     OK               0.18s
118/120 DPDK:fast-tests / vdev_autotest                  OK               0.17s
119/120 DPDK:fast-tests / version_autotest               OK               0.16s
120/120 DPDK:fast-tests / telemetry_all                  SKIP             0.01s   exit status 77


Ok:                 109 
Expected Fail:      0   
Fail:               1   
Unexpected Pass:    0   
Skipped:            10  
Timeout:            0   

Full log written to /root/workspace/Generic-Unit-Test-DPDK/dpdk/build/meson-logs/testlog.txt



Test log output from the failed test eal_flags_misc_autotest:

Sorry, we were not able to find the logs for this test.
Download the log output from the CI site for this test run.
==== End log output ====

Ubuntu 20.04
	Kernel: 5.15
	Compiler: gcc gcc (Ubuntu 9.4.0-1ubuntu1~20.04.2) 9.4.0

Fedora Linux 40
	Kernel: 5.15
	Compiler: gcc gcc (GCC) 14.2.1 20240912 (Red Hat 14.2.1-3)

Fedora Linux 41
	Kernel: 5.15
	Compiler: gcc gcc (GCC) 14.3.1 20250523 (Red Hat 14.3.1-1)

Red Hat Enterprise Linux 9.5
	Kernel: 5.15
	Compiler: gcc gcc (GCC) 11.5.0 20240719 (Red Hat 11.5.0-2)

CentOS Stream 9
	Kernel: 5.15
	Compiler: gcc gcc (GCC) 11.5.0 20240719 (Red Hat 11.5.0-11)

Fedora Linux 42
	Kernel: 5.15
	Compiler: gcc gcc (GCC) 15.2.1 20250808 (Red Hat 15.2.1-1)

CentOS Stream 10
	Kernel: 5.15
	Compiler: gcc gcc (GCC) 14.2.1 20250110 (Red Hat 14.2.1-8)

Debian GNU/Linux 12
	Kernel: 5.15
	Compiler: gcc gcc (Debian 12.2.0-14+deb12u1) 12.2.0

Ubuntu 22.04
	Kernel: 5.15
	Compiler: gcc gcc (Ubuntu 11.4.0-1ubuntu1~22.04) 11.4.0

Red Hat Enterprise Linux 8.10
	Kernel: 5.15
	Compiler: gcc gcc (GCC) 8.5.0 20210514 (Red Hat 8.5.0-22)

Ubuntu 24.04
	Kernel: 5.15
	Compiler: gcc gcc (Ubuntu 13.3.0-6ubuntu2~24.04) 13.3.0

Windows Server 2022
	Kernel: 10.0.20348.2031
	Compiler: clang 15.0.7, gcc 14.1.0 (MinGW), and MSVC VS 19.39.33521

To view detailed results, visit:
https://lab.dpdk.org/results/dashboard/patchsets/34326/

UNH-IOL DPDK Community Lab

To manage your email subscriptions, visit: 
https://lab.dpdk.org/results/dashboard/preferences/subscriptions/

^ permalink raw reply	[flat|nested] 26+ messages in thread

* |SUCCESS| pw157835-157836 [PATCH] [2/2] bpf: remove dependency on vl
       [not found] <20251019170040.166372-3-stephen@networkplumber.org>
                   ` (21 preceding siblings ...)
  2025-10-19 18:36 ` |FAILURE| " dpdklab
@ 2025-10-19 18:48 ` dpdklab
  2025-10-19 18:55 ` dpdklab
                   ` (2 subsequent siblings)
  25 siblings, 0 replies; 26+ messages in thread
From: dpdklab @ 2025-10-19 18:48 UTC (permalink / raw)
  To: Test Report; +Cc: dpdk-test-reports

Test-Label: iol-sample-apps-testing
Test-Status: SUCCESS
http://dpdk.org/patch/157836

_Testing PASS_

Submitter: Stephen Hemminger <stephen@networkplumber.org>
Date: Sunday, October 19 2025 16:59:47 
DPDK git baseline: Repo:dpdk
  Branch: master
  CommitID:97e2e198b96078a4732d468bf0a4e8ec45aa5717

157835-157836 --> testing pass

Upstream job id: Template-DTS-Pipeline#250301

Test environment and result as below:

+--------------+----------------------+----------------------+
| Environment  | compressdev_zlib_pmd | dpdk_fips_validation |
+==============+======================+======================+
| Ubuntu 22.04 | PASS                 | SKIPPED              |
+--------------+----------------------+----------------------+
| Ubuntu 20.04 | SKIPPED              | PASS                 |
+--------------+----------------------+----------------------+


Ubuntu 22.04
	Kernel: 5.15
	Compiler: gcc gcc (Ubuntu 11.4.0-1ubuntu1~22.04.2) 11.4.0

Ubuntu 20.04
	Kernel: 5.15
	Compiler: gcc gcc (Ubuntu 9.4.0-1ubuntu1~20.04.2) 9.4.0

To view detailed results, visit:
https://lab.dpdk.org/results/dashboard/patchsets/34326/

UNH-IOL DPDK Community Lab

To manage your email subscriptions, visit: 
https://lab.dpdk.org/results/dashboard/preferences/subscriptions/

^ permalink raw reply	[flat|nested] 26+ messages in thread

* |SUCCESS| pw157835-157836 [PATCH] [2/2] bpf: remove dependency on vl
       [not found] <20251019170040.166372-3-stephen@networkplumber.org>
                   ` (22 preceding siblings ...)
  2025-10-19 18:48 ` |SUCCESS| " dpdklab
@ 2025-10-19 18:55 ` dpdklab
  2025-10-19 20:57 ` dpdklab
  2025-10-19 21:27 ` dpdklab
  25 siblings, 0 replies; 26+ messages in thread
From: dpdklab @ 2025-10-19 18:55 UTC (permalink / raw)
  To: Test Report; +Cc: dpdk-test-reports

Test-Label: iol-intel-Functional
Test-Status: SUCCESS
http://dpdk.org/patch/157836

_Functional Testing PASS_

Submitter: Stephen Hemminger <stephen@networkplumber.org>
Date: Sunday, October 19 2025 16:59:47 
DPDK git baseline: Repo:dpdk
  Branch: master
  CommitID:97e2e198b96078a4732d468bf0a4e8ec45aa5717

157835-157836 --> functional testing pass

Upstream job id: Template-DTS-Pipeline#250299

Test environment and result as below:

Ubuntu 24.04
Kernel: 6.8
Compiler: gcc gcc (Ubuntu 13.3.0-6ubuntu2~24.04) 13.3.0
NIC: Intel E810 (Arm Grace Server) 100000 Mbps

Aggregate Results by Test Suite
+---------------------------------+--------+
|           Test Suite            | Result |
+=================================+========+
| blocklist                       |  PASS  |
+---------------------------------+--------+
| port_restart_config_persistency |  PASS  |
+---------------------------------+--------+
| uni_pkt                         |  PASS  |
+---------------------------------+--------+


Ubuntu 24.04 LTS
Kernel: 6.8.0-44-generic
Compiler: gcc 13.2.0
NIC: Intel Corporation Ethernet Controller XL710 for 40GbE QSFP+ 40 Mbps

Aggregate Results by Test Suite
+--------------------+--------+
|     Test Suite     | Result |
+====================+========+
| blocklist          |  PASS  |
+--------------------+--------+
| uni_pkt            |  PASS  |
+--------------------+--------+
| promisc_support    |  PASS  |
+--------------------+--------+
| dynamic_config     |  PASS  |
+--------------------+--------+
| dynamic_queue_conf |  PASS  |
+--------------------+--------+
| hello_world        |  PASS  |
+--------------------+--------+
| l2fwd              |  PASS  |
+--------------------+--------+
| softnic            |  PASS  |
+--------------------+--------+
| vlan               |  PASS  |
+--------------------+--------+


Ubuntu 24.04
Kernel: 6.8
Compiler: gcc gcc (Ubuntu 13.3.0-6ubuntu2~24.04) 13.3.0
NIC: Intel Corporation 4xxx Series QAT 0 Mbps

Aggregate Results by Test Suite
+----------------------------+--------+
|         Test Suite         | Result |
+============================+========+
| crypto_perf_cryptodev_perf |  PASS  |
+----------------------------+--------+


Ubuntu 22.04
Kernel: 5.15
Compiler: gcc gcc (Ubuntu 11.4.0-1ubuntu1~22.04.2) 11.4.0
NIC: Intel Corporation QAT 8970 0 Mbps

Aggregate Results by Test Suite
+----------------------------+--------+
|         Test Suite         | Result |
+============================+========+
| crypto_perf_cryptodev_perf |  PASS  |
+----------------------------+--------+


Ubuntu 20.04
Kernel: 5.4
Compiler: gcc gcc (Ubuntu 9.4.0-1ubuntu1~20.04.1) 9.4.0
NIC: Intel Corporation Ethernet Converged Network Adapter XL710-QDA2 40000 Mbps

Aggregate Results by Test Suite
+-----------------------------+--------+
|         Test Suite          | Result |
+=============================+========+
| unit_tests_mbuf             |  PASS  |
+-----------------------------+--------+
| vhost_virtio_user_interrupt |  PASS  |
+-----------------------------+--------+
| virtio_smoke                |  PASS  |
+-----------------------------+--------+


To view detailed results, visit:
https://lab.dpdk.org/results/dashboard/patchsets/34326/

UNH-IOL DPDK Community Lab

To manage your email subscriptions, visit: 
https://lab.dpdk.org/results/dashboard/preferences/subscriptions/

^ permalink raw reply	[flat|nested] 26+ messages in thread

* |SUCCESS| pw157835-157836 [PATCH] [2/2] bpf: remove dependency on vl
       [not found] <20251019170040.166372-3-stephen@networkplumber.org>
                   ` (23 preceding siblings ...)
  2025-10-19 18:55 ` dpdklab
@ 2025-10-19 20:57 ` dpdklab
  2025-10-19 21:27 ` dpdklab
  25 siblings, 0 replies; 26+ messages in thread
From: dpdklab @ 2025-10-19 20:57 UTC (permalink / raw)
  To: Test Report; +Cc: dpdk-test-reports

Test-Label: iol-compile-arm64-testing
Test-Status: SUCCESS
http://dpdk.org/patch/157836

_Testing PASS_

Submitter: Stephen Hemminger <stephen@networkplumber.org>
Date: Sunday, October 19 2025 16:59:47 
DPDK git baseline: Repo:dpdk
  Branch: master
  CommitID:97e2e198b96078a4732d468bf0a4e8ec45aa5717

157835-157836 --> testing pass

Upstream job id: Generic-DPDK-Compile-Meson#435995

Test environment and result as below:

+------------------------------+--------------------+
|         Environment          | dpdk_meson_compile |
+==============================+====================+
| Ubuntu 20.04                 | PASS               |
+------------------------------+--------------------+
| Red Hat Enterprise Linux 9.5 | PASS               |
+------------------------------+--------------------+
| Debian GNU/Linux 12          | PASS               |
+------------------------------+--------------------+
| Fedora Linux 42              | PASS               |
+------------------------------+--------------------+
| Ubuntu 22.04                 | PASS               |
+------------------------------+--------------------+
| CentOS Stream 9              | PASS               |
+------------------------------+--------------------+
| Ubuntu 24.04                 | PASS               |
+------------------------------+--------------------+
| CentOS Stream 10             | PASS               |
+------------------------------+--------------------+


Ubuntu 20.04
	Kernel: 5.15
	Compiler: aarch64-linux-gnu-gcc gcc (Ubuntu 9.4.0-1ubuntu1~20.04.2) 9.4.0

Red Hat Enterprise Linux 9.5
	Kernel: 5.4
	Compiler: gcc gcc (GCC) 11.5.0 20240719 (Red Hat 11.5.0-2)

Debian GNU/Linux 12
	Kernel: 5.4
	Compiler: gcc gcc (Debian 12.2.0-14+deb12u1) 12.2.0

Fedora Linux 42
	Kernel: 5.4
	Compiler: gcc gcc (GCC) 15.2.1 20250808 (Red Hat 15.2.1-1)

Ubuntu 22.04
	Kernel: 5.4
	Compiler: gcc gcc (Ubuntu 11.4.0-1ubuntu1~22.04) 11.4.0

CentOS Stream 9
	Kernel: 5.4
	Compiler: gcc gcc (GCC) 11.5.0 20240719 (Red Hat 11.5.0-11)

Ubuntu 24.04
	Kernel: 5.4
	Compiler: gcc gcc (Ubuntu 13.3.0-6ubuntu2~24.04) 13.3.0

CentOS Stream 10
	Kernel: 5.4
	Compiler: gcc gcc (GCC) 14.2.1 20250110 (Red Hat 14.2.1-8)

To view detailed results, visit:
https://lab.dpdk.org/results/dashboard/patchsets/34326/

UNH-IOL DPDK Community Lab

To manage your email subscriptions, visit: 
https://lab.dpdk.org/results/dashboard/preferences/subscriptions/

^ permalink raw reply	[flat|nested] 26+ messages in thread

* |SUCCESS| pw157835-157836 [PATCH] [2/2] bpf: remove dependency on vl
       [not found] <20251019170040.166372-3-stephen@networkplumber.org>
                   ` (24 preceding siblings ...)
  2025-10-19 20:57 ` dpdklab
@ 2025-10-19 21:27 ` dpdklab
  25 siblings, 0 replies; 26+ messages in thread
From: dpdklab @ 2025-10-19 21:27 UTC (permalink / raw)
  To: Test Report; +Cc: dpdk-test-reports

Test-Label: iol-unit-arm64-testing
Test-Status: SUCCESS
http://dpdk.org/patch/157836

_Testing PASS_

Submitter: Stephen Hemminger <stephen@networkplumber.org>
Date: Sunday, October 19 2025 16:59:47 
DPDK git baseline: Repo:dpdk
  Branch: master
  CommitID:97e2e198b96078a4732d468bf0a4e8ec45aa5717

157835-157836 --> testing pass

Upstream job id: Generic-Unit-Test-DPDK#383346

Test environment and result as below:

+------------------------------+----------------+---------------------------+------------------------------+--------------+
|         Environment          | dpdk_unit_test | cryptodev_sw_zuc_autotest | cryptodev_sw_snow3g_autotest | lpm_autotest |
+==============================+================+===========================+==============================+==============+
| Fedora Linux 41              | PASS           | SKIPPED                   | SKIPPED                      | SKIPPED      |
+------------------------------+----------------+---------------------------+------------------------------+--------------+
| Ubuntu 22.04                 | PASS           | SKIPPED                   | SKIPPED                      | SKIPPED      |
+------------------------------+----------------+---------------------------+------------------------------+--------------+
| Fedora Linux 42              | PASS           | SKIPPED                   | SKIPPED                      | SKIPPED      |
+------------------------------+----------------+---------------------------+------------------------------+--------------+
| Fedora Linux 40              | PASS           | SKIPPED                   | SKIPPED                      | SKIPPED      |
+------------------------------+----------------+---------------------------+------------------------------+--------------+
| CentOS Stream 9              | PASS           | SKIPPED                   | SKIPPED                      | SKIPPED      |
+------------------------------+----------------+---------------------------+------------------------------+--------------+
| Debian GNU/Linux 12          | PASS           | SKIPPED                   | SKIPPED                      | SKIPPED      |
+------------------------------+----------------+---------------------------+------------------------------+--------------+
| Red Hat Enterprise Linux 9.5 | PASS           | SKIPPED                   | SKIPPED                      | SKIPPED      |
+------------------------------+----------------+---------------------------+------------------------------+--------------+
| CentOS Stream 10             | PASS           | SKIPPED                   | SKIPPED                      | SKIPPED      |
+------------------------------+----------------+---------------------------+------------------------------+--------------+
| Ubuntu 24.04                 | PASS           | SKIPPED                   | SKIPPED                      | SKIPPED      |
+------------------------------+----------------+---------------------------+------------------------------+--------------+
| Ubuntu 20.04                 | PASS           | SKIPPED                   | SKIPPED                      | PASS         |
+------------------------------+----------------+---------------------------+------------------------------+--------------+
| Debian 12 (arm)              | SKIPPED        | PASS                      | PASS                         | SKIPPED      |
+------------------------------+----------------+---------------------------+------------------------------+--------------+


Fedora Linux 41
	Kernel: 5.4
	Compiler: gcc gcc (GCC) 14.3.1 20250523 (Red Hat 14.3.1-1)

Ubuntu 22.04
	Kernel: 5.4
	Compiler: gcc gcc (Ubuntu 11.4.0-1ubuntu1~22.04) 11.4.0

Fedora Linux 42
	Kernel: 5.4
	Compiler: clang gcc (GCC) 15.2.1 20250808 (Red Hat 15.2.1-1)

Fedora Linux 40
	Kernel: 5.4
	Compiler: clang gcc (GCC) 14.2.1 20240912 (Red Hat 14.2.1-3)

CentOS Stream 9
	Kernel: 5.4
	Compiler: gcc gcc (GCC) 11.5.0 20240719 (Red Hat 11.5.0-11)

Debian GNU/Linux 12
	Kernel: 5.4
	Compiler: gcc gcc (Debian 12.2.0-14+deb12u1) 12.2.0

Red Hat Enterprise Linux 9.5
	Kernel: 5.4
	Compiler: gcc gcc (GCC) 11.5.0 20240719 (Red Hat 11.5.0-2)

CentOS Stream 10
	Kernel: 5.4
	Compiler: gcc gcc (GCC) 14.2.1 20250110 (Red Hat 14.2.1-8)

Ubuntu 24.04
	Kernel: 5.4
	Compiler: gcc gcc (Ubuntu 13.3.0-6ubuntu2~24.04) 13.3.0

Ubuntu 20.04
	Kernel: 5.4
	Compiler: gcc gcc (Ubuntu 9.4.0-1ubuntu1~20.04.2) 9.4.0

Debian 12 (arm)
	Kernel: Depends on container host
	Compiler: gcc (Debian 12.2.0-14) 12.2.0

To view detailed results, visit:
https://lab.dpdk.org/results/dashboard/patchsets/34326/

UNH-IOL DPDK Community Lab

To manage your email subscriptions, visit: 
https://lab.dpdk.org/results/dashboard/preferences/subscriptions/

^ permalink raw reply	[flat|nested] 26+ messages in thread

end of thread, other threads:[~2025-10-19 21:27 UTC | newest]

Thread overview: 26+ messages (download: mbox.gz / follow: Atom feed)
-- links below jump to the message on this page --
     [not found] <20251019170040.166372-3-stephen@networkplumber.org>
2025-10-19 16:33 ` |SUCCESS| pw157835-157836 [PATCH 2/2] bpf: remove dependency on vla qemudev
2025-10-19 16:38 ` qemudev
2025-10-19 17:01 ` |SUCCESS| pw157836 " checkpatch
2025-10-19 17:37 ` |FAILURE| pw157835-157836 [PATCH] [2/2] bpf: remove dependency on vl dpdklab
2025-10-19 17:37 ` dpdklab
2025-10-19 17:39 ` |SUCCESS| " dpdklab
2025-10-19 17:43 ` dpdklab
2025-10-19 17:47 ` dpdklab
2025-10-19 17:54 ` |PENDING| " dpdklab
2025-10-19 18:02 ` dpdklab
2025-10-19 18:05 ` |SUCCESS| " dpdklab
2025-10-19 18:09 ` dpdklab
2025-10-19 18:11 ` |PENDING| " dpdklab
2025-10-19 18:12 ` |SUCCESS| " dpdklab
2025-10-19 18:12 ` dpdklab
2025-10-19 18:19 ` |FAILURE| " dpdklab
2025-10-19 18:26 ` |SUCCESS| pw157836 [PATCH 2/2] bpf: remove dependency on vla 0-day Robot
2025-10-19 18:26 ` 0-day Robot
2025-10-19 18:28 ` |SUCCESS| pw157835-157836 [PATCH] [2/2] bpf: remove dependency on vl dpdklab
2025-10-19 18:32 ` |FAILURE| " dpdklab
2025-10-19 18:36 ` |SUCCESS| " dpdklab
2025-10-19 18:36 ` |FAILURE| " dpdklab
2025-10-19 18:48 ` |SUCCESS| " dpdklab
2025-10-19 18:55 ` dpdklab
2025-10-19 20:57 ` dpdklab
2025-10-19 21:27 ` dpdklab

This is a public inbox, see mirroring instructions
for how to clone and mirror all data and code used for this inbox;
as well as URLs for NNTP newsgroup(s).