From mboxrd@z Thu Jan 1 00:00:00 1970 Return-Path: Received: from mails.dpdk.org (mails.dpdk.org [217.70.189.124]) by inbox.dpdk.org (Postfix) with ESMTP id B0DFC48980 for ; Sun, 19 Oct 2025 20:33:01 +0200 (CEST) Received: from mails.dpdk.org (localhost [127.0.0.1]) by mails.dpdk.org (Postfix) with ESMTP id 85776400D5; Sun, 19 Oct 2025 20:33:01 +0200 (CEST) Received: from mail-pf1-f228.google.com (mail-pf1-f228.google.com [209.85.210.228]) by mails.dpdk.org (Postfix) with ESMTP id 0653D400D5 for ; Sun, 19 Oct 2025 20:32:59 +0200 (CEST) Received: by mail-pf1-f228.google.com with SMTP id d2e1a72fcca58-78118e163e5so3911955b3a.0 for ; Sun, 19 Oct 2025 11:32:59 -0700 (PDT) DKIM-Signature: v=1; a=rsa-sha256; c=relaxed/relaxed; d=iol.unh.edu; s=unh-iol; t=1760898779; x=1761503579; darn=dpdk.org; h=references:in-reply-to:cc:to:from:subject:message-id:date:from:to :cc:subject:date:message-id:reply-to; bh=MeRyICqzBcIE0n8EWBAg8PJHv/uKBT2VtqjMXDwXBVY=; b=Y4C8EnFUsRpiMJEDB1qMP4dnFPsL1qUrxXguyhjy5Svhcz1DhckdHTfkQqYFVOwjKT pC35wI7bgq3PgI6n5RCrjTFZALCXMiliGWp2bUsxGaGMVlxQC+91b53pY3cvwNlH3eSr BLpYX452/guLc6aRQJRoOTaFyQILEeQdGs+WM= X-Google-DKIM-Signature: v=1; a=rsa-sha256; c=relaxed/relaxed; d=1e100.net; s=20230601; t=1760898779; x=1761503579; h=references:in-reply-to:cc:to:from:subject:message-id:date :x-gm-message-state:from:to:cc:subject:date:message-id:reply-to; bh=MeRyICqzBcIE0n8EWBAg8PJHv/uKBT2VtqjMXDwXBVY=; b=vTtZ5kM7gjYzAzzwrGPMO+mAnsRT43+168AlKnhjDVRVp5/zRIjGD9Lf2bC9cYZKE1 Th6CxFQQb+NbLuTyW7nyKnMc2jEDGpeU9hWnfnoZoo6yvpL8T0hjx0fhl2ripb+Ym7mH VGTBQD+njUM3iQDPWJ44KOqGJDzHyGu57FfIYQjbekC4lfjPXQGj7fkhyp5g9sHBmMKO LiknWsByxGwQmeKPmqEhpZ4K0wYyWFJU2n+Q5eeI2f1a7Gvx4hFIIWclqwYtvhO4Uje5 Ba+qQi9H3B3z61GzocXh8/e8Ryh8Xa4FtWKMQwvNBl8aBJckRYVOcLG0q3jMjMu130Wh a8Yw== X-Gm-Message-State: AOJu0YwxJsbTXWUagSxMnilU/qgAdNEGxn5ZlhDP5Z+DPCQzHRGx98nl GEKafS/58MjdXREL2MXp7IffaZv39+mvdAFajh/t0sX+ji4cdWPIEm6d9AXY8yAN7YxzDO95WPb EJ1ZU4z08Ktp4vGEMxndgzUAVfR1ItfcPb9FuSR3Xyh+XE1TmJU20h0VlcBNF X-Gm-Gg: ASbGnctPM32hACG6HN/zk2mER8t6wLTCVZe1ED6LY6noO3v4fn5uNKIEjFRCzTrK7+6 duYvJmtPJO00768Go/TCumUpNAOmEIXO//l85DmPONdxuiIq/4VlZsYLGNMCKQloX7Iae63jR4W njc8mTc3Y49L3dnsvHrxJuGyphET7j7/FGCHuJAombbohXGvVsJN9RzARJSPlcUvjKiZtbfkfEt N8RHw2ZBjoAiFEcEJzU+goUTDKTE3DkG+SzquXqVJ9P4BDB4UmtVf6MPfGPYvbU9dHpLGo0ojW/ Uykj/w1LyFMxIvHaeMsGriMWOE5oOrU9oBU+fgCzi7BVWscRObFElfMiTgSkPHD7Pvx7MOuk7PN hTXPhCLZ1 X-Google-Smtp-Source: AGHT+IFZTJU8uDweNmmg3UkKqiOAUDsmYl27DarA21SK9jL2NQvr59q3PV4KLgt9H5igsqUP4Y7ywnfw7gv2 X-Received: by 2002:a17:90b:1dc4:b0:32e:716d:4d2b with SMTP id 98e67ed59e1d1-33bc9b77638mr14576244a91.3.1760898779110; Sun, 19 Oct 2025 11:32:59 -0700 (PDT) Received: from postal.iol.unh.edu (postal.iol.unh.edu. [2606:4100:3880:1234::84]) by smtp-relay.gmail.com with ESMTPS id 41be03b00d2f7-b6a76b30ef1sm677852a12.10.2025.10.19.11.32.58 (version=TLS1_2 cipher=ECDHE-ECDSA-AES128-GCM-SHA256 bits=128/128); Sun, 19 Oct 2025 11:32:59 -0700 (PDT) X-Relaying-Domain: iol.unh.edu Date: Sun, 19 Oct 2025 11:32:59 -0700 (PDT) Message-ID: <68f52edb.650a0220.2252b8.3a29SMTPIN_ADDED_MISSING@mx.google.com> Received: from [172.21.0.2] (unknown [172.18.0.240]) by postal.iol.unh.edu (Postfix) with ESMTP id 071856051830; Sun, 19 Oct 2025 14:32:58 -0400 (EDT) Subject: |FAILURE| pw157835-157836 [PATCH] [2/2] bpf: remove dependency on vl From: dpdklab@iol.unh.edu To: Test Report Cc: dpdk-test-reports@iol.unh.edu, Stephen Hemminger In-Reply-To: <20251019170040.166372-3-stephen@networkplumber.org> References: <20251019170040.166372-3-stephen@networkplumber.org> Content-Type: text/plain X-BeenThere: test-report@dpdk.org X-Mailman-Version: 2.1.29 Precedence: list List-Id: automatic DPDK test reports List-Unsubscribe: , List-Archive: List-Post: List-Help: List-Subscribe: , Errors-To: test-report-bounces@dpdk.org Test-Label: iol-compile-amd64-testing Test-Status: FAILURE http://dpdk.org/patch/157836 _Testing issues_ Submitter: Stephen Hemminger Date: Sunday, October 19 2025 16:59:47 DPDK git baseline: Repo:dpdk Branch: master CommitID:97e2e198b96078a4732d468bf0a4e8ec45aa5717 157835-157836 --> testing issues Upstream job id: Generic-DPDK-Compile-Meson#436007 Test environment and result as below: +-------------------------------+--------------------+------------------+-------------------+-------------------+-------------------------+----------------------+ | Environment | dpdk_meson_compile | dpdk_compile_ovs | dpdk_compile_spdk | dpdk_msvc_compile | dpdk_llvm_clang_compile | dpdk_mingw64_compile | +===============================+====================+==================+===================+===================+=========================+======================+ | Fedora Linux 42 | PASS | PASS | WARN | SKIPPED | SKIPPED | SKIPPED | +-------------------------------+--------------------+------------------+-------------------+-------------------+-------------------------+----------------------+ | CentOS Stream 10 | PASS | SKIPPED | SKIPPED | SKIPPED | SKIPPED | SKIPPED | +-------------------------------+--------------------+------------------+-------------------+-------------------+-------------------------+----------------------+ | CentOS Stream 9 | PASS | SKIPPED | WARN | SKIPPED | SKIPPED | SKIPPED | +-------------------------------+--------------------+------------------+-------------------+-------------------+-------------------------+----------------------+ | Ubuntu 20.04 | PASS | SKIPPED | SKIPPED | SKIPPED | SKIPPED | SKIPPED | +-------------------------------+--------------------+------------------+-------------------+-------------------+-------------------------+----------------------+ | Red Hat Enterprise Linux 8.10 | PASS | SKIPPED | SKIPPED | SKIPPED | SKIPPED | SKIPPED | +-------------------------------+--------------------+------------------+-------------------+-------------------+-------------------------+----------------------+ | Red Hat Enterprise Linux 9.5 | PASS | SKIPPED | SKIPPED | SKIPPED | SKIPPED | SKIPPED | +-------------------------------+--------------------+------------------+-------------------+-------------------+-------------------------+----------------------+ | FreeBSD 14.2 | FAIL | SKIPPED | SKIPPED | SKIPPED | SKIPPED | SKIPPED | +-------------------------------+--------------------+------------------+-------------------+-------------------+-------------------------+----------------------+ | openSUSE Leap 15.6 | PASS | SKIPPED | SKIPPED | SKIPPED | SKIPPED | SKIPPED | +-------------------------------+--------------------+------------------+-------------------+-------------------+-------------------------+----------------------+ | Ubuntu 24.04 | PASS | PASS | WARN | SKIPPED | SKIPPED | SKIPPED | +-------------------------------+--------------------+------------------+-------------------+-------------------+-------------------------+----------------------+ | Alpine Linux 3.22.0 | PASS | SKIPPED | SKIPPED | SKIPPED | SKIPPED | SKIPPED | +-------------------------------+--------------------+------------------+-------------------+-------------------+-------------------------+----------------------+ | Ubuntu 22.04 | PASS | SKIPPED | WARN | SKIPPED | SKIPPED | SKIPPED | +-------------------------------+--------------------+------------------+-------------------+-------------------+-------------------------+----------------------+ | Debian GNU/Linux 12 | PASS | SKIPPED | WARN | SKIPPED | SKIPPED | SKIPPED | +-------------------------------+--------------------+------------------+-------------------+-------------------+-------------------------+----------------------+ | Windows Server 2022 | SKIPPED | SKIPPED | SKIPPED | PASS | PASS | PASS | +-------------------------------+--------------------+------------------+-------------------+-------------------+-------------------------+----------------------+ ==== 20 line log output for Debian GNU/Linux 12 (dpdk_compile_spdk): ==== --- Failed to get log output --- ==== End log output ==== Fedora Linux 42 Kernel: 5.15 Compiler: gcc gcc (GCC) 15.2.1 20250808 (Red Hat 15.2.1-1) CentOS Stream 10 Kernel: 5.15 Compiler: gcc gcc (GCC) 14.2.1 20250110 (Red Hat 14.2.1-8) CentOS Stream 9 Kernel: 5.15 Compiler: gcc gcc (GCC) 11.5.0 20240719 (Red Hat 11.5.0-11) Ubuntu 20.04 Kernel: 4.19 Compiler: gcc gcc (Ubuntu 9.4.0-1ubuntu1~20.04.2) 9.4.0 Red Hat Enterprise Linux 8.10 Kernel: 5.15 Compiler: gcc gcc (GCC) 8.5.0 20210514 (Red Hat 8.5.0-22) Red Hat Enterprise Linux 9.5 Kernel: 5.15 Compiler: gcc gcc (GCC) 11.5.0 20240719 (Red Hat 11.5.0-2) FreeBSD 14.2 Kernel: 14.2-RELEASE Compiler: clang 18.1.6 openSUSE Leap 15.6 Kernel: 5.15 Compiler: gcc gcc (SUSE Linux) 7.5.0 Ubuntu 24.04 Kernel: 5.15 Compiler: gcc gcc (Ubuntu 13.3.0-6ubuntu2~24.04) 13.3.0 Alpine Linux 3.22.0 Kernel: 5.15 Compiler: gcc gcc (Alpine 14.2.0) 14.2.0 Ubuntu 22.04 Kernel: 5.15 Compiler: gcc gcc (Ubuntu 11.4.0-1ubuntu1~22.04) 11.4.0 Debian GNU/Linux 12 Kernel: 5.15 Compiler: gcc gcc (Debian 12.2.0-14+deb12u1) 12.2.0 Windows Server 2022 Kernel: 10.0.20348.2031 Compiler: clang 15.0.7, gcc 14.1.0 (MinGW), and MSVC VS 19.39.33521 To view detailed results, visit: https://lab.dpdk.org/results/dashboard/patchsets/34326/ UNH-IOL DPDK Community Lab To manage your email subscriptions, visit: https://lab.dpdk.org/results/dashboard/preferences/subscriptions/