From mboxrd@z Thu Jan 1 00:00:00 1970 Return-Path: Received: from mails.dpdk.org (mails.dpdk.org [217.70.189.124]) by inbox.dpdk.org (Postfix) with ESMTP id E6F8948980 for ; Sun, 19 Oct 2025 20:36:46 +0200 (CEST) Received: from mails.dpdk.org (localhost [127.0.0.1]) by mails.dpdk.org (Postfix) with ESMTP id E2972400D5; Sun, 19 Oct 2025 20:36:46 +0200 (CEST) Received: from mail-oa1-f99.google.com (mail-oa1-f99.google.com [209.85.160.99]) by mails.dpdk.org (Postfix) with ESMTP id 17261400D5 for ; Sun, 19 Oct 2025 20:36:46 +0200 (CEST) Received: by mail-oa1-f99.google.com with SMTP id 586e51a60fabf-3c978f55367so1859189fac.3 for ; Sun, 19 Oct 2025 11:36:46 -0700 (PDT) DKIM-Signature: v=1; a=rsa-sha256; c=relaxed/relaxed; d=iol.unh.edu; s=unh-iol; t=1760899005; x=1761503805; darn=dpdk.org; h=references:in-reply-to:cc:to:from:subject:message-id:date:from:to :cc:subject:date:message-id:reply-to; bh=8I9NKnN6wdVJ4RjHUvG2yLknvIIkXmGKx1qotRJQa/g=; b=fqL1lBzDC/5+o4QORl+q4vaNkOxgc32/32smA2kPKupVhETZaq8YLeuvJ4Q7URvj2T ZzXxRik7uj7C9j98+21/35HcYFcdQLemCRMHyK0AGAt02I7VivaMpeFmMRaieiH9W2Dh ibzlozPEmuSRS1T5Gyu4b1tu5yatqDSlBq10g= X-Google-DKIM-Signature: v=1; a=rsa-sha256; c=relaxed/relaxed; d=1e100.net; s=20230601; t=1760899005; x=1761503805; h=references:in-reply-to:cc:to:from:subject:message-id:date :x-gm-message-state:from:to:cc:subject:date:message-id:reply-to; bh=8I9NKnN6wdVJ4RjHUvG2yLknvIIkXmGKx1qotRJQa/g=; b=mTdvL4Zic7D3kp6ZdVoIs4wxvr0tgfWkMHY4KsIclwYXCcixlNvg1ZV+fXL1xVNMKO xs2fPLReqA+Y+HI41XUdcT7CLY+WZNWR+CRA+UNo13EnSupMS/LNNm1EZ2Akq1OIx5oV IEBM/yfUw9JdzzicdEeM/SkjYhISrIIfMy97KnlB5jGdh6faJw7kWA86n8w/NdjlYSRH kkBLg2Wr9Z2rvbBmtLg5rSHFuSxHjN7fTo6lr1L3TAXLrzpFBq9wcWbcr9VY20n0/Krg f8caOE6iu1jPTv5w7Dfjv+QJf/dForNjcRRMLkjb2pjGAHzKJRs5aMBEC5h83QPh1OnC khqw== X-Gm-Message-State: AOJu0Yztw+gFwpEMHC6zVOq72j9QKugh2qGrF0oMzG/860ChMg10fVwn sZCl9lj9cYfj2O2y+qTtKNFkCL6SDl0a8Hx6JKbDj/oJhhG8GdPmrXo0t1B3lUA5YG7p5nzL/rB E0FZH63Rp0jqQdU+DnLpI2RboIQ+3cNrP9hVF1OrDUB6tBe8wyGWl2MJrXZCF X-Gm-Gg: ASbGncuo5GgwA/MppeIyPCIYIdvT5em6LD4BVqCQl2xHnqt7pl5r+ECaRlGjap8Aps1 dMqOki/3QU0NR5xG1JuHVxKh5+RHSbYv+po7GRqhM6cbbIIWaqZ/mgXjZu741+EIxsVGfPLzplR u/tC20mgrMy/aA6fXmN70N5AonHCiDDiBeWNFyK+5G8GDAIsqscL6m25VRI0hc3YJzstmv2VWRZ n7Qc9PpuPsH3u+kJCw1yMEjmbmVTAf4VRu2XcNMSNrNsIPd3K2X2ZRi6NsRkgKy6v+YMy+qIxV3 Ab9ZwhSaQ/DQMgEwr24uHRU9V6aUF/K3SOvu2v97yg/HNJL5cHlqy9qFhsiXeGx231Vi8tSxfO9 /uJnZwKqD X-Google-Smtp-Source: AGHT+IH5FJ3GJAcQcOWj1Nws0bDLQr+y6pXJGDwTxGKrStjrSd9QUUnl9ScnL/A0LBxbZTbPRisIlVfoSFh/ X-Received: by 2002:a05:6870:64a9:b0:3c9:87fd:7282 with SMTP id 586e51a60fabf-3c98d0e0921mr3923240fac.25.1760899005195; Sun, 19 Oct 2025 11:36:45 -0700 (PDT) Received: from postal.iol.unh.edu (postal.iol.unh.edu. [2606:4100:3880:1234::84]) by smtp-relay.gmail.com with ESMTPS id 586e51a60fabf-3c9aef1654fsm825253fac.2.2025.10.19.11.36.45 (version=TLS1_2 cipher=ECDHE-ECDSA-AES128-GCM-SHA256 bits=128/128); Sun, 19 Oct 2025 11:36:45 -0700 (PDT) X-Relaying-Domain: iol.unh.edu Date: Sun, 19 Oct 2025 11:36:45 -0700 (PDT) Message-ID: <68f52fbd.050a0220.9ce4b.810dSMTPIN_ADDED_MISSING@mx.google.com> Received: from [172.21.0.2] (unknown [172.18.0.240]) by postal.iol.unh.edu (Postfix) with ESMTP id B0DD96051830; Sun, 19 Oct 2025 14:36:44 -0400 (EDT) Subject: |FAILURE| pw157835-157836 [PATCH] [2/2] bpf: remove dependency on vl From: dpdklab@iol.unh.edu To: Test Report Cc: dpdk-test-reports@iol.unh.edu, Stephen Hemminger In-Reply-To: <20251019170040.166372-3-stephen@networkplumber.org> References: <20251019170040.166372-3-stephen@networkplumber.org> Content-Type: text/plain X-BeenThere: test-report@dpdk.org X-Mailman-Version: 2.1.29 Precedence: list List-Id: automatic DPDK test reports List-Unsubscribe: , List-Archive: List-Post: List-Help: List-Subscribe: , Errors-To: test-report-bounces@dpdk.org Test-Label: iol-unit-amd64-testing Test-Status: FAILURE http://dpdk.org/patch/157836 _Testing issues_ Submitter: Stephen Hemminger Date: Sunday, October 19 2025 16:59:47 DPDK git baseline: Repo:dpdk Branch: master CommitID:97e2e198b96078a4732d468bf0a4e8ec45aa5717 157835-157836 --> testing issues Upstream job id: Generic-VM-Unit-Test-DPDK#31925 Test environment and result as below: +-------------------------------+----------------+ | Environment | dpdk_unit_test | +===============================+================+ | Ubuntu 20.04 | PASS | +-------------------------------+----------------+ | Fedora Linux 40 | PASS | +-------------------------------+----------------+ | Fedora Linux 41 | PASS | +-------------------------------+----------------+ | Red Hat Enterprise Linux 9.5 | PASS | +-------------------------------+----------------+ | CentOS Stream 9 | PASS | +-------------------------------+----------------+ | Fedora Linux 42 | PASS | +-------------------------------+----------------+ | CentOS Stream 10 | FAIL | +-------------------------------+----------------+ | Debian GNU/Linux 12 | PASS | +-------------------------------+----------------+ | Ubuntu 22.04 | PASS | +-------------------------------+----------------+ | Red Hat Enterprise Linux 8.10 | PASS | +-------------------------------+----------------+ | Ubuntu 24.04 | PASS | +-------------------------------+----------------+ | Windows Server 2022 | PASS | +-------------------------------+----------------+ ==== Unit test summary for CentOS Stream 10 (dpdk_unit_test): ==== ninja: Entering directory `/root/workspace/Generic-Unit-Test-DPDK/dpdk/build' ninja: no work to do. 1/120 DPDK:fast-tests / acl_autotest OK 2.71s 2/120 DPDK:fast-tests / alarm_autotest OK 1.18s 3/120 DPDK:fast-tests / argparse_autotest OK 0.16s 4/120 DPDK:fast-tests / atomic_autotest OK 0.34s 5/120 DPDK:fast-tests / bitcount_autotest OK 0.18s 6/120 DPDK:fast-tests / bitmap_autotest OK 0.16s 7/120 DPDK:fast-tests / bitops_autotest OK 1.68s 8/120 DPDK:fast-tests / bitratestats_autotest OK 0.16s 9/120 DPDK:fast-tests / bitset_autotest OK 1.33s 10/120 DPDK:fast-tests / bpf_autotest OK 0.16s 11/120 DPDK:fast-tests / bpf_convert_autotest OK 0.17s 12/120 DPDK:fast-tests / byteorder_autotest OK 0.16s 13/120 DPDK:fast-tests / cfgfile_autotest OK 0.16s 14/120 DPDK:fast-tests / cksum_autotest OK 0.16s 15/120 DPDK:fast-tests / cmdline_autotest OK 0.17s 16/120 DPDK:fast-tests / common_autotest OK 0.46s 17/120 DPDK:fast-tests / compressdev_autotest SKIP 0.14s exit status 77 18/120 DPDK:fast-tests / cpuflags_autotest OK 0.18s 19/120 DPDK:fast-tests / crc_autotest OK 0.17s 20/120 DPDK:fast-tests / user_delay_us OK 0.17s 21/120 DPDK:fast-tests / debug_autotest OK 1.25s 22/120 DPDK:fast-tests / devargs_autotest OK 0.16s 23/120 DPDK:fast-tests / dispatcher_autotest SKIP 0.14s exit status 77 24/120 DPDK:fast-tests / distributor_autotest OK 0.92s 25/120 DPDK:fast-tests / eal_flags_c_opt_autotest OK 0.74s 26/120 DPDK:fast-tests / eal_flags_main_opt_autotest OK 0.28s 27/120 DPDK:fast-tests / eal_flags_n_opt_autotest OK 0.46s 28/120 DPDK:fast-tests / eal_flags_hpet_autotest OK 0.20s 29/120 DPDK:fast-tests / eal_flags_no_huge_autotest OK 0.46s 30/120 DPDK:fast-tests / eal_flags_a_opt_autotest OK 0.37s 31/120 DPDK:fast-tests / eal_flags_b_opt_autotest OK 0.31s 32/120 DPDK:fast-tests / eal_flags_vdev_opt_autotest OK 0.55s 33/120 DPDK:fast-tests / eal_flags_r_opt_autotest OK 0.26s 34/120 DPDK:fast-tests / eal_flags_mem_autotest OK 0.71s 35/120 DPDK:fast-tests / eal_flags_file_prefix_autotest OK 2.07s 36/120 DPDK:fast-tests / eal_flags_misc_autotest FAIL 2.72s killed by signal 11 SIGSEGV >>> MALLOC_PERTURB_=52 DPDK_TEST=eal_flags_misc_autotest /root/workspace/Generic-Unit-Test-DPDK/dpdk/build/app/dpdk-test 37/120 DPDK:fast-tests / eal_fs_autotest OK 0.21s 38/120 DPDK:fast-tests / errno_autotest OK 0.17s 39/120 DPDK:fast-tests / ethdev_link_status OK 0.17s 40/120 DPDK:fast-tests / event_eth_tx_adapter_autotest OK 0.77s 41/120 DPDK:fast-tests / event_ring_autotest OK 0.20s 42/120 DPDK:fast-tests / eventdev_common_autotest OK 0.19s 43/120 DPDK:fast-tests / eventdev_selftest_sw OK 0.35s 44/120 DPDK:fast-tests / fbarray_autotest OK 0.18s 45/120 DPDK:fast-tests / fib_autotest OK 1.55s 46/120 DPDK:fast-tests / fib6_autotest OK 1.36s 47/120 DPDK:fast-tests / func_reentrancy_autotest OK 1.26s 48/120 DPDK:fast-tests / graph_autotest OK 0.21s 49/120 DPDK:fast-tests / node_list_dump OK 0.19s 50/120 DPDK:fast-tests / graph_feature_arc_autotest OK 0.19s 51/120 DPDK:fast-tests / hash_autotest OK 0.46s 52/120 DPDK:fast-tests / hash_readwrite_func_autotest SKIP 0.15s exit status 77 53/120 DPDK:fast-tests / interrupt_autotest OK 1.44s 54/120 DPDK:fast-tests / ipfrag_autotest OK 0.18s 55/120 DPDK:fast-tests / ipsec_autotest SKIP 0.20s exit status 77 56/120 DPDK:fast-tests / kvargs_autotest OK 0.19s 57/120 DPDK:fast-tests / latencystats_autotest OK 0.21s 58/120 DPDK:fast-tests / lcore_var_autotest OK 0.52s 59/120 DPDK:fast-tests / lcores_autotest OK 1.39s 60/120 DPDK:fast-tests / logs_autotest OK 0.21s 61/120 DPDK:fast-tests / lpm_autotest OK 1.17s 62/120 DPDK:fast-tests / lpm6_autotest OK 3.52s 63/120 DPDK:fast-tests / malloc_autotest OK 0.39s 64/120 DPDK:fast-tests / mbuf_autotest OK 0.65s 65/120 DPDK:fast-tests / mcslock_autotest OK 0.91s 66/120 DPDK:fast-tests / member_autotest OK 2.13s 67/120 DPDK:fast-tests / memcpy_autotest OK 4.11s 68/120 DPDK:fast-tests / memory_autotest OK 0.15s 69/120 DPDK:fast-tests / mempool_autotest OK 0.49s 70/120 DPDK:fast-tests / memzone_autotest OK 0.17s 71/120 DPDK:fast-tests / meter_autotest OK 0.21s 72/120 DPDK:fast-tests / metrics_autotest OK 0.19s 73/120 DPDK:fast-tests / multiprocess_autotest OK 0.41s 74/120 DPDK:fast-tests / net_ether_autotest OK 0.84s 75/120 DPDK:fast-tests / net_ipv6_autotest OK 0.18s 76/120 DPDK:fast-tests / pcapng_autotest OK 6.15s 77/120 DPDK:fast-tests / pdcp_autotest SKIP 0.16s exit status 77 78/120 DPDK:fast-tests / pdump_autotest OK 0.45s 79/120 DPDK:fast-tests / per_lcore_autotest OK 0.32s 80/120 DPDK:fast-tests / pflock_autotest OK 0.31s 81/120 DPDK:fast-tests / pie_autotest OK 0.20s 82/120 DPDK:fast-tests / ring_pmd_autotest OK 0.20s 83/120 DPDK:fast-tests / power_autotest OK 0.19s 84/120 DPDK:fast-tests / power_cpufreq_autotest SKIP 0.15s exit status 77 85/120 DPDK:fast-tests / power_intel_uncore_autotest SKIP 0.21s exit status 77 86/120 DPDK:fast-tests / power_kvm_vm_autotest SKIP 0.15s exit status 77 87/120 DPDK:fast-tests / prefetch_autotest OK 0.21s 88/120 DPDK:fast-tests / ptr_compress_autotest OK 0.19s 89/120 DPDK:fast-tests / rawdev_autotest OK 0.17s 90/120 DPDK:fast-tests / rcu_qsbr_autotest OK 0.26s 91/120 DPDK:fast-tests / reorder_autotest OK 0.27s 92/120 DPDK:fast-tests / rib_autotest OK 3.77s 93/120 DPDK:fast-tests / rib6_autotest OK 3.77s 94/120 DPDK:fast-tests / ring_autotest OK 0.17s 95/120 DPDK:fast-tests / rwlock_test1_autotest OK 0.27s 96/120 DPDK:fast-tests / rwlock_rda_autotest OK 5.17s 97/120 DPDK:fast-tests / rwlock_rds_wrm_autotest OK 5.17s 98/120 DPDK:fast-tests / rwlock_rde_wro_autotest OK 5.17s 99/120 DPDK:fast-tests / sched_autotest OK 0.17s 100/120 DPDK:fast-tests / security_autotest OK 0.15s 101/120 DPDK:fast-tests / seqlock_autotest SKIP 0.18s exit status 77 102/120 DPDK:fast-tests / service_autotest OK 0.27s 103/120 DPDK:fast-tests / soring_autotest OK 0.17s 104/120 DPDK:fast-tests / spinlock_autotest OK 0.18s 105/120 DPDK:fast-tests / stack_autotest OK 0.18s 106/120 DPDK:fast-tests / stack_lf_autotest OK 0.24s 107/120 DPDK:fast-tests / string_autotest OK 0.19s 108/120 DPDK:fast-tests / table_autotest OK 4.39s 109/120 DPDK:fast-tests / tailq_autotest OK 0.17s 110/120 DPDK:fast-tests / telemetry_data_autotest OK 0.17s 111/120 DPDK:fast-tests / telemetry_json_autotest OK 0.17s 112/120 DPDK:fast-tests / thash_autotest OK 0.18s 113/120 DPDK:fast-tests / threads_autotest OK 0.34s 114/120 DPDK:fast-tests / ticketlock_autotest OK 0.18s 115/120 DPDK:fast-tests / timer_autotest OK 2.48s 116/120 DPDK:fast-tests / trace_autotest OK 0.18s 117/120 DPDK:fast-tests / trace_autotest_with_traces OK 0.18s 118/120 DPDK:fast-tests / vdev_autotest OK 0.17s 119/120 DPDK:fast-tests / version_autotest OK 0.16s 120/120 DPDK:fast-tests / telemetry_all SKIP 0.01s exit status 77 Ok: 109 Expected Fail: 0 Fail: 1 Unexpected Pass: 0 Skipped: 10 Timeout: 0 Full log written to /root/workspace/Generic-Unit-Test-DPDK/dpdk/build/meson-logs/testlog.txt Test log output from the failed test eal_flags_misc_autotest: Sorry, we were not able to find the logs for this test. Download the log output from the CI site for this test run. ==== End log output ==== Ubuntu 20.04 Kernel: 5.15 Compiler: gcc gcc (Ubuntu 9.4.0-1ubuntu1~20.04.2) 9.4.0 Fedora Linux 40 Kernel: 5.15 Compiler: gcc gcc (GCC) 14.2.1 20240912 (Red Hat 14.2.1-3) Fedora Linux 41 Kernel: 5.15 Compiler: gcc gcc (GCC) 14.3.1 20250523 (Red Hat 14.3.1-1) Red Hat Enterprise Linux 9.5 Kernel: 5.15 Compiler: gcc gcc (GCC) 11.5.0 20240719 (Red Hat 11.5.0-2) CentOS Stream 9 Kernel: 5.15 Compiler: gcc gcc (GCC) 11.5.0 20240719 (Red Hat 11.5.0-11) Fedora Linux 42 Kernel: 5.15 Compiler: gcc gcc (GCC) 15.2.1 20250808 (Red Hat 15.2.1-1) CentOS Stream 10 Kernel: 5.15 Compiler: gcc gcc (GCC) 14.2.1 20250110 (Red Hat 14.2.1-8) Debian GNU/Linux 12 Kernel: 5.15 Compiler: gcc gcc (Debian 12.2.0-14+deb12u1) 12.2.0 Ubuntu 22.04 Kernel: 5.15 Compiler: gcc gcc (Ubuntu 11.4.0-1ubuntu1~22.04) 11.4.0 Red Hat Enterprise Linux 8.10 Kernel: 5.15 Compiler: gcc gcc (GCC) 8.5.0 20210514 (Red Hat 8.5.0-22) Ubuntu 24.04 Kernel: 5.15 Compiler: gcc gcc (Ubuntu 13.3.0-6ubuntu2~24.04) 13.3.0 Windows Server 2022 Kernel: 10.0.20348.2031 Compiler: clang 15.0.7, gcc 14.1.0 (MinGW), and MSVC VS 19.39.33521 To view detailed results, visit: https://lab.dpdk.org/results/dashboard/patchsets/34326/ UNH-IOL DPDK Community Lab To manage your email subscriptions, visit: https://lab.dpdk.org/results/dashboard/preferences/subscriptions/