From: dpdklab@iol.unh.edu
To: Test Report <test-report@dpdk.org>
Cc: dpdk-test-reports@iol.unh.edu,
Stephen Hemminger <stephen@networkplumber.org>
Subject: |FAILURE| pw157837-157838 [PATCH] [v2,2/2] bpf: remove dependency on
Date: Sun, 19 Oct 2025 14:17:17 -0700 (PDT) [thread overview]
Message-ID: <68f5555d.170a0220.15df1e.7abfSMTPIN_ADDED_MISSING@mx.google.com> (raw)
In-Reply-To: <20251019204106.29043-3-stephen@networkplumber.org>
Test-Label: iol-compile-amd64-testing
Test-Status: FAILURE
http://dpdk.org/patch/157838
_Testing issues_
Submitter: Stephen Hemminger <stephen@networkplumber.org>
Date: Sunday, October 19 2025 20:39:59
DPDK git baseline: Repo:dpdk
Branch: master
CommitID:508d60b518bd6870f906285c689c9508c57e9dd4
157837-157838 --> testing issues
Upstream job id: Generic-VM-DPDK-Compile-Meson#39120
Test environment and result as below:
+-------------------------------+--------------------+-------------------+------------------+-------------------------+-------------------+
| Environment | dpdk_meson_compile | dpdk_compile_spdk | dpdk_compile_ovs | dpdk_llvm_clang_compile | dpdk_msvc_compile |
+===============================+====================+===================+==================+=========================+===================+
| CentOS Stream 9 | PEND | PEND | SKIPPED | SKIPPED | SKIPPED |
+-------------------------------+--------------------+-------------------+------------------+-------------------------+-------------------+
| Fedora Linux 42 | PEND | PEND | PEND | SKIPPED | SKIPPED |
+-------------------------------+--------------------+-------------------+------------------+-------------------------+-------------------+
| openSUSE Leap 15.6 | PEND | SKIPPED | SKIPPED | SKIPPED | SKIPPED |
+-------------------------------+--------------------+-------------------+------------------+-------------------------+-------------------+
| CentOS Stream 10 | PEND | SKIPPED | SKIPPED | SKIPPED | SKIPPED |
+-------------------------------+--------------------+-------------------+------------------+-------------------------+-------------------+
| Debian GNU/Linux 12 | PEND | PEND | SKIPPED | SKIPPED | SKIPPED |
+-------------------------------+--------------------+-------------------+------------------+-------------------------+-------------------+
| Ubuntu 20.04 | PASS | SKIPPED | SKIPPED | SKIPPED | SKIPPED |
+-------------------------------+--------------------+-------------------+------------------+-------------------------+-------------------+
| Red Hat Enterprise Linux 9.5 | PEND | SKIPPED | SKIPPED | SKIPPED | SKIPPED |
+-------------------------------+--------------------+-------------------+------------------+-------------------------+-------------------+
| Red Hat Enterprise Linux 8.10 | PEND | SKIPPED | SKIPPED | SKIPPED | SKIPPED |
+-------------------------------+--------------------+-------------------+------------------+-------------------------+-------------------+
| FreeBSD 14.2 | FAIL | SKIPPED | SKIPPED | SKIPPED | SKIPPED |
+-------------------------------+--------------------+-------------------+------------------+-------------------------+-------------------+
| Ubuntu 22.04 | PEND | PEND | SKIPPED | SKIPPED | SKIPPED |
+-------------------------------+--------------------+-------------------+------------------+-------------------------+-------------------+
| Ubuntu 24.04 | PEND | PEND | PEND | SKIPPED | SKIPPED |
+-------------------------------+--------------------+-------------------+------------------+-------------------------+-------------------+
| Alpine Linux 3.22.0 | PEND | SKIPPED | SKIPPED | SKIPPED | SKIPPED |
+-------------------------------+--------------------+-------------------+------------------+-------------------------+-------------------+
| Windows Server 2022 | SKIPPED | SKIPPED | SKIPPED | PEND | PEND |
+-------------------------------+--------------------+-------------------+------------------+-------------------------+-------------------+
==== 20 line log output for FreeBSD 14.2 (dpdk_meson_compile): ====
[236/2120] Compiling C object lib/librte_bpf.a.p/bpf_bpf.c.o
[237/2120] Generating acl.sym_chk with a custom command (wrapped by meson to capture output)
[238/2120] Linking target lib/librte_acl.so.26.0
[239/2120] Generating bbdev.sym_chk with a custom command (wrapped by meson to capture output)
[240/2120] Generating bitratestats.sym_chk with a custom command (wrapped by meson to capture output)
[241/2120] Linking target lib/librte_bbdev.so.26.0
[242/2120] Compiling C object lib/librte_bpf.a.p/bpf_bpf_load.c.o
[243/2120] Compiling C object lib/librte_bpf.a.p/bpf_bpf_pkt.c.o
FAILED: lib/librte_bpf.a.p/bpf_bpf_pkt.c.o
cc -Ilib/librte_bpf.a.p -Ilib -I../lib -Ilib/bpf -I../lib/bpf -Ilib/eal/common -I../lib/eal/common -I. -I.. -Iconfig -I../config -Ilib/eal/include -I../lib/eal/include -Ilib/eal/freebsd/include -I../lib/eal/freebsd/include -Ilib/eal/x86/include -I../lib/eal/x86/include -Ilib/eal -I../lib/eal -Ilib/kvargs -I../lib/kvargs -Ilib/log -I../lib/log -Ilib/metrics -I../lib/metrics -Ilib/telemetry -I../lib/telemetry -Ilib/argparse -I../lib/argparse -Ilib/mbuf -I../lib/mbuf -Ilib/mempool -I../lib/mempool -Ilib/ring -I../lib/ring -Ilib/net -I../lib/net -Ilib/ethdev -I../lib/ethdev -Ilib/meter -I../lib/meter -I/usr/local/include -Xclang -fcolor-diagnostics -pipe -D_FILE_OFFSET_BITS=64 -Wall -Winvalid-pch -Wextra -Werror -std=c11 -O3 -include rte_config.h -Wvla -Wcast-qual -Wdeprecated -Wformat -Wformat-nonliteral -Wformat-security -Wmissing-declarations -Wmissing-prototypes -Wnested-externs -Wold-style-definition -Wpointer-arith -Wsign-compare -Wstrict-prototypes -Wundef -Wwrite-strings -Wno-mis
sing-field-initializers -D_GNU_SOURCE -D__BSD_VISIBLE -fPIC -march=native -mrtm -DALLOW_EXPERIMENTAL_API -DALLOW_INTERNAL_API -Wno-format-truncation -DRTE_LOG_DEFAULT_LOGTYPE=lib.bpf -DRTE_ANNOTATE_LOCKS -Wthread-safety -MD -MQ lib/librte_bpf.a.p/bpf_bpf_pkt.c.o -MF lib/librte_bpf.a.p/bpf_bpf_pkt.c.o.d -o lib/librte_bpf.a.p/bpf_bpf_pkt.c.o -c ../lib/bpf/bpf_pkt.c
../lib/bpf/bpf_pkt.c:9:10: fatal error: 'alloca.h' file not found
9 | #include <alloca.h>
| ^~~~~~~~~~
1 error generated.
[244/2120] Generating symbol file lib/librte_acl.so.26.0.p/librte_acl.so.26.0.symbols
[245/2120] Generating symbol file lib/librte_bbdev.so.26.0.p/librte_bbdev.so.26.0.symbols
[246/2120] Compiling C object lib/librte_bpf.a.p/bpf_bpf_exec.c.o
[247/2120] Compiling C object lib/librte_bpf.a.p/bpf_bpf_stub.c.o
[248/2120] Generating ethdev.sym_chk with a custom command (wrapped by meson to capture output)
ninja: build stopped: subcommand failed.
==== End log output ====
CentOS Stream 9
Kernel: 5.15
Compiler: gcc gcc (GCC) 11.5.0 20240719 (Red Hat 11.5.0-11)
Fedora Linux 42
Kernel: 5.15
Compiler: gcc gcc (GCC) 15.2.1 20250808 (Red Hat 15.2.1-1)
openSUSE Leap 15.6
Kernel: 5.15
Compiler: gcc gcc (SUSE Linux) 7.5.0
CentOS Stream 10
Kernel: 5.15
Compiler: gcc gcc (GCC) 14.2.1 20250110 (Red Hat 14.2.1-8)
Debian GNU/Linux 12
Kernel: 5.15
Compiler: gcc gcc (Debian 12.2.0-14+deb12u1) 12.2.0
Ubuntu 20.04
Kernel: 5.15
Compiler: gcc gcc (Ubuntu 9.4.0-1ubuntu1~20.04.2) 9.4.0
Red Hat Enterprise Linux 9.5
Kernel: 5.15
Compiler: gcc gcc (GCC) 11.5.0 20240719 (Red Hat 11.5.0-2)
Red Hat Enterprise Linux 8.10
Kernel: 5.15
Compiler: gcc gcc (GCC) 8.5.0 20210514 (Red Hat 8.5.0-22)
FreeBSD 14.2
Kernel: 14.2-RELEASE
Compiler: clang 18.1.6
Ubuntu 22.04
Kernel: 5.15
Compiler: gcc gcc (Ubuntu 11.4.0-1ubuntu1~22.04) 11.4.0
Ubuntu 24.04
Kernel: 5.15
Compiler: gcc gcc (Ubuntu 13.3.0-6ubuntu2~24.04) 13.3.0
Alpine Linux 3.22.0
Kernel: 5.15
Compiler: gcc gcc (Alpine 14.2.0) 14.2.0
Windows Server 2022
Kernel: 10.0.20348.2031
Compiler: clang 15.0.7, gcc 14.1.0 (MinGW), and MSVC VS 19.39.33521
To view detailed results, visit:
https://lab.dpdk.org/results/dashboard/patchsets/34327/
UNH-IOL DPDK Community Lab
To manage your email subscriptions, visit:
https://lab.dpdk.org/results/dashboard/preferences/subscriptions/
next prev parent reply other threads:[~2025-10-19 21:17 UTC|newest]
Thread overview: 25+ messages / expand[flat|nested] mbox.gz Atom feed top
[not found] <20251019204106.29043-3-stephen@networkplumber.org>
2025-10-19 20:07 ` |SUCCESS| pw157837-157838 [PATCH v2 2/2] bpf: remove dependency on vla qemudev
2025-10-19 20:12 ` qemudev
2025-10-19 20:41 ` |SUCCESS| pw157838 " checkpatch
2025-10-19 21:12 ` |FAILURE| pw157837-157838 [PATCH] [v2,2/2] bpf: remove dependency on dpdklab
2025-10-19 21:14 ` |SUCCESS| " dpdklab
2025-10-19 21:17 ` dpdklab [this message]
2025-10-19 21:17 ` |PENDING| " dpdklab
2025-10-19 21:19 ` |SUCCESS| " dpdklab
2025-10-19 21:23 ` |PENDING| " dpdklab
2025-10-19 21:32 ` |SUCCESS| " dpdklab
2025-10-19 21:33 ` dpdklab
2025-10-19 21:35 ` dpdklab
2025-10-19 21:35 ` dpdklab
2025-10-19 21:42 ` |PENDING| " dpdklab
2025-10-19 21:48 ` |SUCCESS| " dpdklab
2025-10-19 21:49 ` dpdklab
2025-10-19 21:52 ` dpdklab
2025-10-19 22:09 ` dpdklab
2025-10-19 22:17 ` |FAILURE| " dpdklab
2025-10-19 22:19 ` |SUCCESS| " dpdklab
2025-10-19 22:26 ` dpdklab
2025-10-19 22:39 ` |SUCCESS| pw157838 [PATCH v2 2/2] bpf: remove dependency on vla 0-day Robot
2025-10-19 22:39 ` 0-day Robot
2025-10-20 3:01 ` |SUCCESS| pw157837-157838 [PATCH] [v2,2/2] bpf: remove dependency on dpdklab
2025-10-20 3:20 ` dpdklab
Reply instructions:
You may reply publicly to this message via plain-text email
using any one of the following methods:
* Save the following mbox file, import it into your mail client,
and reply-to-all from there: mbox
Avoid top-posting and favor interleaved quoting:
https://en.wikipedia.org/wiki/Posting_style#Interleaved_style
* Reply using the --to, --cc, and --in-reply-to
switches of git-send-email(1):
git send-email \
--in-reply-to=68f5555d.170a0220.15df1e.7abfSMTPIN_ADDED_MISSING@mx.google.com \
--to=dpdklab@iol.unh.edu \
--cc=dpdk-test-reports@iol.unh.edu \
--cc=stephen@networkplumber.org \
--cc=test-report@dpdk.org \
/path/to/YOUR_REPLY
https://kernel.org/pub/software/scm/git/docs/git-send-email.html
* If your mail client supports setting the In-Reply-To header
via mailto: links, try the mailto: link
Be sure your reply has a Subject: header at the top and a blank line
before the message body.
This is a public inbox, see mirroring instructions
for how to clone and mirror all data and code used for this inbox;
as well as URLs for NNTP newsgroup(s).