From mboxrd@z Thu Jan 1 00:00:00 1970 Return-Path: Received: from mails.dpdk.org (mails.dpdk.org [217.70.189.124]) by inbox.dpdk.org (Postfix) with ESMTP id 7AAB848984 for ; Mon, 20 Oct 2025 07:04:04 +0200 (CEST) Received: from mails.dpdk.org (localhost [127.0.0.1]) by mails.dpdk.org (Postfix) with ESMTP id 5D7E3400D6; Mon, 20 Oct 2025 07:04:04 +0200 (CEST) Received: from mail-yx1-f97.google.com (mail-yx1-f97.google.com [74.125.224.97]) by mails.dpdk.org (Postfix) with ESMTP id 750C3400D6 for ; Mon, 20 Oct 2025 07:04:03 +0200 (CEST) Received: by mail-yx1-f97.google.com with SMTP id 956f58d0204a3-63d0692136bso4057599d50.1 for ; Sun, 19 Oct 2025 22:04:03 -0700 (PDT) DKIM-Signature: v=1; a=rsa-sha256; c=relaxed/relaxed; d=iol.unh.edu; s=unh-iol; t=1760936643; x=1761541443; darn=dpdk.org; h=cc:to:from:subject:message-id:date:from:to:cc:subject:date :message-id:reply-to; bh=3n99qN3uN1umoTBdtUGBLdOg5+FkU/GG143p2z1irDo=; b=R9/6wr0zpo4uLJ3QFLSrjFKjpyVQGXjGK93dQd3kHlNb0XXiz9qvSjocMBWJ2fwFF1 7XkvfxNSXeKO6gzF1seZlcw2Gco0Gmsl9QyLzbp7TWNbo/lSWwzsFNtrPVTpNNxr6fwz f8g2ta6BeLnckGhdCp2D+zyUHv9MetbdNG8Ng= X-Google-DKIM-Signature: v=1; a=rsa-sha256; c=relaxed/relaxed; d=1e100.net; s=20230601; t=1760936643; x=1761541443; h=cc:to:from:subject:message-id:date:x-gm-message-state:from:to:cc :subject:date:message-id:reply-to; bh=3n99qN3uN1umoTBdtUGBLdOg5+FkU/GG143p2z1irDo=; b=BkarQkfeTQCrrTu5VpOMBHnxC+paOG5jMAC9lRWaOI9tDP2Wyl10TkZLXl1lI/f9vA k9DsvL88cJS7Di8+p90cdLGQkOQXUGsveCriqoVRDWyMmW65VE2CXX6JpWj7TIrhimNn v0qlPxSkAQD0nLmdliasN3H4gvyOYnZD2bEIz10nrcav9IwwUxNpCxdd4z1nyZPNY5uE e7HelAnRUAjZ3oD6E1WEAhIFjla0t5P5imqxWqaAjafOsq4QGTwB9UowfyqsLvtwUNeD bVEwS4er1f/6rJS+0vbk9AIxQEIeuZujxgZyf+QfegPl2kzG8YyFGWprAHUovuPYc6Lo iJFA== X-Gm-Message-State: AOJu0Yzetpo4Sf39OXLqBpFBdpwOK3rc+NRIHiIFD66xA7dQztYPKvTO AIyi4s0p1o70Eu7EToQdPfYGXF6NwURVaK/2kUDUyJ7uVzwqWoDDLp8KqCVp9hpQTeYB60WQN8B hYLLn2DyVo2+X84oBsa68py+RVs8OoBkAZEA9 X-Gm-Gg: ASbGnctW5Dp7pBL3TWjOCwGriZRDRyhvaqwEGrWIeQTIOBupjiKjDSd1KO8A+pZmuMp xlAUmQXx2oYAqLa1p70uZvhhyEX60Ow+HWr2NhV5yhKKq5iMQf9wdwc8gEirSienrCdXgo/lzTD 6o5cFxwbbL9QIu9RbKAOxzv7vvQqNTHwu4PjjQGUUz4si++xhEBF2mAzMYntkb5muJ6BAEX6dIg VHBTnm7gULoyYbelyQFuO+KUFGLGAGz1BCF5rKpqcfnYbbYfmMtOJCvkOWjeX13PVD2G+aOdkLK KxpA4+25zjoCb7fMBI/IMQ/sAExhuW1uS/euNwUo1GSI2XzSDQtidzTbO0Lbq0aawVs3/ZLJYWo xWid40Dwco2bshT54iHCbM7iD/Bo802w= X-Google-Smtp-Source: AGHT+IEOZr8W/0cj6kY9VhlVWXvJ4YvYyJcl09ME+VVw/IaPbJ4u+hFEX5XgA49Per+1nfaEXIDmrLGzZUEY X-Received: by 2002:a05:690e:1289:b0:639:2794:3423 with SMTP id 956f58d0204a3-63e160d8c85mr8671990d50.7.1760936642609; Sun, 19 Oct 2025 22:04:02 -0700 (PDT) Received: from postal.iol.unh.edu (postal.iol.unh.edu. [132.177.123.84]) by smtp-relay.gmail.com with ESMTPS id 956f58d0204a3-63e30c01009sm436779d50.13.2025.10.19.22.04.02 (version=TLS1_2 cipher=ECDHE-ECDSA-AES128-GCM-SHA256 bits=128/128); Sun, 19 Oct 2025 22:04:02 -0700 (PDT) X-Relaying-Domain: iol.unh.edu Date: Sun, 19 Oct 2025 22:04:02 -0700 (PDT) Message-ID: <68f5c2c2.050a0220.14b433.afbcSMTPIN_ADDED_MISSING@mx.google.com> Received: from [172.21.0.2] (unknown [172.18.0.240]) by postal.iol.unh.edu (Postfix) with ESMTP id 428456051830; Mon, 20 Oct 2025 01:04:02 -0400 (EDT) Subject: |FAILURE| [GIT MASTER] 62f583c49bf67dd4d6733ece14e55fe6839e66d1 From: dpdklab@iol.unh.edu To: Test Report Cc: dpdk-test-reports@iol.unh.edu, Xueming Li , Christian Ehrhardt , Kevin Traynor , Luca Boccassi Content-Type: text/plain X-BeenThere: test-report@dpdk.org X-Mailman-Version: 2.1.29 Precedence: list List-Id: automatic DPDK test reports List-Unsubscribe: , List-Archive: List-Post: List-Help: List-Subscribe: , Errors-To: test-report-bounces@dpdk.org _Testing issues_ Branch: tags/v23.11 62f583c49bf67dd4d6733ece14e55fe6839e66d1 --> testing issues Upstream job id: Generic-Unit-Test-DPDK#383421 Test environment and result as below: +-------------------------------+----------------+ | Environment | dpdk_unit_test | +===============================+================+ | CentOS Stream 9 | PASS | +-------------------------------+----------------+ | Fedora Linux 40 | PASS | +-------------------------------+----------------+ | CentOS Stream 10 | PASS | +-------------------------------+----------------+ | Debian GNU/Linux 12 | PASS | +-------------------------------+----------------+ | Red Hat Enterprise Linux 9.5 | PASS | +-------------------------------+----------------+ | Ubuntu 22.04 | PASS | +-------------------------------+----------------+ | Fedora Linux 42 | PASS | +-------------------------------+----------------+ | Ubuntu 24.04 | PASS | +-------------------------------+----------------+ | Ubuntu 20.04 | PASS | +-------------------------------+----------------+ | Fedora Linux 41 | PASS | +-------------------------------+----------------+ | Red Hat Enterprise Linux 8.10 | PASS | +-------------------------------+----------------+ | Windows Server 2022 | FAIL | +-------------------------------+----------------+ ==== Unit test summary for Windows Server 2022 (dpdk_unit_test): ==== Failed to get the unit test results. Displaying the unit test results is not supported for some environments, such as our aarch32 testing, where meson is not used to run the tests. Download the logs available on our CI site. ==== End log output ==== CentOS Stream 9 Kernel: 5.15 Compiler: gcc gcc (GCC) 11.5.0 20240719 (Red Hat 11.5.0-11) Fedora Linux 40 Kernel: 5.15 Compiler: gcc gcc (GCC) 14.2.1 20240912 (Red Hat 14.2.1-3) CentOS Stream 10 Kernel: 5.15 Compiler: gcc gcc (GCC) 14.2.1 20250110 (Red Hat 14.2.1-8) Debian GNU/Linux 12 Kernel: 5.15 Compiler: gcc gcc (Debian 12.2.0-14+deb12u1) 12.2.0 Red Hat Enterprise Linux 9.5 Kernel: 5.15 Compiler: gcc gcc (GCC) 11.5.0 20240719 (Red Hat 11.5.0-2) Ubuntu 22.04 Kernel: 5.15 Compiler: gcc gcc (Ubuntu 11.4.0-1ubuntu1~22.04) 11.4.0 Fedora Linux 42 Kernel: 5.15 Compiler: gcc gcc (GCC) 15.2.1 20250808 (Red Hat 15.2.1-1) Ubuntu 24.04 Kernel: 5.15 Compiler: gcc gcc (Ubuntu 13.3.0-6ubuntu2~24.04) 13.3.0 Ubuntu 20.04 Kernel: 5.15 Compiler: gcc gcc (Ubuntu 9.4.0-1ubuntu1~20.04.2) 9.4.0 Fedora Linux 41 Kernel: 5.15 Compiler: clang gcc (GCC) 14.3.1 20250523 (Red Hat 14.3.1-1) Red Hat Enterprise Linux 8.10 Kernel: 5.15 Compiler: gcc gcc (GCC) 8.5.0 20210514 (Red Hat 8.5.0-22) Windows Server 2022 Kernel: 10.0.20348.2031 Compiler: clang 15.0.7, gcc 14.1.0 (MinGW), and MSVC VS 19.39.33521 To view detailed results, visit: https://lab.dpdk.org/results/dashboard/tarballs/35278/ UNH-IOL DPDK Community Lab To manage your email subscriptions, visit: https://lab.dpdk.org/results/dashboard/preferences/subscriptions/