From mboxrd@z Thu Jan 1 00:00:00 1970 Return-Path: Received: from mails.dpdk.org (mails.dpdk.org [217.70.189.124]) by inbox.dpdk.org (Postfix) with ESMTP id DF22848984 for ; Mon, 20 Oct 2025 07:18:32 +0200 (CEST) Received: from mails.dpdk.org (localhost [127.0.0.1]) by mails.dpdk.org (Postfix) with ESMTP id D8F05400D6; Mon, 20 Oct 2025 07:18:32 +0200 (CEST) Received: from mail-pl1-f228.google.com (mail-pl1-f228.google.com [209.85.214.228]) by mails.dpdk.org (Postfix) with ESMTP id 2BA0A400D6 for ; Mon, 20 Oct 2025 07:18:32 +0200 (CEST) Received: by mail-pl1-f228.google.com with SMTP id d9443c01a7336-27eec33b737so60277825ad.1 for ; Sun, 19 Oct 2025 22:18:32 -0700 (PDT) DKIM-Signature: v=1; a=rsa-sha256; c=relaxed/relaxed; d=iol.unh.edu; s=unh-iol; t=1760937511; x=1761542311; darn=dpdk.org; h=cc:to:from:subject:message-id:date:from:to:cc:subject:date :message-id:reply-to; bh=mU1PzMdfNBivztv0IfszRP8i8RhgZ2EagPSWvMmzwjs=; b=DgZfymLRwgwkWEqPh3LlbW3nsenoDaBtJuYxxsX1NeHRILfpMEI6EoISWJTPPQkQ/u S9W3GRSnjypT0XFuo7smxYISuLA93texYPZfeFDV3EynI5S1qMAMC8KH3tjRhyy6pqHj 7uD8Np7BvoefMfLd0l9z+61g2RYrMeQEU4zYI= X-Google-DKIM-Signature: v=1; a=rsa-sha256; c=relaxed/relaxed; d=1e100.net; s=20230601; t=1760937511; x=1761542311; h=cc:to:from:subject:message-id:date:x-gm-message-state:from:to:cc :subject:date:message-id:reply-to; bh=mU1PzMdfNBivztv0IfszRP8i8RhgZ2EagPSWvMmzwjs=; b=gtfyuBVgduC/xxvm4uFUpiVqL3VZrumnndupkO1Gj9etmKBVfFLyYA2/mHfUBMMwql uNGiGF9w6lSNUrM+IM9qlp7ZghAnPMNYFplXSc/JMVhiWjAIFfz7pnD8Jd9TIWNSMI8s 4GaCb3xIIurrmMU9vUXCZMtpYQNWa/MSdbFtvEWkt4DCyK29oxAnk/gX6qwlSsF2FlGP r5vX5kXAA2hrVG1nyyDmEWBr5UBQPLeoivJulXJtQPd1ypf3V3rZ2AGX86fckdydQJHo ALDB/chMPJd6JI3NaEYb4cgcbxzM/lkkhJDpZIwJwJZhQTxyBuwUA3vHSKN+e6Rn4a9R Vr3A== X-Gm-Message-State: AOJu0YxX2D9KM1aMb9ygLOei7gdGTGjld3FAKZl5EkVMGVD96L/SXyz+ tosIUNgUgwV3vnzy4s+A1Ey23c/brWgPOBiwMLGu8BQhxRIsM9zoe2Nrov44jj8CbXhG8Th2k2c vuGO5Cab8kcO44ASBPMf0t803kEpdgv+59UOzel4/d7LgH2gJ4Gq2 X-Gm-Gg: ASbGncu8Hss6QTDIwJ5gojOhiuWCPxsZ0PNq4bpuvz+OE3wLekzZL2VMEY7ppCNK3op KfhJkfgwHkeGLJEgpWvc1gG5oqh5Pq8Y2438MyPrbYVZOetzCUDr3XUnfs7MB0EmpQ4a3C9AEOv z4qQ5sJSHOcjTx6T3LgQ9F61+Qd2khMSDXB+buf9YVciCQStbZtaopDo2jURfCHBGN6Ijei7Og5 lLYcOhvDr88lzCCgstr1b/JQu+bIHwZY+AWIp10l5O0K9eJijqCT7K5roNxmoRKKeXAY2jlUItD KIaUD65gOAdPC2qfB+o//G/phClMSS4YKf8F25fEC1EseEg/HOo3SJWUscl0RMv6oFlSWi6rvu+ 4yKKKIUJf X-Google-Smtp-Source: AGHT+IEm214VaIjhwVO9d8+sCjVfUG7AD/ru+FUrJ06Rb13PQ7crQs9sFWhOekGTQC3zCc4wxvVu74uxwgr8 X-Received: by 2002:a17:902:dad0:b0:24b:270e:56c7 with SMTP id d9443c01a7336-290c9c93b02mr173081145ad.7.1760937511324; Sun, 19 Oct 2025 22:18:31 -0700 (PDT) Received: from postal.iol.unh.edu (postal.iol.unh.edu. [2606:4100:3880:1234::84]) by smtp-relay.gmail.com with ESMTPS id d9443c01a7336-2924701657esm9560915ad.24.2025.10.19.22.18.31 (version=TLS1_2 cipher=ECDHE-ECDSA-AES128-GCM-SHA256 bits=128/128); Sun, 19 Oct 2025 22:18:31 -0700 (PDT) X-Relaying-Domain: iol.unh.edu Date: Sun, 19 Oct 2025 22:18:31 -0700 (PDT) Message-ID: <68f5c627.170a0220.219116.cb9cSMTPIN_ADDED_MISSING@mx.google.com> Received: from [172.21.0.2] (unknown [172.18.0.240]) by postal.iol.unh.edu (Postfix) with ESMTP id 8AFC26051830; Mon, 20 Oct 2025 01:18:30 -0400 (EDT) Subject: |FAILURE| [GIT MASTER] 62f583c49bf67dd4d6733ece14e55fe6839e66d1 From: dpdklab@iol.unh.edu To: Test Report Cc: dpdk-test-reports@iol.unh.edu, Xueming Li , Christian Ehrhardt , Kevin Traynor , Luca Boccassi Content-Type: text/plain X-BeenThere: test-report@dpdk.org X-Mailman-Version: 2.1.29 Precedence: list List-Id: automatic DPDK test reports List-Unsubscribe: , List-Archive: List-Post: List-Help: List-Subscribe: , Errors-To: test-report-bounces@dpdk.org _Testing issues_ Branch: tags/v23.11 62f583c49bf67dd4d6733ece14e55fe6839e66d1 --> testing issues Upstream job id: Generic-DPDK-Compile-Meson#436075 Test environment and result as below: +-------------------------------+--------------------+-------------------+-------------------------+-------------------+------------------+----------------------+ | Environment | dpdk_meson_compile | dpdk_msvc_compile | dpdk_llvm_clang_compile | dpdk_compile_spdk | dpdk_compile_ovs | dpdk_mingw64_compile | +===============================+====================+===================+=========================+===================+==================+======================+ | Ubuntu 20.04 | PASS | SKIPPED | SKIPPED | SKIPPED | SKIPPED | SKIPPED | +-------------------------------+--------------------+-------------------+-------------------------+-------------------+------------------+----------------------+ | FreeBSD 14.2 | PASS | SKIPPED | SKIPPED | SKIPPED | SKIPPED | SKIPPED | +-------------------------------+--------------------+-------------------+-------------------------+-------------------+------------------+----------------------+ | CentOS Stream 9 | PASS | SKIPPED | SKIPPED | PASS | SKIPPED | SKIPPED | +-------------------------------+--------------------+-------------------+-------------------------+-------------------+------------------+----------------------+ | Fedora Linux 42 | PASS | SKIPPED | SKIPPED | PASS | PASS | SKIPPED | +-------------------------------+--------------------+-------------------+-------------------------+-------------------+------------------+----------------------+ | Debian GNU/Linux 12 | PASS | SKIPPED | SKIPPED | PASS | SKIPPED | SKIPPED | +-------------------------------+--------------------+-------------------+-------------------------+-------------------+------------------+----------------------+ | CentOS Stream 10 | PASS | SKIPPED | SKIPPED | SKIPPED | SKIPPED | SKIPPED | +-------------------------------+--------------------+-------------------+-------------------------+-------------------+------------------+----------------------+ | Red Hat Enterprise Linux 8.10 | PASS | SKIPPED | SKIPPED | SKIPPED | SKIPPED | SKIPPED | +-------------------------------+--------------------+-------------------+-------------------------+-------------------+------------------+----------------------+ | Ubuntu 22.04 | PASS | SKIPPED | SKIPPED | PASS | SKIPPED | SKIPPED | +-------------------------------+--------------------+-------------------+-------------------------+-------------------+------------------+----------------------+ | Red Hat Enterprise Linux 9.5 | PASS | SKIPPED | SKIPPED | SKIPPED | SKIPPED | SKIPPED | +-------------------------------+--------------------+-------------------+-------------------------+-------------------+------------------+----------------------+ | openSUSE Leap 15.6 | PASS | SKIPPED | SKIPPED | SKIPPED | SKIPPED | SKIPPED | +-------------------------------+--------------------+-------------------+-------------------------+-------------------+------------------+----------------------+ | Alpine Linux 3.22.0 | PASS | SKIPPED | SKIPPED | SKIPPED | SKIPPED | SKIPPED | +-------------------------------+--------------------+-------------------+-------------------------+-------------------+------------------+----------------------+ | Ubuntu 24.04 | PASS | SKIPPED | SKIPPED | PASS | PASS | SKIPPED | +-------------------------------+--------------------+-------------------+-------------------------+-------------------+------------------+----------------------+ | Windows Server 2022 | SKIPPED | PASS | FAIL | SKIPPED | SKIPPED | PASS | +-------------------------------+--------------------+-------------------+-------------------------+-------------------+------------------+----------------------+ ==== 20 line log output for Windows Server 2022 (dpdk_llvm_clang_compile): ==== Compiler for C supports arguments -mavx512f: YES (cached) Compiler for C supports arguments -mavx512bw: YES (cached) Compiler for C supports arguments -mavx512dq: YES (cached) Compiler for C supports arguments -march=skylake-avx512: YES Message: drivers/common/idpf: Defining dependency "common_idpf" Message: drivers/bus/auxiliary: Defining dependency "bus_auxiliary" Compiler for C supports arguments -Wno-cast-qual: YES (cached) Compiler for C supports arguments -Wno-pointer-arith: YES (cached) Message: drivers/bus/pci: Defining dependency "bus_pci" Message: drivers/bus/vdev: Defining dependency "bus_vdev" Compiler for C supports arguments -std=c11: YES Compiler for C supports arguments -Wno-strict-prototypes: YES Compiler for C supports arguments -D_BSD_SOURCE: YES Compiler for C supports arguments -D_DEFAULT_SOURCE: YES Compiler for C supports arguments -D_XOPEN_SOURCE=600: YES Has header "mlx5devx.h" : YES drivers\common\mlx5\windows\meson.build:10:13: ERROR: C shared or static library 'mlx5devx' not found A full log can be found at C:\Users\builder\jenkins\workspace\Windows-Compile-DPDK-Native\dpdk\build\meson-logs\meson-log.txt ==== End log output ==== Ubuntu 20.04 Kernel: 4.19 Compiler: gcc gcc (Ubuntu 9.4.0-1ubuntu1~20.04.2) 9.4.0 FreeBSD 14.2 Kernel: 14.2-RELEASE Compiler: clang 18.1.6 CentOS Stream 9 Kernel: 5.15 Compiler: gcc gcc (GCC) 11.5.0 20240719 (Red Hat 11.5.0-11) Fedora Linux 42 Kernel: 5.15 Compiler: gcc gcc (GCC) 15.2.1 20250808 (Red Hat 15.2.1-1) Debian GNU/Linux 12 Kernel: 5.15 Compiler: gcc gcc (Debian 12.2.0-14+deb12u1) 12.2.0 CentOS Stream 10 Kernel: 5.15 Compiler: gcc gcc (GCC) 14.2.1 20250110 (Red Hat 14.2.1-8) Red Hat Enterprise Linux 8.10 Kernel: 5.15 Compiler: gcc gcc (GCC) 8.5.0 20210514 (Red Hat 8.5.0-22) Ubuntu 22.04 Kernel: 5.15 Compiler: gcc gcc (Ubuntu 11.4.0-1ubuntu1~22.04) 11.4.0 Red Hat Enterprise Linux 9.5 Kernel: 5.15 Compiler: gcc gcc (GCC) 11.5.0 20240719 (Red Hat 11.5.0-2) openSUSE Leap 15.6 Kernel: 5.15 Compiler: gcc gcc (SUSE Linux) 7.5.0 Alpine Linux 3.22.0 Kernel: 5.15 Compiler: gcc gcc (Alpine 14.2.0) 14.2.0 Ubuntu 24.04 Kernel: 5.15 Compiler: gcc gcc (Ubuntu 13.3.0-6ubuntu2~24.04) 13.3.0 Windows Server 2022 Kernel: 10.0.20348.2031 Compiler: clang 15.0.7, gcc 14.1.0 (MinGW), and MSVC VS 19.39.33521 To view detailed results, visit: https://lab.dpdk.org/results/dashboard/tarballs/35278/ UNH-IOL DPDK Community Lab To manage your email subscriptions, visit: https://lab.dpdk.org/results/dashboard/preferences/subscriptions/