From mboxrd@z Thu Jan 1 00:00:00 1970 Return-Path: Received: from mails.dpdk.org (mails.dpdk.org [217.70.189.124]) by inbox.dpdk.org (Postfix) with ESMTP id 36D8C4898A for ; Mon, 20 Oct 2025 13:07:52 +0200 (CEST) Received: from mails.dpdk.org (localhost [127.0.0.1]) by mails.dpdk.org (Postfix) with ESMTP id 0C138400D6; Mon, 20 Oct 2025 13:07:52 +0200 (CEST) Received: from mail-vs1-f99.google.com (mail-vs1-f99.google.com [209.85.217.99]) by mails.dpdk.org (Postfix) with ESMTP id 0371F400D6 for ; Mon, 20 Oct 2025 13:07:51 +0200 (CEST) Received: by mail-vs1-f99.google.com with SMTP id ada2fe7eead31-5d967b66fedso1121814137.1 for ; Mon, 20 Oct 2025 04:07:50 -0700 (PDT) DKIM-Signature: v=1; a=rsa-sha256; c=relaxed/relaxed; d=iol.unh.edu; s=unh-iol; t=1760958470; x=1761563270; darn=dpdk.org; h=cc:to:from:subject:message-id:date:from:to:cc:subject:date :message-id:reply-to; bh=k5JMdXbSxpZqUZqzfVrR+oJXTNOOUKFGm7Ter0DEcys=; b=RNZ7QFel2uxT7O2ZM+KxWEZk2UTb9DHxez+K2bvtwmOBaqZIyLYN68w0xnfsvpzuI/ bDBUC2o+pK/CRhbUREW4d5b9sLfjmDk61u9nPksqfo2dgxPuEsCRUw/fwD7Kz8Gbsgeq Xfg9N2IScTtSkYKufzVnKWaPrD8ildN/g9Xik= X-Google-DKIM-Signature: v=1; a=rsa-sha256; c=relaxed/relaxed; d=1e100.net; s=20230601; t=1760958470; x=1761563270; h=cc:to:from:subject:message-id:date:x-gm-message-state:from:to:cc :subject:date:message-id:reply-to; bh=k5JMdXbSxpZqUZqzfVrR+oJXTNOOUKFGm7Ter0DEcys=; b=uYbVVXNfy/Zed+Kh5JBjnDSasR9FFeh9I10OgrMYam51fBhoeYFzlXLXNL26kBF08e kKzR6XNgZPNbqY+njSo+/WDhyxH1tgKY0JGeismOAmrPfgE184fDcI7X4UpsKTc/p0vm AI7OJABtuIY544838nQxZTTYfKSCrrQXnTE6ARQZsnz96fkIkliXBLmU6JqStwPy8RCn 46aaPMT53wrn/q1zYZd77XFD20iE7xejEEXk5D5pVxBh989z7MmUqYIub04BF3atzoPv 5ui3n4L1g51Dcs/hV6RpxSE0rQGcB8Y74v9dlP/MT7Ya/YenBDtTNQLwRekriYEyfOo4 Ef6A== X-Gm-Message-State: AOJu0YzeaOUAcoaNrZsqalr7hv4VICaK+qb/K0pdMWPTGRt4mTRJZAJp f1IrRHKJtwM8wm+OL5kbnTkaZ5/476lEhZCiW9ALvjaFHAetpG8zSrgsZtBZCgDAyqv/5AWrhgy JD16MR18V+WHzjQ2ShamqaOVuGGiUlXur/nPO X-Gm-Gg: ASbGncsf1JwSroudQGFWIz/Ahmk0RLt6lqg2G7JIqskGp/W2qAvdYFEjcyaA0qAhqrD NQ+BSVKF3HYlkh4KeFZik8z+I7qXrZCT5aADX0ORAVRr+6Coo5mpyEwNef3V9al6sN48YteCjxH I18KLmkbj6Zg5YbVZfV5taDYihbc82JXbA0y53jhigwh0LMD22NpL76QdaG0h/wg+xBSva6r6Bg bWEGwovid8weDeIe2cqmsA9VwESGwXdoEUL2PjKnOw3CFRFx1fxakuLSN2BOVCkdKRWZF7Wlvtu XfG8QvQ8/pqXLZqXIscnexjYZCJ6LiFZXEptrhnKSFMRISBrs2gWxo3HK+B4jj6EujsxcNvmo8o OZ5da94NjNOcpE2fXFjI4xOQt/J0/pJM= X-Google-Smtp-Source: AGHT+IH5hk5dYaWcoZ+/FoEcJ7PQtHeLX6Ui0GZ8JL4zcHo+W1VDBJ8koiBU1MAeI3QLPTzIaQVK8I/b2WPk X-Received: by 2002:a05:6102:511f:b0:5d5:f6ae:38c6 with SMTP id ada2fe7eead31-5d7dd6d916amr3500645137.37.1760958470347; Mon, 20 Oct 2025 04:07:50 -0700 (PDT) Received: from postal.iol.unh.edu (postal.iol.unh.edu. [132.177.123.84]) by smtp-relay.gmail.com with ESMTPS id ada2fe7eead31-5d96be9cff6sm1372507137.0.2025.10.20.04.07.50 (version=TLS1_2 cipher=ECDHE-ECDSA-AES128-GCM-SHA256 bits=128/128); Mon, 20 Oct 2025 04:07:50 -0700 (PDT) X-Relaying-Domain: iol.unh.edu Date: Mon, 20 Oct 2025 04:07:50 -0700 (PDT) Message-ID: <68f61806.050a0220.1f79dd.a3b6SMTPIN_ADDED_MISSING@mx.google.com> Received: from [172.21.0.2] (unknown [172.18.0.240]) by postal.iol.unh.edu (Postfix) with ESMTP id F39746051830; Mon, 20 Oct 2025 07:07:49 -0400 (EDT) Subject: |FAILURE| [GIT MASTER] 3b43ce3f4a54468e7ef65760c2fd7b4d6ee6d9fc From: dpdklab@iol.unh.edu To: Test Report Cc: dpdk-test-reports@iol.unh.edu, Xueming Li , Christian Ehrhardt , Kevin Traynor , Luca Boccassi Content-Type: text/plain X-BeenThere: test-report@dpdk.org X-Mailman-Version: 2.1.29 Precedence: list List-Id: automatic DPDK test reports List-Unsubscribe: , List-Archive: List-Post: List-Help: List-Subscribe: , Errors-To: test-report-bounces@dpdk.org _Testing issues_ Branch: tags/v22.11 3b43ce3f4a54468e7ef65760c2fd7b4d6ee6d9fc --> testing issues Upstream job id: Generic-Unit-Test-DPDK#383483 Test environment and result as below: +-----------------+------------------------------+---------------------------+--------------+----------------+ | Environment | cryptodev_sw_snow3g_autotest | cryptodev_sw_zuc_autotest | lpm_autotest | dpdk_unit_test | +=================+==============================+===========================+==============+================+ | Debian 12 (arm) | PASS | PASS | SKIPPED | SKIPPED | +-----------------+------------------------------+---------------------------+--------------+----------------+ | Ubuntu 20.04 | SKIPPED | SKIPPED | FAIL | SKIPPED | +-----------------+------------------------------+---------------------------+--------------+----------------+ | Ubuntu 22.04 | SKIPPED | SKIPPED | SKIPPED | PASS | +-----------------+------------------------------+---------------------------+--------------+----------------+ ==== 20 line log output for Ubuntu 20.04 (lpm_autotest): ==== [671/690] Compiling C object 'app/test/3062f5d@@dpdk-test@exe/test_threads.c.o'. [672/690] Compiling C object 'app/test/3062f5d@@dpdk-test@exe/test_thash.c.o'. [673/690] Compiling C object 'app/test/3062f5d@@dpdk-test@exe/test_thash_perf.c.o'. [674/690] Compiling C object 'app/test/3062f5d@@dpdk-test@exe/test_timer.c.o'. [675/690] Compiling C object 'app/test/3062f5d@@dpdk-test@exe/test_timer_perf.c.o'. [676/690] Compiling C object 'app/test/3062f5d@@dpdk-test@exe/test_timer_racecond.c.o'. [677/690] Compiling C object 'app/test/3062f5d@@dpdk-test@exe/test_timer_secondary.c.o'. [678/690] Compiling C object 'app/test/3062f5d@@dpdk-test@exe/test_ticketlock.c.o'. [679/690] Compiling C object 'app/test/3062f5d@@dpdk-test@exe/test_trace.c.o'. [680/690] Compiling C object 'app/test/3062f5d@@dpdk-test@exe/test_trace_register.c.o'. [681/690] Compiling C object 'app/test/3062f5d@@dpdk-test@exe/test_version.c.o'. [682/690] Compiling C object 'app/test/3062f5d@@dpdk-test@exe/test_ring.c.o'. [683/690] Compiling C object 'app/test/3062f5d@@dpdk-test@exe/test_telemetry_json.c.o'. [684/690] Compiling C object 'app/test/3062f5d@@dpdk-test@exe/test_telemetry_data.c.o'. [685/690] Compiling C object 'app/test/3062f5d@@dpdk-test@exe/test_pcapng.c.o'. [686/690] Compiling C object 'app/test/3062f5d@@dpdk-test@exe/virtual_pmd.c.o'. [687/690] Compiling C object 'app/test/3062f5d@@dpdk-test@exe/test_bpf.c.o'. [688/690] Compiling C object 'app/test/3062f5d@@dpdk-test@exe/test_compressdev.c.o'. [689/690] Compiling C object 'app/test/3062f5d@@dpdk-test@exe/test_trace_perf.c.o'. [690/690] Linking target app/test/dpdk-test. ==== End log output ==== Debian 12 (arm) Kernel: Depends on container host Compiler: gcc (Debian 12.2.0-14) 12.2.0 Ubuntu 20.04 Kernel: 5.4 Compiler: gcc gcc (Ubuntu 9.4.0-1ubuntu1~20.04.2) 9.4.0 Ubuntu 22.04 Kernel: 5.15 Compiler: gcc gcc (Ubuntu 11.4.0-1ubuntu1~22.04.2) 11.4.0 To view detailed results, visit: https://lab.dpdk.org/results/dashboard/tarballs/35277/ UNH-IOL DPDK Community Lab To manage your email subscriptions, visit: https://lab.dpdk.org/results/dashboard/preferences/subscriptions/