From mboxrd@z Thu Jan 1 00:00:00 1970 Return-Path: Received: from mails.dpdk.org (mails.dpdk.org [217.70.189.124]) by inbox.dpdk.org (Postfix) with ESMTP id E08134898C for ; Mon, 20 Oct 2025 16:34:47 +0200 (CEST) Received: from mails.dpdk.org (localhost [127.0.0.1]) by mails.dpdk.org (Postfix) with ESMTP id D9397400D6; Mon, 20 Oct 2025 16:34:47 +0200 (CEST) Received: from mail-il1-f225.google.com (mail-il1-f225.google.com [209.85.166.225]) by mails.dpdk.org (Postfix) with ESMTP id BEEA3400D6 for ; Mon, 20 Oct 2025 16:34:45 +0200 (CEST) Received: by mail-il1-f225.google.com with SMTP id e9e14a558f8ab-430ae09ea23so17276395ab.0 for ; Mon, 20 Oct 2025 07:34:45 -0700 (PDT) DKIM-Signature: v=1; a=rsa-sha256; c=relaxed/relaxed; d=iol.unh.edu; s=unh-iol; t=1760970885; x=1761575685; darn=dpdk.org; h=references:in-reply-to:cc:to:from:subject:message-id:date:from:to :cc:subject:date:message-id:reply-to; bh=tFKEf28TE8vYzjO6ZMkguD3ztzTPOrN6vR/nTJYJF/Y=; b=TQ1Df6K6w+wCzekXsA0vPH2Yhjzm8Y4KZdI7VhOzG+xCb8g0cPyL7jy1KJrGXZx1eX zcHvgPV+bbs6nSq9sEmeXMD/plkoB0E3IQOH3f0hiFRQElIDM2lrYplNXxCc5WhxAqfd SNQJTkbrDEoA+DHoECSRQ1/Q9Zlfj01Ez0E0s= X-Google-DKIM-Signature: v=1; a=rsa-sha256; c=relaxed/relaxed; d=1e100.net; s=20230601; t=1760970885; x=1761575685; h=references:in-reply-to:cc:to:from:subject:message-id:date :x-gm-message-state:from:to:cc:subject:date:message-id:reply-to; bh=tFKEf28TE8vYzjO6ZMkguD3ztzTPOrN6vR/nTJYJF/Y=; b=oPqefWSR5ELbJ+b50mYJYAEYYImp/xYwcMjiKJMo9NeK2rEfptoDax8O+Lt0Bya1DD jznbruBl/3MCI7JUFiVXQDzopOP4/gzML+tIWH9Ed67W1OjfAImi8Wi8zzj3AZRp1qid kr6hr3k/IUq0NcO5HARLo9Gxin7gblGeQ6Aw97YcNV5vi8yAInNKMg914ZVdeTviTt7v Kq5NAvM/QLju/t3rD3WJGNZ0vSzwFdaSfMM/RvEexXdoz22IzHH25p3KrBuaqjzCgqmC GtkOKUt4Ecf3CEtp1Rs3tLEZ5sVuA2DqbdrQmJ/tADBRffGMqrKWGD3HCUckXcfA/tG0 NecQ== X-Gm-Message-State: AOJu0Yy8BAgBFHaf13roI0DGnnLmIb4XBqrsqMN7nxa9WCzQq3X03Zwb Vz6HNcmfeZYVdWod0hgjAu+7P7zC6gQOGl8Whrr59X9PGVlIgAbIbH7CXbudLsfSt+bdDKmt3RQ qjUO6W3q+7SgWnhdFkRtYt0X+KH4Ikc51iMfEEKk9XG7uqig7to3OIwre9vC8 X-Gm-Gg: ASbGncvnByvutrRKi3u04+PnpxmJvIa6YDrM37XEkXaUpn0gZvET18ELa+TBfuRNYPw iNUO9Bb8Jy6UHDyBDssSQYbawsELGfqbBGMtQf8YkPwma6pVdWF6TVQoLEJlkv2gmqpIHhMzIkZ 6N4FNEOD4F9YnoQ9QxdsjMEwfmSwhJgb4ZS39xKZGc/LBCklYebq0G4s3VwzwaZDYMGlJMxSdVu xDUSY1W9lo6+d4cLBRBc3VvjpnYzpMOmz68LmHYtsY+ZQUeI0F9PZp1W0dzOXi4jnCkr9Z281Iz eENmMhWO7wLYDa4CM7fpqwZGjCFhVdEgmJsEINwP0ivlOZAaT18WLWByJNxjMKPIT+q8X3eJr9m Ul5uCaL1Z X-Google-Smtp-Source: AGHT+IHHDyS9yZMSt7v9EpvsfVE0BeTWXUiRnNHMFz6QfPvWsuPKQkdXK97wV4kUdg96ijXH59xmYezBJY3n X-Received: by 2002:a05:6e02:378e:b0:42f:95ab:2364 with SMTP id e9e14a558f8ab-430c52a03f3mr175297155ab.26.1760970885009; Mon, 20 Oct 2025 07:34:45 -0700 (PDT) Received: from postal.iol.unh.edu (postal.iol.unh.edu. [2606:4100:3880:1234::84]) by smtp-relay.gmail.com with ESMTPS id 8926c6da1cb9f-5a8a97983d1sm1027120173.38.2025.10.20.07.34.44 (version=TLS1_2 cipher=ECDHE-ECDSA-AES128-GCM-SHA256 bits=128/128); Mon, 20 Oct 2025 07:34:44 -0700 (PDT) X-Relaying-Domain: iol.unh.edu Date: Mon, 20 Oct 2025 07:34:44 -0700 (PDT) Message-ID: <68f64884.050a0220.1979e0.06a0SMTPIN_ADDED_MISSING@mx.google.com> Received: from [172.21.0.4] (unknown [172.18.0.240]) by postal.iol.unh.edu (Postfix) with ESMTP id 8BD276051835; Mon, 20 Oct 2025 10:34:44 -0400 (EDT) Subject: |FAILURE| pw157855 [PATCH] ethdev: revert reject conflicting TX offl From: dpdklab@iol.unh.edu To: Test Report Cc: dpdk-test-reports@iol.unh.edu, Stephen Hemminger , Morten Brorup In-Reply-To: <20251020123326.80591-1-mb@smartsharesystems.com> References: <20251020123326.80591-1-mb@smartsharesystems.com> Content-Type: text/plain X-BeenThere: test-report@dpdk.org X-Mailman-Version: 2.1.29 Precedence: list List-Id: automatic DPDK test reports List-Unsubscribe: , List-Archive: List-Post: List-Help: List-Subscribe: , Errors-To: test-report-bounces@dpdk.org Test-Label: iol-compile-amd64-testing Test-Status: FAILURE http://dpdk.org/patch/157855 _Testing issues_ Submitter: Morten Brorup Date: Monday, October 20 2025 12:33:26 DPDK git baseline: Repo:dpdk-next-net Branch: master CommitID:c3babb4bb7ce96122a966dad7b3da06a379d45f2 157855 --> testing issues Upstream job id: Generic-DPDK-Compile-Meson#436253 Test environment and result as below: +-------------------------------+--------------------+-------------------+-------------------+------------------+-------------------------+ | Environment | dpdk_meson_compile | dpdk_msvc_compile | dpdk_compile_spdk | dpdk_compile_ovs | dpdk_llvm_clang_compile | +===============================+====================+===================+===================+==================+=========================+ | Ubuntu 20.04 | PASS | SKIPPED | SKIPPED | SKIPPED | SKIPPED | +-------------------------------+--------------------+-------------------+-------------------+------------------+-------------------------+ | FreeBSD 14.2 | PASS | SKIPPED | SKIPPED | SKIPPED | SKIPPED | +-------------------------------+--------------------+-------------------+-------------------+------------------+-------------------------+ | CentOS Stream 9 | PASS | SKIPPED | WARN | SKIPPED | SKIPPED | +-------------------------------+--------------------+-------------------+-------------------+------------------+-------------------------+ | CentOS Stream 10 | PASS | SKIPPED | SKIPPED | SKIPPED | SKIPPED | +-------------------------------+--------------------+-------------------+-------------------+------------------+-------------------------+ | Debian GNU/Linux 12 | PEND | SKIPPED | PEND | SKIPPED | SKIPPED | +-------------------------------+--------------------+-------------------+-------------------+------------------+-------------------------+ | Fedora Linux 42 | PEND | SKIPPED | PEND | PEND | SKIPPED | +-------------------------------+--------------------+-------------------+-------------------+------------------+-------------------------+ | openSUSE Leap 15.6 | PEND | SKIPPED | SKIPPED | SKIPPED | SKIPPED | +-------------------------------+--------------------+-------------------+-------------------+------------------+-------------------------+ | Red Hat Enterprise Linux 8.10 | PASS | SKIPPED | SKIPPED | SKIPPED | SKIPPED | +-------------------------------+--------------------+-------------------+-------------------+------------------+-------------------------+ | Ubuntu 22.04 | PEND | SKIPPED | PEND | SKIPPED | SKIPPED | +-------------------------------+--------------------+-------------------+-------------------+------------------+-------------------------+ | Ubuntu 24.04 | PEND | SKIPPED | PEND | PEND | SKIPPED | +-------------------------------+--------------------+-------------------+-------------------+------------------+-------------------------+ | Red Hat Enterprise Linux 9.5 | PEND | SKIPPED | SKIPPED | SKIPPED | SKIPPED | +-------------------------------+--------------------+-------------------+-------------------+------------------+-------------------------+ | Windows Server 2022 | SKIPPED | PASS | SKIPPED | SKIPPED | PEND | +-------------------------------+--------------------+-------------------+-------------------+------------------+-------------------------+ ==== 20 line log output for CentOS Stream 9 (dpdk_compile_spdk): ==== --- Failed to get log output --- ==== End log output ==== Ubuntu 20.04 Kernel: 4.19 Compiler: gcc gcc (Ubuntu 9.4.0-1ubuntu1~20.04.2) 9.4.0 FreeBSD 14.2 Kernel: 14.2-RELEASE Compiler: clang 18.1.6 CentOS Stream 9 Kernel: 5.15 Compiler: gcc gcc (GCC) 11.5.0 20240719 (Red Hat 11.5.0-11) CentOS Stream 10 Kernel: 5.15 Compiler: gcc gcc (GCC) 14.2.1 20250110 (Red Hat 14.2.1-8) Debian GNU/Linux 12 Kernel: 5.15 Compiler: gcc gcc (Debian 12.2.0-14+deb12u1) 12.2.0 Fedora Linux 42 Kernel: 5.15 Compiler: clang gcc (GCC) 15.2.1 20250808 (Red Hat 15.2.1-1) openSUSE Leap 15.6 Kernel: 5.15 Compiler: gcc gcc (SUSE Linux) 7.5.0 Red Hat Enterprise Linux 8.10 Kernel: 5.15 Compiler: gcc gcc (GCC) 8.5.0 20210514 (Red Hat 8.5.0-22) Ubuntu 22.04 Kernel: 5.15 Compiler: gcc gcc (Ubuntu 11.4.0-1ubuntu1~22.04) 11.4.0 Ubuntu 24.04 Kernel: 5.15 Compiler: gcc gcc (Ubuntu 13.3.0-6ubuntu2~24.04) 13.3.0 Red Hat Enterprise Linux 9.5 Kernel: 5.15 Compiler: gcc gcc (GCC) 11.5.0 20240719 (Red Hat 11.5.0-2) Windows Server 2022 Kernel: 10.0.20348.2031 Compiler: clang 15.0.7, gcc 14.1.0 (MinGW), and MSVC VS 19.39.33521 To view detailed results, visit: https://lab.dpdk.org/results/dashboard/patchsets/34331/ UNH-IOL DPDK Community Lab To manage your email subscriptions, visit: https://lab.dpdk.org/results/dashboard/preferences/subscriptions/