From mboxrd@z Thu Jan 1 00:00:00 1970 Return-Path: Received: from mails.dpdk.org (mails.dpdk.org [217.70.189.124]) by inbox.dpdk.org (Postfix) with ESMTP id EA30E4898C for ; Mon, 20 Oct 2025 16:34:50 +0200 (CEST) Received: from mails.dpdk.org (localhost [127.0.0.1]) by mails.dpdk.org (Postfix) with ESMTP id E4805400D6; Mon, 20 Oct 2025 16:34:50 +0200 (CEST) Received: from mail-pf1-f228.google.com (mail-pf1-f228.google.com [209.85.210.228]) by mails.dpdk.org (Postfix) with ESMTP id 2835840647 for ; Mon, 20 Oct 2025 16:34:48 +0200 (CEST) Received: by mail-pf1-f228.google.com with SMTP id d2e1a72fcca58-7841da939deso4093632b3a.2 for ; Mon, 20 Oct 2025 07:34:48 -0700 (PDT) DKIM-Signature: v=1; a=rsa-sha256; c=relaxed/relaxed; d=iol.unh.edu; s=unh-iol; t=1760970887; x=1761575687; darn=dpdk.org; h=references:in-reply-to:cc:to:from:subject:message-id:date:from:to :cc:subject:date:message-id:reply-to; bh=BVWzMQXJwKTjhU/ZZKy0HNBXEtV11sM3EAs0ks2g1Xg=; b=eJLm/uGRYlSW1auPs2Zl/D1YQ80lW254erxOLKgX11SAm/gA/OcuR/CE6calIVtNYP bkK/oQVt8JcpPUcxOZyqvENk4iP8C3gF3ot+l8vXCdnGJP7gn7615a9YD4SFDkvffG6/ FIp0Bqmr5m0H3lWNf2cJKHLQUGjEBLXxtRH00= X-Google-DKIM-Signature: v=1; a=rsa-sha256; c=relaxed/relaxed; d=1e100.net; s=20230601; t=1760970887; x=1761575687; h=references:in-reply-to:cc:to:from:subject:message-id:date :x-gm-message-state:from:to:cc:subject:date:message-id:reply-to; bh=BVWzMQXJwKTjhU/ZZKy0HNBXEtV11sM3EAs0ks2g1Xg=; b=CpXI+fZNyLMTrupqsSKQ3yl6LhhTEoYCCr1wVEAmkpOXbIpdJ7KckQkZncgP/04Ak8 RtoeDqURGj8Rvr/Z8ozsDQJUHNlQjmKIQUuVR1n6AIYi2MOicIvi+bWuAOsv0QrXqrHF 0yBB5zo/qh4xfvnOluO/yUx3MEMZ22Q4z2SNh6nWaagyFTW/L83XLk4Ush79ilIrk/75 fCOaYQ+rQn1b3qm2P7ljscn3tgJ8LisBQo6X4aygMj3SVzyyWiHmXD5EUfjdSM/D25KY uU00/sI8atELfQfNXfuCJE4iXJ9YWefICjmN+r7ATMZFqN/YyksuvIogu3dM1nK7gFYL wIhA== X-Gm-Message-State: AOJu0YxnYXejNs/800uyRjpAk1sQUqXY0ljwkAfA4yAdhuP41e9NqgLf JjgBemnhyNS1x7DC9A9/h6IH9J+k/oNVV3ZLltiAyJSWpxoC/8vEUfzL3dr+4TIb0yjh3yuBjHF DSZKO8pEOU4QJTRmIKygxLVjp6xZyMmhqplt8IJC7/6pA X-Gm-Gg: ASbGncs0vpiYuEaRvSgnFjZ2iZQHpZmZ3mMgIhvccM3Y6ax2ILN4tggoXHP6KDrQCVy lYp7jnalxB+XCqdPAcD7fCu4Io7dA/JF6/xvIZ94CMMSVRQ+h07gwbRPOsbW25TyB9wTvu3Mnc7 5Msaedt80KlfeYnu4eJer1KOBcSw80DyZaFC+MxfR4HpbosoNhQA2C528Igl+6K+gN+lo1eVTUz 0b/7OfY+rd0VEX8TAvjpKbVLBNswsZ1zV4eNG6NuOytNP61ulzbX5iekoUGEB3XaEsbYH0fcosl sA0MvQW8KusMOoguc9v3RdEHF4d71J0qc5F29furWOxw5KAEJVimDpowJCyb+V6VREi2xWaJApb KrPMcR2/+qfYlco2v2RtIMEgEqsCdNHo= X-Google-Smtp-Source: AGHT+IGnffEVQXYX1NsDATtW7kKjngUgRwMuCb1o9XMbpOcgp67AG5fzbYwbkN2FG1FIFoELnBkHndbkIUQf X-Received: by 2002:a05:6a20:4323:b0:2ba:103:aa3b with SMTP id adf61e73a8af0-334a8638335mr16720722637.53.1760970887220; Mon, 20 Oct 2025 07:34:47 -0700 (PDT) Received: from postal.iol.unh.edu (postal.iol.unh.edu. [132.177.123.84]) by smtp-relay.gmail.com with ESMTPS id 41be03b00d2f7-b6a7645e2e8sm883765a12.0.2025.10.20.07.34.47 (version=TLS1_2 cipher=ECDHE-ECDSA-AES128-GCM-SHA256 bits=128/128); Mon, 20 Oct 2025 07:34:47 -0700 (PDT) X-Relaying-Domain: iol.unh.edu Date: Mon, 20 Oct 2025 07:34:47 -0700 (PDT) Message-ID: <68f64887.050a0220.cd13b.c912SMTPIN_ADDED_MISSING@mx.google.com> Received: from [172.21.0.2] (unknown [172.18.0.240]) by postal.iol.unh.edu (Postfix) with ESMTP id 7A9846051830; Mon, 20 Oct 2025 10:34:46 -0400 (EDT) Subject: |FAILURE| pw157855 [PATCH] ethdev: revert reject conflicting TX offl From: dpdklab@iol.unh.edu To: Test Report Cc: dpdk-test-reports@iol.unh.edu, Stephen Hemminger , Morten Brorup In-Reply-To: <20251020123326.80591-1-mb@smartsharesystems.com> References: <20251020123326.80591-1-mb@smartsharesystems.com> Content-Type: text/plain X-BeenThere: test-report@dpdk.org X-Mailman-Version: 2.1.29 Precedence: list List-Id: automatic DPDK test reports List-Unsubscribe: , List-Archive: List-Post: List-Help: List-Subscribe: , Errors-To: test-report-bounces@dpdk.org Test-Label: iol-compile-amd64-testing Test-Status: FAILURE http://dpdk.org/patch/157855 _Testing issues_ Submitter: Morten Brorup Date: Monday, October 20 2025 12:33:26 DPDK git baseline: Repo:dpdk-next-net Branch: master CommitID:c3babb4bb7ce96122a966dad7b3da06a379d45f2 157855 --> testing issues Upstream job id: Generic-DPDK-Compile-Meson#436252 Test environment and result as below: +-------------------------------+--------------------+-------------------+-------------------+------------------+-------------------------+ | Environment | dpdk_meson_compile | dpdk_msvc_compile | dpdk_compile_spdk | dpdk_compile_ovs | dpdk_llvm_clang_compile | +===============================+====================+===================+===================+==================+=========================+ | Ubuntu 20.04 | PASS | SKIPPED | SKIPPED | SKIPPED | SKIPPED | +-------------------------------+--------------------+-------------------+-------------------+------------------+-------------------------+ | FreeBSD 14.2 | PASS | SKIPPED | SKIPPED | SKIPPED | SKIPPED | +-------------------------------+--------------------+-------------------+-------------------+------------------+-------------------------+ | CentOS Stream 9 | PASS | SKIPPED | WARN | SKIPPED | SKIPPED | +-------------------------------+--------------------+-------------------+-------------------+------------------+-------------------------+ | CentOS Stream 10 | PASS | SKIPPED | SKIPPED | SKIPPED | SKIPPED | +-------------------------------+--------------------+-------------------+-------------------+------------------+-------------------------+ | Debian GNU/Linux 12 | PEND | SKIPPED | PEND | SKIPPED | SKIPPED | +-------------------------------+--------------------+-------------------+-------------------+------------------+-------------------------+ | Fedora Linux 42 | PEND | SKIPPED | PEND | PEND | SKIPPED | +-------------------------------+--------------------+-------------------+-------------------+------------------+-------------------------+ | openSUSE Leap 15.6 | PEND | SKIPPED | SKIPPED | SKIPPED | SKIPPED | +-------------------------------+--------------------+-------------------+-------------------+------------------+-------------------------+ | Red Hat Enterprise Linux 8.10 | PASS | SKIPPED | SKIPPED | SKIPPED | SKIPPED | +-------------------------------+--------------------+-------------------+-------------------+------------------+-------------------------+ | Ubuntu 22.04 | PEND | SKIPPED | PEND | SKIPPED | SKIPPED | +-------------------------------+--------------------+-------------------+-------------------+------------------+-------------------------+ | Ubuntu 24.04 | PEND | SKIPPED | PEND | PEND | SKIPPED | +-------------------------------+--------------------+-------------------+-------------------+------------------+-------------------------+ | Red Hat Enterprise Linux 9.5 | PEND | SKIPPED | SKIPPED | SKIPPED | SKIPPED | +-------------------------------+--------------------+-------------------+-------------------+------------------+-------------------------+ | Windows Server 2022 | SKIPPED | PASS | SKIPPED | SKIPPED | PEND | +-------------------------------+--------------------+-------------------+-------------------+------------------+-------------------------+ ==== 20 line log output for CentOS Stream 9 (dpdk_compile_spdk): ==== --- Failed to get log output --- ==== End log output ==== Ubuntu 20.04 Kernel: 4.19 Compiler: gcc gcc (Ubuntu 9.4.0-1ubuntu1~20.04.2) 9.4.0 FreeBSD 14.2 Kernel: 14.2-RELEASE Compiler: clang 18.1.6 CentOS Stream 9 Kernel: 5.15 Compiler: gcc gcc (GCC) 11.5.0 20240719 (Red Hat 11.5.0-11) CentOS Stream 10 Kernel: 5.15 Compiler: gcc gcc (GCC) 14.2.1 20250110 (Red Hat 14.2.1-8) Debian GNU/Linux 12 Kernel: 5.15 Compiler: gcc gcc (Debian 12.2.0-14+deb12u1) 12.2.0 Fedora Linux 42 Kernel: 5.15 Compiler: clang gcc (GCC) 15.2.1 20250808 (Red Hat 15.2.1-1) openSUSE Leap 15.6 Kernel: 5.15 Compiler: gcc gcc (SUSE Linux) 7.5.0 Red Hat Enterprise Linux 8.10 Kernel: 5.15 Compiler: gcc gcc (GCC) 8.5.0 20210514 (Red Hat 8.5.0-22) Ubuntu 22.04 Kernel: 5.15 Compiler: gcc gcc (Ubuntu 11.4.0-1ubuntu1~22.04) 11.4.0 Ubuntu 24.04 Kernel: 5.15 Compiler: gcc gcc (Ubuntu 13.3.0-6ubuntu2~24.04) 13.3.0 Red Hat Enterprise Linux 9.5 Kernel: 5.15 Compiler: gcc gcc (GCC) 11.5.0 20240719 (Red Hat 11.5.0-2) Windows Server 2022 Kernel: 10.0.20348.2031 Compiler: clang 15.0.7, gcc 14.1.0 (MinGW), and MSVC VS 19.39.33521 To view detailed results, visit: https://lab.dpdk.org/results/dashboard/patchsets/34331/ UNH-IOL DPDK Community Lab To manage your email subscriptions, visit: https://lab.dpdk.org/results/dashboard/preferences/subscriptions/