From mboxrd@z Thu Jan 1 00:00:00 1970 Return-Path: Received: from mails.dpdk.org (mails.dpdk.org [217.70.189.124]) by inbox.dpdk.org (Postfix) with ESMTP id 1A5C44898C for ; Mon, 20 Oct 2025 16:35:05 +0200 (CEST) Received: from mails.dpdk.org (localhost [127.0.0.1]) by mails.dpdk.org (Postfix) with ESMTP id 1568D400D6; Mon, 20 Oct 2025 16:35:05 +0200 (CEST) Received: from mail-il1-f228.google.com (mail-il1-f228.google.com [209.85.166.228]) by mails.dpdk.org (Postfix) with ESMTP id 187344064F for ; Mon, 20 Oct 2025 16:35:00 +0200 (CEST) Received: by mail-il1-f228.google.com with SMTP id e9e14a558f8ab-430c17e29d9so19759895ab.1 for ; Mon, 20 Oct 2025 07:35:00 -0700 (PDT) DKIM-Signature: v=1; a=rsa-sha256; c=relaxed/relaxed; d=iol.unh.edu; s=unh-iol; t=1760970899; x=1761575699; darn=dpdk.org; h=references:in-reply-to:cc:to:from:subject:message-id:date:from:to :cc:subject:date:message-id:reply-to; bh=R92PEh/UsZ2g5XEE89uBoq8gYVUYvwdnzkhAgWy4Dxw=; b=OreYm0RkjpQNqdMj7lrIK7aQbzYCG5cUaRiW02fx/7sUSWmkwXbRifB7vqIQvrGzVQ rr/BpEoe/Gp25Dhjdxk9AGlyEvcY98sWhIBBqXTL6uwm9Hao9HHyL77A7Jz99znpy09L rYAM6B3DCNfqJE1Y32fsli/c7/xRL0QbRUlr4= X-Google-DKIM-Signature: v=1; a=rsa-sha256; c=relaxed/relaxed; d=1e100.net; s=20230601; t=1760970899; x=1761575699; h=references:in-reply-to:cc:to:from:subject:message-id:date :x-gm-message-state:from:to:cc:subject:date:message-id:reply-to; bh=R92PEh/UsZ2g5XEE89uBoq8gYVUYvwdnzkhAgWy4Dxw=; b=biIGV/ZIVzWMkaB2ZPFyv0WTHPLsOiRqbiG5lz1Wrh3hYJ2ROgcdQzCIZbSVnC/mAe iDur+7NJuzRZN6j/8OBmFcy3iZL5T7OULZd1A6MOrCMnrXhZFdWCzcqzqTOgo6Lhi3F9 Vc2qyyoBCM3hmusdrn++3Jsf2SlSm7ojnjIJkuNCmMkliG5tM9kkvLTKk5gxHzcxJXfn KSwO3rH0CtERguFeUS8D7mk6Dpzkp1yGd3oFL6SgTx+96pZAN5loeMT/8QTCfdOgo0xS AWmnhL2HKYF7U8IibfhGgCWcg8gMD6zlBKEuUed/ZTqEh93NQhIGPnHfeoZNGj5H0cFJ +eOQ== X-Gm-Message-State: AOJu0YzkNXYvw1uy6oMWIjQ69xkBmYSE06c75/TkNK7QWh6PsYwSl/hI bOWJyx94K1IuuZhBzTbmtXNymKhwx06UYrUjpSKC1mxgbB+yjx5UcGtwU8WcIV3aTjMSsvCxX/F GiTCGcipK3HPWS8R4vzr0h7HL0Wc3tJ1u5iXRymsKSoNt X-Gm-Gg: ASbGncuXTy2O0olH41MMM+kN6Utjhv4b9kN3HVKQpp5PyU97wCsTYf6ux1JyXcYcOp9 GYu31jx7DPcWiSCA5LyTnY0U2Yz0vVz+DtxFAAFqfFfdN1uTcWd8MpteT2WQw1uT2tkpPulPWSo GM1roeala2c2zEKnC1zkLbTppjc36PL49BF/7QWdHpR6NDyYOWhlv3hh/9BvOs9DbkiB2CqOBH9 WDrp/LYgUVxkJvAJ9QhYyfng8Uve9zmcriSEEYCoguP0ZeSxRQ8QgR24s8hiDBSj/HjG5RSzSWi quRaGMTVbe5mlJjIXlDaO1vl2Hldat/0CqiYvN7xmbt+C99JZ5dOh12kUJcBtTuOn9yDX0cq4p6 rTX1bLHKUf0izCq4DAtQXzZ49G2drw9s= X-Google-Smtp-Source: AGHT+IGHLrGKZmtwh7pZKMkuswtP2Gom4ZzaXZbddRjQoyjowDTb4VryOUkdHYt/M0xnohHbzL5sIwZ5x+Nu X-Received: by 2002:a05:6e02:1d9d:b0:430:a38c:b767 with SMTP id e9e14a558f8ab-430c52b5ae8mr197565885ab.18.1760970899459; Mon, 20 Oct 2025 07:34:59 -0700 (PDT) Received: from postal.iol.unh.edu (postal.iol.unh.edu. [132.177.123.84]) by smtp-relay.gmail.com with ESMTPS id e9e14a558f8ab-430d072a4efsm8751805ab.15.2025.10.20.07.34.59 (version=TLS1_2 cipher=ECDHE-ECDSA-AES128-GCM-SHA256 bits=128/128); Mon, 20 Oct 2025 07:34:59 -0700 (PDT) X-Relaying-Domain: iol.unh.edu Date: Mon, 20 Oct 2025 07:34:59 -0700 (PDT) Message-ID: <68f64893.050a0220.3b21b9.b3dfSMTPIN_ADDED_MISSING@mx.google.com> Received: from [172.21.0.4] (unknown [172.18.0.240]) by postal.iol.unh.edu (Postfix) with ESMTP id 0A9E16051830; Mon, 20 Oct 2025 10:34:59 -0400 (EDT) Subject: |FAILURE| pw157855 [PATCH] ethdev: revert reject conflicting TX offl From: dpdklab@iol.unh.edu To: Test Report Cc: dpdk-test-reports@iol.unh.edu, Stephen Hemminger , Morten Brorup In-Reply-To: <20251020123326.80591-1-mb@smartsharesystems.com> References: <20251020123326.80591-1-mb@smartsharesystems.com> Content-Type: text/plain X-BeenThere: test-report@dpdk.org X-Mailman-Version: 2.1.29 Precedence: list List-Id: automatic DPDK test reports List-Unsubscribe: , List-Archive: List-Post: List-Help: List-Subscribe: , Errors-To: test-report-bounces@dpdk.org Test-Label: iol-compile-amd64-testing Test-Status: FAILURE http://dpdk.org/patch/157855 _Testing issues_ Submitter: Morten Brorup Date: Monday, October 20 2025 12:33:26 DPDK git baseline: Repo:dpdk-next-net Branch: master CommitID:c3babb4bb7ce96122a966dad7b3da06a379d45f2 157855 --> testing issues Upstream job id: Generic-DPDK-Compile-Meson#436258 Test environment and result as below: +-------------------------------+--------------------+-------------------+-------------------+------------------+-------------------------+ | Environment | dpdk_meson_compile | dpdk_msvc_compile | dpdk_compile_spdk | dpdk_compile_ovs | dpdk_llvm_clang_compile | +===============================+====================+===================+===================+==================+=========================+ | Ubuntu 20.04 | PASS | SKIPPED | SKIPPED | SKIPPED | SKIPPED | +-------------------------------+--------------------+-------------------+-------------------+------------------+-------------------------+ | FreeBSD 14.2 | PASS | SKIPPED | SKIPPED | SKIPPED | SKIPPED | +-------------------------------+--------------------+-------------------+-------------------+------------------+-------------------------+ | CentOS Stream 9 | PASS | SKIPPED | WARN | SKIPPED | SKIPPED | +-------------------------------+--------------------+-------------------+-------------------+------------------+-------------------------+ | CentOS Stream 10 | PASS | SKIPPED | SKIPPED | SKIPPED | SKIPPED | +-------------------------------+--------------------+-------------------+-------------------+------------------+-------------------------+ | Debian GNU/Linux 12 | PEND | SKIPPED | PEND | SKIPPED | SKIPPED | +-------------------------------+--------------------+-------------------+-------------------+------------------+-------------------------+ | Fedora Linux 42 | PEND | SKIPPED | PEND | PEND | SKIPPED | +-------------------------------+--------------------+-------------------+-------------------+------------------+-------------------------+ | openSUSE Leap 15.6 | PEND | SKIPPED | SKIPPED | SKIPPED | SKIPPED | +-------------------------------+--------------------+-------------------+-------------------+------------------+-------------------------+ | Red Hat Enterprise Linux 8.10 | PASS | SKIPPED | SKIPPED | SKIPPED | SKIPPED | +-------------------------------+--------------------+-------------------+-------------------+------------------+-------------------------+ | Ubuntu 22.04 | PEND | SKIPPED | PEND | SKIPPED | SKIPPED | +-------------------------------+--------------------+-------------------+-------------------+------------------+-------------------------+ | Ubuntu 24.04 | PEND | SKIPPED | PEND | PEND | SKIPPED | +-------------------------------+--------------------+-------------------+-------------------+------------------+-------------------------+ | Red Hat Enterprise Linux 9.5 | PEND | SKIPPED | SKIPPED | SKIPPED | SKIPPED | +-------------------------------+--------------------+-------------------+-------------------+------------------+-------------------------+ | Windows Server 2022 | SKIPPED | PASS | SKIPPED | SKIPPED | PEND | +-------------------------------+--------------------+-------------------+-------------------+------------------+-------------------------+ ==== 20 line log output for CentOS Stream 9 (dpdk_compile_spdk): ==== --- Failed to get log output --- ==== End log output ==== Ubuntu 20.04 Kernel: 4.19 Compiler: gcc gcc (Ubuntu 9.4.0-1ubuntu1~20.04.2) 9.4.0 FreeBSD 14.2 Kernel: 14.2-RELEASE Compiler: clang 18.1.6 CentOS Stream 9 Kernel: 5.15 Compiler: gcc gcc (GCC) 11.5.0 20240719 (Red Hat 11.5.0-11) CentOS Stream 10 Kernel: 5.15 Compiler: gcc gcc (GCC) 14.2.1 20250110 (Red Hat 14.2.1-8) Debian GNU/Linux 12 Kernel: 5.15 Compiler: gcc gcc (Debian 12.2.0-14+deb12u1) 12.2.0 Fedora Linux 42 Kernel: 5.15 Compiler: clang gcc (GCC) 15.2.1 20250808 (Red Hat 15.2.1-1) openSUSE Leap 15.6 Kernel: 5.15 Compiler: gcc gcc (SUSE Linux) 7.5.0 Red Hat Enterprise Linux 8.10 Kernel: 5.15 Compiler: gcc gcc (GCC) 8.5.0 20210514 (Red Hat 8.5.0-22) Ubuntu 22.04 Kernel: 5.15 Compiler: gcc gcc (Ubuntu 11.4.0-1ubuntu1~22.04) 11.4.0 Ubuntu 24.04 Kernel: 5.15 Compiler: gcc gcc (Ubuntu 13.3.0-6ubuntu2~24.04) 13.3.0 Red Hat Enterprise Linux 9.5 Kernel: 5.15 Compiler: gcc gcc (GCC) 11.5.0 20240719 (Red Hat 11.5.0-2) Windows Server 2022 Kernel: 10.0.20348.2031 Compiler: clang 15.0.7, gcc 14.1.0 (MinGW), and MSVC VS 19.39.33521 To view detailed results, visit: https://lab.dpdk.org/results/dashboard/patchsets/34331/ UNH-IOL DPDK Community Lab To manage your email subscriptions, visit: https://lab.dpdk.org/results/dashboard/preferences/subscriptions/