From: dpdklab@iol.unh.edu
To: Test Report <test-report@dpdk.org>
Cc: dpdk-test-reports@iol.unh.edu
Subject: |PENDING| pw157858 [PATCH] devtools/test-meson-builds: reduce output
Date: Mon, 20 Oct 2025 09:19:40 -0700 (PDT) [thread overview]
Message-ID: <68f6611c.050a0220.30801c.ed21SMTPIN_ADDED_MISSING@mx.google.com> (raw)
In-Reply-To: <20251020155536.1965938-1-bruce.richardson@intel.com>
Test-Label: iol-compile-amd64-testing
Test-Status: PENDING
http://dpdk.org/patch/157858
_Testing pending_
Submitter: Bruce Richardson <bruce.richardson@intel.com>
Date: Monday, October 20 2025 15:55:36
DPDK git baseline: Repo:dpdk
Branch: master
CommitID:0a3410709d0d35c4914e468f2606c69b615d48e7
157858 --> testing pending
Upstream job id: Generic-VM-DPDK-Compile-Meson#39142
Test environment and result as below:
+---------------------+--------------------+-------------------+-------------------------+
| Environment | dpdk_meson_compile | dpdk_msvc_compile | dpdk_llvm_clang_compile |
+=====================+====================+===================+=========================+
| Ubuntu 20.04 | PASS | SKIPPED | SKIPPED |
+---------------------+--------------------+-------------------+-------------------------+
| FreeBSD 14.2 | PEND | SKIPPED | SKIPPED |
+---------------------+--------------------+-------------------+-------------------------+
| Windows Server 2022 | SKIPPED | PEND | PEND |
+---------------------+--------------------+-------------------+-------------------------+
Ubuntu 20.04
Kernel: 4.19
Compiler: gcc gcc (Ubuntu 9.4.0-1ubuntu1~20.04.2) 9.4.0
FreeBSD 14.2
Kernel: 14.2-RELEASE
Compiler: clang 18.1.6
Windows Server 2022
Kernel: 10.0.20348.2031
Compiler: clang 15.0.7, gcc 14.1.0 (MinGW), and MSVC VS 19.39.33521
To view detailed results, visit:
https://lab.dpdk.org/results/dashboard/patchsets/34333/
UNH-IOL DPDK Community Lab
To manage your email subscriptions, visit:
https://lab.dpdk.org/results/dashboard/preferences/subscriptions/
next prev parent reply other threads:[~2025-10-20 16:19 UTC|newest]
Thread overview: 25+ messages / expand[flat|nested] mbox.gz Atom feed top
[not found] <20251020155536.1965938-1-bruce.richardson@intel.com>
2025-10-20 15:21 ` |SUCCESS| pw157858 [PATCH] devtools/test-meson-builds: reduce output size qemudev
2025-10-20 15:26 ` qemudev
2025-10-20 15:57 ` checkpatch
2025-10-20 16:19 ` dpdklab [this message]
2025-10-20 16:23 ` |PENDING| pw157858 [PATCH] devtools/test-meson-builds: reduce output dpdklab
2025-10-20 16:23 ` |SUCCESS| " dpdklab
2025-10-20 16:26 ` dpdklab
2025-10-20 16:29 ` |PENDING| " dpdklab
2025-10-20 16:32 ` dpdklab
2025-10-20 16:41 ` |FAILURE| " dpdklab
2025-10-20 16:42 ` |SUCCESS| " dpdklab
2025-10-20 16:45 ` dpdklab
2025-10-20 16:45 ` |FAILURE| " dpdklab
2025-10-20 16:45 ` |SUCCESS| " dpdklab
2025-10-20 16:46 ` dpdklab
2025-10-20 16:53 ` dpdklab
2025-10-20 16:55 ` dpdklab
2025-10-20 17:04 ` dpdklab
2025-10-20 17:05 ` |FAILURE| " dpdklab
2025-10-20 17:31 ` |FAILURE| pw157858 [PATCH] devtools/test-meson-builds: reduce output size 0-day Robot
2025-10-20 19:56 ` |WARNING| pw157858 [PATCH] devtools/test-meson-builds: reduce output dpdklab
2025-10-20 19:57 ` dpdklab
2025-10-20 20:25 ` |PENDING| " dpdklab
2025-10-20 20:38 ` |WARNING| " dpdklab
2025-10-20 20:38 ` dpdklab
Reply instructions:
You may reply publicly to this message via plain-text email
using any one of the following methods:
* Save the following mbox file, import it into your mail client,
and reply-to-all from there: mbox
Avoid top-posting and favor interleaved quoting:
https://en.wikipedia.org/wiki/Posting_style#Interleaved_style
* Reply using the --to, --cc, and --in-reply-to
switches of git-send-email(1):
git send-email \
--in-reply-to=68f6611c.050a0220.30801c.ed21SMTPIN_ADDED_MISSING@mx.google.com \
--to=dpdklab@iol.unh.edu \
--cc=dpdk-test-reports@iol.unh.edu \
--cc=test-report@dpdk.org \
/path/to/YOUR_REPLY
https://kernel.org/pub/software/scm/git/docs/git-send-email.html
* If your mail client supports setting the In-Reply-To header
via mailto: links, try the mailto: link
Be sure your reply has a Subject: header at the top and a blank line
before the message body.
This is a public inbox, see mirroring instructions
for how to clone and mirror all data and code used for this inbox;
as well as URLs for NNTP newsgroup(s).