From mboxrd@z Thu Jan 1 00:00:00 1970 Return-Path: Received: from mails.dpdk.org (mails.dpdk.org [217.70.189.124]) by inbox.dpdk.org (Postfix) with ESMTP id 8AD6648992 for ; Tue, 21 Oct 2025 07:04:06 +0200 (CEST) Received: from mails.dpdk.org (localhost [127.0.0.1]) by mails.dpdk.org (Postfix) with ESMTP id 67643400D5; Tue, 21 Oct 2025 07:04:06 +0200 (CEST) Received: from mail-pf1-f228.google.com (mail-pf1-f228.google.com [209.85.210.228]) by mails.dpdk.org (Postfix) with ESMTP id B9181400D5 for ; Tue, 21 Oct 2025 07:04:05 +0200 (CEST) Received: by mail-pf1-f228.google.com with SMTP id d2e1a72fcca58-781206cce18so5232905b3a.0 for ; Mon, 20 Oct 2025 22:04:05 -0700 (PDT) DKIM-Signature: v=1; a=rsa-sha256; c=relaxed/relaxed; d=iol.unh.edu; s=unh-iol; t=1761023045; x=1761627845; darn=dpdk.org; h=cc:to:from:subject:message-id:date:from:to:cc:subject:date :message-id:reply-to; bh=eq0MbowjEZSRk199JTyEXJQn5TZtQPaox+6J/zSU3gw=; b=QV1N71TOpxtw8xeYfFCH/GckhtyLUeh56fdvqkVtuTuGmjsVElHi3IlI2+Zo5cUYiZ Fd0UiSESDi70cwSaS/Hr/VRnKN1d1RR7OaxtvQNCkgB45FqOmyt2KMq312snvwbS2ix0 voztyVfVSBC6C0DeL61cxC9lE4iwCyIkI1S/0= X-Google-DKIM-Signature: v=1; a=rsa-sha256; c=relaxed/relaxed; d=1e100.net; s=20230601; t=1761023045; x=1761627845; h=cc:to:from:subject:message-id:date:x-gm-message-state:from:to:cc :subject:date:message-id:reply-to; bh=eq0MbowjEZSRk199JTyEXJQn5TZtQPaox+6J/zSU3gw=; b=Oyrc4qvlog1u7nOkesf1IaxSWXMJmbIK/3p30/p2U67udJvI4bo4Qp75FVi6IRDjYA mEVfdL5vWBjqmYXrkR7ZwmppQ0E1iub5any2l+aCTwA3VEgl24BW+bXNBlQxnmISXch4 I28/e4IqLU8b8/651wvdHAgE8VC8BmiCB0ARW3H1Ho6sT1kZf8FnmfwX7bMQf6ZMeS2V qFpN9wI40Q5fyYX+fONl70VfIzONMHd27AdYWLZsCM+RJZBPh4DiIOCy0uw0Yt52ETxn wjvVQIP0bdgUqScq7pOyT//+4NFw7Z+i4p422fReOF+uLED7jKnc1F4d2ajvIDkdwZN8 FMVw== X-Gm-Message-State: AOJu0Yw5yiRPC/AoXJ+JRNBORLRMVZDfB5JfgL7c5Bo0TjQSBbD6vbFw eFpHap6pq3JzvpzdCXfBPFJRQQlvbcJ4XESKU3MRHcdGDMzQQtLuf4/vgRL4gYIKrgm4Zk4PChe 6FQ11RBwu+DIiY9lOqZKch8JIm8OIi6bXXPwt1NffaAk4rwwuYWBu X-Gm-Gg: ASbGnct9uQwjQe+tfSRtDgUmnJRVZN1vxGfK3XBaw6DGd7pw0B6IMCHR1T4PjNZouui B63mlO5PNBlJ1s3eaEIJer51x+QXEE3wAh5FfeZnyOKjQ7BNNv3SQlmerLusV9PFhYDHEEVxT6d BRZyaV6w0lIYlLKluBegxRPWTs4mURRHdGSssXmk0t/P593nFhowZSkMxmLtmPvp9uuwmwII/5m B4ieManl7SIpgwRM+XNiPFWI5MKJKtlZcitI4poZMxSR2P1ayDDUyjZ22bREyzO+N2QXawtUqHX debYhRlCyTRe1CEth6bkzS6iFfC6NWm3UfJpyHoEasND5R6SXVrJoKZgkT0SbV+crY4NBbnh+hc QMLDebWtJ X-Google-Smtp-Source: AGHT+IGxFPiCTfXggMayV27Wc0VSVok0GnbCTdj3tA3xu8pdTJxBBrP4mm/AIgOakRgPTuSQyLVhKeQx/bf/ X-Received: by 2002:a05:6a20:9149:b0:309:48d8:cf1d with SMTP id adf61e73a8af0-334a78fdda8mr21847509637.18.1761023044761; Mon, 20 Oct 2025 22:04:04 -0700 (PDT) Received: from postal.iol.unh.edu (postal.iol.unh.edu. [2606:4100:3880:1234::84]) by smtp-relay.gmail.com with ESMTPS id d2e1a72fcca58-7a22ff23eddsm1285267b3a.6.2025.10.20.22.04.04 (version=TLS1_2 cipher=ECDHE-ECDSA-AES128-GCM-SHA256 bits=128/128); Mon, 20 Oct 2025 22:04:04 -0700 (PDT) X-Relaying-Domain: iol.unh.edu Date: Mon, 20 Oct 2025 22:04:04 -0700 (PDT) Message-ID: <68f71444.050a0220.25d25c.abf2SMTPIN_ADDED_MISSING@mx.google.com> Received: from [172.21.0.3] (unknown [172.18.0.240]) by postal.iol.unh.edu (Postfix) with ESMTP id 943BC6051830; Tue, 21 Oct 2025 01:04:03 -0400 (EDT) Subject: |FAILURE| [GIT MASTER] 62f583c49bf67dd4d6733ece14e55fe6839e66d1 From: dpdklab@iol.unh.edu To: Test Report Cc: dpdk-test-reports@iol.unh.edu, Xueming Li , Christian Ehrhardt , Kevin Traynor , Luca Boccassi Content-Type: text/plain X-BeenThere: test-report@dpdk.org X-Mailman-Version: 2.1.29 Precedence: list List-Id: automatic DPDK test reports List-Unsubscribe: , List-Archive: List-Post: List-Help: List-Subscribe: , Errors-To: test-report-bounces@dpdk.org _Testing issues_ Branch: tags/v23.11 62f583c49bf67dd4d6733ece14e55fe6839e66d1 --> testing issues Upstream job id: Generic-Unit-Test-DPDK#383782 Test environment and result as below: +-------------------------------+----------------+ | Environment | dpdk_unit_test | +===============================+================+ | CentOS Stream 9 | PASS | +-------------------------------+----------------+ | Fedora Linux 40 | PASS | +-------------------------------+----------------+ | Debian GNU/Linux 12 | PASS | +-------------------------------+----------------+ | CentOS Stream 10 | PASS | +-------------------------------+----------------+ | Red Hat Enterprise Linux 8.10 | PASS | +-------------------------------+----------------+ | Fedora Linux 41 | PASS | +-------------------------------+----------------+ | Fedora Linux 42 | PASS | +-------------------------------+----------------+ | Ubuntu 24.04 | PASS | +-------------------------------+----------------+ | Ubuntu 20.04 | PASS | +-------------------------------+----------------+ | Red Hat Enterprise Linux 9.5 | PASS | +-------------------------------+----------------+ | Ubuntu 22.04 | PASS | +-------------------------------+----------------+ | Windows Server 2022 | FAIL | +-------------------------------+----------------+ ==== Unit test summary for Windows Server 2022 (dpdk_unit_test): ==== Failed to get the unit test results. Displaying the unit test results is not supported for some environments, such as our aarch32 testing, where meson is not used to run the tests. Download the logs available on our CI site. ==== End log output ==== CentOS Stream 9 Kernel: 5.15 Compiler: gcc gcc (GCC) 11.5.0 20240719 (Red Hat 11.5.0-11) Fedora Linux 40 Kernel: 5.15 Compiler: gcc gcc (GCC) 14.2.1 20240912 (Red Hat 14.2.1-3) Debian GNU/Linux 12 Kernel: 5.15 Compiler: gcc gcc (Debian 12.2.0-14+deb12u1) 12.2.0 CentOS Stream 10 Kernel: 5.15 Compiler: gcc gcc (GCC) 14.2.1 20250110 (Red Hat 14.2.1-8) Red Hat Enterprise Linux 8.10 Kernel: 5.15 Compiler: gcc gcc (GCC) 8.5.0 20210514 (Red Hat 8.5.0-22) Fedora Linux 41 Kernel: 5.15 Compiler: gcc gcc (GCC) 14.3.1 20250523 (Red Hat 14.3.1-1) Fedora Linux 42 Kernel: 5.15 Compiler: gcc gcc (GCC) 15.2.1 20250808 (Red Hat 15.2.1-1) Ubuntu 24.04 Kernel: 5.15 Compiler: gcc gcc (Ubuntu 13.3.0-6ubuntu2~24.04) 13.3.0 Ubuntu 20.04 Kernel: 5.15 Compiler: gcc gcc (Ubuntu 9.4.0-1ubuntu1~20.04.2) 9.4.0 Red Hat Enterprise Linux 9.5 Kernel: 5.15 Compiler: gcc gcc (GCC) 11.5.0 20240719 (Red Hat 11.5.0-2) Ubuntu 22.04 Kernel: 5.15 Compiler: gcc gcc (Ubuntu 11.4.0-1ubuntu1~22.04) 11.4.0 Windows Server 2022 Kernel: 10.0.20348.2031 Compiler: clang 15.0.7, gcc 14.1.0 (MinGW), and MSVC VS 19.39.33521 To view detailed results, visit: https://lab.dpdk.org/results/dashboard/tarballs/35290/ UNH-IOL DPDK Community Lab To manage your email subscriptions, visit: https://lab.dpdk.org/results/dashboard/preferences/subscriptions/