From mboxrd@z Thu Jan 1 00:00:00 1970 Return-Path: Received: from mails.dpdk.org (mails.dpdk.org [217.70.189.124]) by inbox.dpdk.org (Postfix) with ESMTP id 4ACB448998 for ; Tue, 21 Oct 2025 12:22:09 +0200 (CEST) Received: from mails.dpdk.org (localhost [127.0.0.1]) by mails.dpdk.org (Postfix) with ESMTP id 4493F400D5; Tue, 21 Oct 2025 12:22:09 +0200 (CEST) Received: from mail-yw1-f226.google.com (mail-yw1-f226.google.com [209.85.128.226]) by mails.dpdk.org (Postfix) with ESMTP id B518F400D5 for ; Tue, 21 Oct 2025 12:22:07 +0200 (CEST) Received: by mail-yw1-f226.google.com with SMTP id 00721157ae682-71d60157747so54899467b3.0 for ; Tue, 21 Oct 2025 03:22:07 -0700 (PDT) DKIM-Signature: v=1; a=rsa-sha256; c=relaxed/relaxed; d=iol.unh.edu; s=unh-iol; t=1761042127; x=1761646927; darn=dpdk.org; h=cc:to:from:subject:message-id:date:from:to:cc:subject:date :message-id:reply-to; bh=UIPamBoTG1f6Y2TH6xgRihZ0VrBgsQqdZfCodsgDpBI=; b=jZaq4b75d6atvxR/2B3OKF25dWOpQzZ/cJJ+AT1beHGGAPPdPxLVZOL9kxp2SNDQHm 23uV7tIZkpQH6hz8UiW8wgGGz6WCZxNziUKkvKVes/kIdc03D8qVgjXTemlFmNmIYSwp hR7KFqvVl6Plp2QvsRmrjYO4ZPjN1yx7NUJhY= X-Google-DKIM-Signature: v=1; a=rsa-sha256; c=relaxed/relaxed; d=1e100.net; s=20230601; t=1761042127; x=1761646927; h=cc:to:from:subject:message-id:date:x-gm-message-state:from:to:cc :subject:date:message-id:reply-to; bh=UIPamBoTG1f6Y2TH6xgRihZ0VrBgsQqdZfCodsgDpBI=; b=UIeY9K+zRMqyBubguyG9jcGtjrjcQCvHOClMTOTOttdLkosDXK7jvcSgwFqrwL5PYh qsFsq1qujsjEBxenHyZ51JbISfXRE457VLkIUaaY/MgI86HixIUa0wTJinW9lXtuAF9Y LzvbDMHTyJ7om9A6ZwTceInpz+YjILKKeCaqNUWZ+wad2RoWShNqv82nHGCLQWe2JBhU btE9HQ5DBlnutA76sm1kEZ6gGTFUQvYNzFdMAG6jq/uaaDiTmTo1ZEpHXsZ9+lqNmBjd 8EoXV+Poyg6UyX/IInfKo7i6sPzG309MVNd5KVWY52TkQ+DFHKeE+spni3dE2mmxnrpl C+Lg== X-Gm-Message-State: AOJu0Yzojj2FvRS8ADEpK/2UgXq9K8Pa8Bm9WMRCnxT8nx7XF1K6XKoy Oz55az5iPUhwQg2xYsrDWOq9uQq5vqHD0B6ujqRk8R5MORKz5b6zg2NgYS9d/kT+n0KoIWIlwsq AIFM2j7IIJjCUTeQ0fobA6s5//HBjBuB5AQSy X-Gm-Gg: ASbGncvIQDjpnWcp5s99yg0pSWJaebbvnJqqjVVB4vg+qps3BpyvvPyB8eHKzaSOMoO T5BYnwxQ5R0I69h+GygPRSxs4xb0Oa4U6dsZpegdbj4ROB8w1cqVpUj2ZBNYsBBg77lMbVLGBvD 1QKVnuKl4bBjHfwR5hBkDDnPWwL1kOPEcqxvRllRWDh4gbg3T//18J3jwTmG12YFQxtRwDNqRu4 TeUybphAy42WqbHqVgxWIyt7MNSIGr+RZeNUyqiDcXPNRCqHzORmS+W9GBuxvVcu5i0Ul0YHP3b EgeRwQvtS5/TJG/II24M0D0BZ9jEqLwMbDQTUQaGm3PxhnXB6Hi+V6KeFYlPh89WrgRznWSuvu0 K91qerhzXERsM9uRb7f4q1BrvU6WWaxg= X-Google-Smtp-Source: AGHT+IFYhzMiIePPX5khYXREsn6DNZNqRR1qPrzWRSstTxijItolkpmqVvkrVrYPW2HDSMznzPvFgQ6TlDE/ X-Received: by 2002:a05:690c:d91:b0:781:593:edc8 with SMTP id 00721157ae682-7836d18625cmr165414277b3.3.1761042126965; Tue, 21 Oct 2025 03:22:06 -0700 (PDT) Received: from postal.iol.unh.edu (postal.iol.unh.edu. [132.177.123.84]) by smtp-relay.gmail.com with ESMTPS id 00721157ae682-784674df87fsm8172777b3.27.2025.10.21.03.22.06 (version=TLS1_2 cipher=ECDHE-ECDSA-AES128-GCM-SHA256 bits=128/128); Tue, 21 Oct 2025 03:22:06 -0700 (PDT) X-Relaying-Domain: iol.unh.edu Date: Tue, 21 Oct 2025 03:22:06 -0700 (PDT) Message-ID: <68f75ece.050a0220.d68df.d8afSMTPIN_ADDED_MISSING@mx.google.com> Received: from [172.21.0.3] (unknown [172.18.0.240]) by postal.iol.unh.edu (Postfix) with ESMTP id 9CFD86051830; Tue, 21 Oct 2025 06:22:06 -0400 (EDT) Subject: |FAILURE| [GIT MASTER] 62f583c49bf67dd4d6733ece14e55fe6839e66d1 From: dpdklab@iol.unh.edu To: Test Report Cc: dpdk-test-reports@iol.unh.edu, Xueming Li , Christian Ehrhardt , Kevin Traynor , Luca Boccassi Content-Type: text/plain X-BeenThere: test-report@dpdk.org X-Mailman-Version: 2.1.29 Precedence: list List-Id: automatic DPDK test reports List-Unsubscribe: , List-Archive: List-Post: List-Help: List-Subscribe: , Errors-To: test-report-bounces@dpdk.org _Testing issues_ Branch: tags/v23.11 62f583c49bf67dd4d6733ece14e55fe6839e66d1 --> testing issues Upstream job id: Generic-DPDK-Compile-Meson#436405 Test environment and result as below: +------------------------------+--------------------+ | Environment | dpdk_meson_compile | +==============================+====================+ | Ubuntu 20.04 | PASS | +------------------------------+--------------------+ | Red Hat Enterprise Linux 9.5 | PASS | +------------------------------+--------------------+ | Debian GNU/Linux 12 | PASS | +------------------------------+--------------------+ | Fedora Linux 42 | PASS | +------------------------------+--------------------+ | Ubuntu 22.04 | PASS | +------------------------------+--------------------+ | CentOS Stream 9 | PASS | +------------------------------+--------------------+ | CentOS Stream 10 | PASS | +------------------------------+--------------------+ | Ubuntu 24.04 | PASS | +------------------------------+--------------------+ Ubuntu 20.04 Kernel: 5.15 Compiler: aarch64-linux-gnu-gcc gcc (Ubuntu 9.4.0-1ubuntu1~20.04.2) 9.4.0 Red Hat Enterprise Linux 9.5 Kernel: 5.4 Compiler: gcc gcc (GCC) 11.5.0 20240719 (Red Hat 11.5.0-2) Debian GNU/Linux 12 Kernel: 5.4 Compiler: gcc gcc (Debian 12.2.0-14+deb12u1) 12.2.0 Fedora Linux 42 Kernel: 5.4 Compiler: gcc gcc (GCC) 15.2.1 20250808 (Red Hat 15.2.1-1) Ubuntu 22.04 Kernel: 5.4 Compiler: gcc gcc (Ubuntu 11.4.0-1ubuntu1~22.04) 11.4.0 CentOS Stream 9 Kernel: 5.4 Compiler: gcc gcc (GCC) 11.5.0 20240719 (Red Hat 11.5.0-11) CentOS Stream 10 Kernel: 5.4 Compiler: gcc gcc (GCC) 14.2.1 20250110 (Red Hat 14.2.1-8) Ubuntu 24.04 Kernel: 5.4 Compiler: gcc gcc (Ubuntu 13.3.0-6ubuntu2~24.04) 13.3.0 To view detailed results, visit: https://lab.dpdk.org/results/dashboard/tarballs/35290/ UNH-IOL DPDK Community Lab To manage your email subscriptions, visit: https://lab.dpdk.org/results/dashboard/preferences/subscriptions/