automatic DPDK test reports
 help / color / mirror / Atom feed
From: dpdklab@iol.unh.edu
To: Test Report <test-report@dpdk.org>
Cc: dpdk-test-reports@iol.unh.edu,
	Anatoly Burakov <anatoly.burakov@intel.com>
Subject: |FAILURE| pw157906 [PATCH] [v1,1/1] vfio: fix custom containers in m
Date: Tue, 21 Oct 2025 03:55:06 -0700 (PDT)	[thread overview]
Message-ID: <68f7668a.050a0220.5c0ef.1ebaSMTPIN_ADDED_MISSING@mx.google.com> (raw)
In-Reply-To: <eb2c322e42a39e684514186503515e96633cd991.1761041388.git.anatoly.burakov@intel.com>

Test-Label: iol-compile-amd64-testing
Test-Status: FAILURE
http://dpdk.org/patch/157906

_Testing issues_

Submitter: Anatoly Burakov <anatoly.burakov@intel.com>
Date: Tuesday, October 21 2025 10:09:56 
DPDK git baseline: Repo:dpdk
  Branch: master
  CommitID:820ca7361bb7fa40e96e53515d8392ea40a35265

157906 --> testing issues

Upstream job id: Generic-DPDK-Compile-Meson#436529

Test environment and result as below:

+-------------------------------+--------------------+-------------------------+-------------------+-------------------+------------------+----------------------+
|          Environment          | dpdk_meson_compile | dpdk_llvm_clang_compile | dpdk_msvc_compile | dpdk_compile_spdk | dpdk_compile_ovs | dpdk_mingw64_compile |
+===============================+====================+=========================+===================+===================+==================+======================+
| Ubuntu 20.04                  | PASS               | SKIPPED                 | SKIPPED           | SKIPPED           | SKIPPED          | SKIPPED              |
+-------------------------------+--------------------+-------------------------+-------------------+-------------------+------------------+----------------------+
| CentOS Stream 9               | PEND               | SKIPPED                 | SKIPPED           | PEND              | SKIPPED          | SKIPPED              |
+-------------------------------+--------------------+-------------------------+-------------------+-------------------+------------------+----------------------+
| FreeBSD 14.2                  | PASS               | SKIPPED                 | SKIPPED           | SKIPPED           | SKIPPED          | SKIPPED              |
+-------------------------------+--------------------+-------------------------+-------------------+-------------------+------------------+----------------------+
| CentOS Stream 10              | PASS               | SKIPPED                 | SKIPPED           | SKIPPED           | SKIPPED          | SKIPPED              |
+-------------------------------+--------------------+-------------------------+-------------------+-------------------+------------------+----------------------+
| Debian GNU/Linux 12           | PASS               | SKIPPED                 | SKIPPED           | WARN              | SKIPPED          | SKIPPED              |
+-------------------------------+--------------------+-------------------------+-------------------+-------------------+------------------+----------------------+
| Fedora Linux 42               | PEND               | SKIPPED                 | SKIPPED           | PEND              | PEND             | SKIPPED              |
+-------------------------------+--------------------+-------------------------+-------------------+-------------------+------------------+----------------------+
| Red Hat Enterprise Linux 8.10 | PASS               | SKIPPED                 | SKIPPED           | SKIPPED           | SKIPPED          | SKIPPED              |
+-------------------------------+--------------------+-------------------------+-------------------+-------------------+------------------+----------------------+
| openSUSE Leap 15.6            | PEND               | SKIPPED                 | SKIPPED           | SKIPPED           | SKIPPED          | SKIPPED              |
+-------------------------------+--------------------+-------------------------+-------------------+-------------------+------------------+----------------------+
| Red Hat Enterprise Linux 9.5  | PASS               | SKIPPED                 | SKIPPED           | SKIPPED           | SKIPPED          | SKIPPED              |
+-------------------------------+--------------------+-------------------------+-------------------+-------------------+------------------+----------------------+
| Ubuntu 24.04                  | PEND               | SKIPPED                 | SKIPPED           | PEND              | PEND             | SKIPPED              |
+-------------------------------+--------------------+-------------------------+-------------------+-------------------+------------------+----------------------+
| Ubuntu 22.04                  | PEND               | SKIPPED                 | SKIPPED           | PEND              | SKIPPED          | SKIPPED              |
+-------------------------------+--------------------+-------------------------+-------------------+-------------------+------------------+----------------------+
| Alpine Linux 3.22.0           | PEND               | SKIPPED                 | SKIPPED           | SKIPPED           | SKIPPED          | SKIPPED              |
+-------------------------------+--------------------+-------------------------+-------------------+-------------------+------------------+----------------------+
| Windows Server 2022           | SKIPPED            | PASS                    | PEND              | SKIPPED           | SKIPPED          | PEND                 |
+-------------------------------+--------------------+-------------------------+-------------------+-------------------+------------------+----------------------+

==== 20 line log output for Debian GNU/Linux 12 (dpdk_compile_spdk): ====
 --- Failed to get log output --- 
==== End log output ====

Ubuntu 20.04
	Kernel: 4.19
	Compiler: gcc gcc (Ubuntu 9.4.0-1ubuntu1~20.04.2) 9.4.0

CentOS Stream 9
	Kernel: 5.15
	Compiler: gcc gcc (GCC) 11.5.0 20240719 (Red Hat 11.5.0-11)

FreeBSD 14.2
	Kernel: 14.2-RELEASE
	Compiler: clang 18.1.6

CentOS Stream 10
	Kernel: 5.15
	Compiler: gcc gcc (GCC) 14.2.1 20250110 (Red Hat 14.2.1-8)

Debian GNU/Linux 12
	Kernel: 5.15
	Compiler: gcc gcc (Debian 12.2.0-14+deb12u1) 12.2.0

Fedora Linux 42
	Kernel: 5.15
	Compiler: clang gcc (GCC) 15.2.1 20250808 (Red Hat 15.2.1-1)

Red Hat Enterprise Linux 8.10
	Kernel: 5.15
	Compiler: gcc gcc (GCC) 8.5.0 20210514 (Red Hat 8.5.0-22)

openSUSE Leap 15.6
	Kernel: 5.15
	Compiler: gcc gcc (SUSE Linux) 7.5.0

Red Hat Enterprise Linux 9.5
	Kernel: 5.15
	Compiler: gcc gcc (GCC) 11.5.0 20240719 (Red Hat 11.5.0-2)

Ubuntu 24.04
	Kernel: 5.15
	Compiler: gcc gcc (Ubuntu 13.3.0-6ubuntu2~24.04) 13.3.0

Ubuntu 22.04
	Kernel: 5.15
	Compiler: gcc gcc (Ubuntu 11.4.0-1ubuntu1~22.04) 11.4.0

Alpine Linux 3.22.0
	Kernel: 5.15
	Compiler: gcc gcc (Alpine 14.2.0) 14.2.0

Windows Server 2022
	Kernel: 10.0.20348.2031
	Compiler: clang 15.0.7, gcc 14.1.0 (MinGW), and MSVC VS 19.39.33521

To view detailed results, visit:
https://lab.dpdk.org/results/dashboard/patchsets/34338/

UNH-IOL DPDK Community Lab

To manage your email subscriptions, visit: 
https://lab.dpdk.org/results/dashboard/preferences/subscriptions/

  parent reply	other threads:[~2025-10-21 10:55 UTC|newest]

Thread overview: 25+ messages / expand[flat|nested]  mbox.gz  Atom feed  top
     [not found] <eb2c322e42a39e684514186503515e96633cd991.1761041388.git.anatoly.burakov@intel.com>
2025-10-21  9:35 ` |SUCCESS| pw157906 [PATCH v1 1/1] vfio: fix custom containers in multiprocess qemudev
2025-10-21  9:40 ` qemudev
2025-10-21 10:10 ` checkpatch
2025-10-21 10:32 ` |PENDING| pw157906 [PATCH] [v1,1/1] vfio: fix custom containers in m dpdklab
2025-10-21 10:34 ` |SUCCESS| " dpdklab
2025-10-21 10:38 ` |PENDING| " dpdklab
2025-10-21 10:38 ` |SUCCESS| " dpdklab
2025-10-21 10:43 ` |PENDING| " dpdklab
2025-10-21 10:47 ` dpdklab
2025-10-21 10:51 ` |SUCCESS| " dpdklab
2025-10-21 10:53 ` dpdklab
2025-10-21 10:55 ` dpdklab [this message]
2025-10-21 10:55 ` dpdklab
2025-10-21 10:55 ` dpdklab
2025-10-21 10:56 ` dpdklab
2025-10-21 11:01 ` dpdklab
2025-10-21 11:11 ` dpdklab
2025-10-21 11:15 ` dpdklab
2025-10-21 11:16 ` dpdklab
2025-10-21 11:16 ` dpdklab
2025-10-21 11:18 ` |WARNING| " dpdklab
2025-10-21 11:34 ` |SUCCESS| pw157906 [PATCH v1 1/1] vfio: fix custom containers in multiprocess 0-day Robot
2025-10-21 11:34 ` 0-day Robot
2025-10-21 13:54 ` |SUCCESS| pw157906 [PATCH] [v1,1/1] vfio: fix custom containers in m dpdklab
2025-10-21 17:57 ` dpdklab

Reply instructions:

You may reply publicly to this message via plain-text email
using any one of the following methods:

* Save the following mbox file, import it into your mail client,
  and reply-to-all from there: mbox

  Avoid top-posting and favor interleaved quoting:
  https://en.wikipedia.org/wiki/Posting_style#Interleaved_style

* Reply using the --to, --cc, and --in-reply-to
  switches of git-send-email(1):

  git send-email \
    --in-reply-to=68f7668a.050a0220.5c0ef.1ebaSMTPIN_ADDED_MISSING@mx.google.com \
    --to=dpdklab@iol.unh.edu \
    --cc=anatoly.burakov@intel.com \
    --cc=dpdk-test-reports@iol.unh.edu \
    --cc=test-report@dpdk.org \
    /path/to/YOUR_REPLY

  https://kernel.org/pub/software/scm/git/docs/git-send-email.html

* If your mail client supports setting the In-Reply-To header
  via mailto: links, try the mailto: link
Be sure your reply has a Subject: header at the top and a blank line before the message body.
This is a public inbox, see mirroring instructions
for how to clone and mirror all data and code used for this inbox;
as well as URLs for NNTP newsgroup(s).