From mboxrd@z Thu Jan 1 00:00:00 1970 Return-Path: Received: from mails.dpdk.org (mails.dpdk.org [217.70.189.124]) by inbox.dpdk.org (Postfix) with ESMTP id 84CAB48950 for ; Tue, 21 Oct 2025 12:55:08 +0200 (CEST) Received: from mails.dpdk.org (localhost [127.0.0.1]) by mails.dpdk.org (Postfix) with ESMTP id 7EDB7400D5; Tue, 21 Oct 2025 12:55:08 +0200 (CEST) Received: from mail-vk1-f227.google.com (mail-vk1-f227.google.com [209.85.221.227]) by mails.dpdk.org (Postfix) with ESMTP id 53678400D5 for ; Tue, 21 Oct 2025 12:55:07 +0200 (CEST) Received: by mail-vk1-f227.google.com with SMTP id 71dfb90a1353d-551b9d94603so1739764e0c.1 for ; Tue, 21 Oct 2025 03:55:07 -0700 (PDT) DKIM-Signature: v=1; a=rsa-sha256; c=relaxed/relaxed; d=iol.unh.edu; s=unh-iol; t=1761044106; x=1761648906; darn=dpdk.org; h=references:in-reply-to:cc:to:from:subject:message-id:date:from:to :cc:subject:date:message-id:reply-to; bh=Hh30P1wFXpV5I7Ar2cBPLEOWP06vJRikxRupDiysYAE=; b=UYf2G6RVpeGEzinLdkYhHUY2C2wnKnPbD24DtUlgNLkc4s07zm2FyVXSlAVbUGoniI u/jKY1/MM1LprlTCZjyypwUGyGuOKMWWcq6JlawmCWA6MqfeDoARqRlR5SxCRkhm4q7t YvuA0C/zAU0/yAmgK0jiXgZWyFLfner7+dzKI= X-Google-DKIM-Signature: v=1; a=rsa-sha256; c=relaxed/relaxed; d=1e100.net; s=20230601; t=1761044106; x=1761648906; h=references:in-reply-to:cc:to:from:subject:message-id:date :x-gm-message-state:from:to:cc:subject:date:message-id:reply-to; bh=Hh30P1wFXpV5I7Ar2cBPLEOWP06vJRikxRupDiysYAE=; b=qwsD+h8IysuTkYcFCjjTFmuLarqAtadXSLVWMnkJakyiqBZ5q7KxI8s4ty6UyTOvI2 ennZlw7cdcL0XKZSu6D5FdY5inUqWRSSaPtlhtpQgO3QZUaHZMMYhn49ncJZkAos6TYP GAWnlt6JXarEnT77f3cU35VKiWlrht0d3EmtmRhCp0pWINnrRGFSmymKAhSynCX7sXkV kf6Ik0Z9fU3frnmAnW64w091ra9vF96rT382xznnRoPUivgn4v/mH+TbavWHRQvY8sCo s5jDmFtwRGQ2nCmyIYd9Qz245+vQOuJJVe6LpOZ7P1c6Zh7PfQMHHG0RDYqsEXus0/h5 xcdA== X-Gm-Message-State: AOJu0Yxhi2F7q58u81LZevtIGarwvwaEP2fTh0ivwTb88c9akymMneCG B1qqB4z8IlALJkcQA6HolCuOG1loaPCzU1ouzrlzdRWzbDw3CmYfElf89fTQQoiGXYwmF/45/I1 AAVCtvcxGQ57ZR27Uf/SJNqgNYKqlFjAxpR9I7clph3Pb X-Gm-Gg: ASbGncvNRMcnoqQZkLB1oZiW+XxMBapTvT6y+cAZGutjEkKYKOMI7oA4G94jFhxWNGe O9Lq3+DTfU7e0mdXv9GGtB2kOajOm8SWGOt/tZ/m99DVUG56qAIt0B0Xox5z74bj/rJE0iUgdDr x4IAFF0ad7IdAcBSoVEZqRWvzvsJehy9CBWP1U+WnSd0OdjWvOrzzQl7hC2HzD9hpS36EXmaKND 3AGufi3oDfvRBG1zyH0G6acWCbW4uHFonzEWLOGUhxya45rhW0caqmczuci25U5KZ8WZ6yU/fKP cKb9of1r0vz3G9eDvUuVhoTAWivgCyCws/aE8SLVyofapJtAaVgGCMiA1jEzIq7tFHKNjMOvDm6 meFgAIznpfv5j4P91/B6363NA6xnSxtc= X-Google-Smtp-Source: AGHT+IEZY3ZYwNJbVys+b3K/hZdIY9D+35BksAJENGDWYAh/D8e0Nn1qxXNr1VFFoUevpMGz8fZ2JpxSs3dU X-Received: by 2002:a05:6122:a28:b0:54a:9e02:f9c2 with SMTP id 71dfb90a1353d-5564edc8edamr3952514e0c.6.1761044106513; Tue, 21 Oct 2025 03:55:06 -0700 (PDT) Received: from postal.iol.unh.edu (postal.iol.unh.edu. [132.177.123.84]) by smtp-relay.gmail.com with ESMTPS id 71dfb90a1353d-55661dae788sm1460798e0c.0.2025.10.21.03.55.06 (version=TLS1_2 cipher=ECDHE-ECDSA-AES128-GCM-SHA256 bits=128/128); Tue, 21 Oct 2025 03:55:06 -0700 (PDT) X-Relaying-Domain: iol.unh.edu Date: Tue, 21 Oct 2025 03:55:06 -0700 (PDT) Message-ID: <68f7668a.050a0220.5c0ef.1ebaSMTPIN_ADDED_MISSING@mx.google.com> Received: from [172.21.0.3] (unknown [172.18.0.240]) by postal.iol.unh.edu (Postfix) with ESMTP id 04A876051830; Tue, 21 Oct 2025 06:55:06 -0400 (EDT) Subject: |FAILURE| pw157906 [PATCH] [v1,1/1] vfio: fix custom containers in m From: dpdklab@iol.unh.edu To: Test Report Cc: dpdk-test-reports@iol.unh.edu, Anatoly Burakov In-Reply-To: References: Content-Type: text/plain X-BeenThere: test-report@dpdk.org X-Mailman-Version: 2.1.29 Precedence: list List-Id: automatic DPDK test reports List-Unsubscribe: , List-Archive: List-Post: List-Help: List-Subscribe: , Errors-To: test-report-bounces@dpdk.org Test-Label: iol-compile-amd64-testing Test-Status: FAILURE http://dpdk.org/patch/157906 _Testing issues_ Submitter: Anatoly Burakov Date: Tuesday, October 21 2025 10:09:56 DPDK git baseline: Repo:dpdk Branch: master CommitID:820ca7361bb7fa40e96e53515d8392ea40a35265 157906 --> testing issues Upstream job id: Generic-DPDK-Compile-Meson#436529 Test environment and result as below: +-------------------------------+--------------------+-------------------------+-------------------+-------------------+------------------+----------------------+ | Environment | dpdk_meson_compile | dpdk_llvm_clang_compile | dpdk_msvc_compile | dpdk_compile_spdk | dpdk_compile_ovs | dpdk_mingw64_compile | +===============================+====================+=========================+===================+===================+==================+======================+ | Ubuntu 20.04 | PASS | SKIPPED | SKIPPED | SKIPPED | SKIPPED | SKIPPED | +-------------------------------+--------------------+-------------------------+-------------------+-------------------+------------------+----------------------+ | CentOS Stream 9 | PEND | SKIPPED | SKIPPED | PEND | SKIPPED | SKIPPED | +-------------------------------+--------------------+-------------------------+-------------------+-------------------+------------------+----------------------+ | FreeBSD 14.2 | PASS | SKIPPED | SKIPPED | SKIPPED | SKIPPED | SKIPPED | +-------------------------------+--------------------+-------------------------+-------------------+-------------------+------------------+----------------------+ | CentOS Stream 10 | PASS | SKIPPED | SKIPPED | SKIPPED | SKIPPED | SKIPPED | +-------------------------------+--------------------+-------------------------+-------------------+-------------------+------------------+----------------------+ | Debian GNU/Linux 12 | PASS | SKIPPED | SKIPPED | WARN | SKIPPED | SKIPPED | +-------------------------------+--------------------+-------------------------+-------------------+-------------------+------------------+----------------------+ | Fedora Linux 42 | PEND | SKIPPED | SKIPPED | PEND | PEND | SKIPPED | +-------------------------------+--------------------+-------------------------+-------------------+-------------------+------------------+----------------------+ | Red Hat Enterprise Linux 8.10 | PASS | SKIPPED | SKIPPED | SKIPPED | SKIPPED | SKIPPED | +-------------------------------+--------------------+-------------------------+-------------------+-------------------+------------------+----------------------+ | openSUSE Leap 15.6 | PEND | SKIPPED | SKIPPED | SKIPPED | SKIPPED | SKIPPED | +-------------------------------+--------------------+-------------------------+-------------------+-------------------+------------------+----------------------+ | Red Hat Enterprise Linux 9.5 | PASS | SKIPPED | SKIPPED | SKIPPED | SKIPPED | SKIPPED | +-------------------------------+--------------------+-------------------------+-------------------+-------------------+------------------+----------------------+ | Ubuntu 24.04 | PEND | SKIPPED | SKIPPED | PEND | PEND | SKIPPED | +-------------------------------+--------------------+-------------------------+-------------------+-------------------+------------------+----------------------+ | Ubuntu 22.04 | PEND | SKIPPED | SKIPPED | PEND | SKIPPED | SKIPPED | +-------------------------------+--------------------+-------------------------+-------------------+-------------------+------------------+----------------------+ | Alpine Linux 3.22.0 | PEND | SKIPPED | SKIPPED | SKIPPED | SKIPPED | SKIPPED | +-------------------------------+--------------------+-------------------------+-------------------+-------------------+------------------+----------------------+ | Windows Server 2022 | SKIPPED | PASS | PEND | SKIPPED | SKIPPED | PEND | +-------------------------------+--------------------+-------------------------+-------------------+-------------------+------------------+----------------------+ ==== 20 line log output for Debian GNU/Linux 12 (dpdk_compile_spdk): ==== --- Failed to get log output --- ==== End log output ==== Ubuntu 20.04 Kernel: 4.19 Compiler: gcc gcc (Ubuntu 9.4.0-1ubuntu1~20.04.2) 9.4.0 CentOS Stream 9 Kernel: 5.15 Compiler: gcc gcc (GCC) 11.5.0 20240719 (Red Hat 11.5.0-11) FreeBSD 14.2 Kernel: 14.2-RELEASE Compiler: clang 18.1.6 CentOS Stream 10 Kernel: 5.15 Compiler: gcc gcc (GCC) 14.2.1 20250110 (Red Hat 14.2.1-8) Debian GNU/Linux 12 Kernel: 5.15 Compiler: gcc gcc (Debian 12.2.0-14+deb12u1) 12.2.0 Fedora Linux 42 Kernel: 5.15 Compiler: clang gcc (GCC) 15.2.1 20250808 (Red Hat 15.2.1-1) Red Hat Enterprise Linux 8.10 Kernel: 5.15 Compiler: gcc gcc (GCC) 8.5.0 20210514 (Red Hat 8.5.0-22) openSUSE Leap 15.6 Kernel: 5.15 Compiler: gcc gcc (SUSE Linux) 7.5.0 Red Hat Enterprise Linux 9.5 Kernel: 5.15 Compiler: gcc gcc (GCC) 11.5.0 20240719 (Red Hat 11.5.0-2) Ubuntu 24.04 Kernel: 5.15 Compiler: gcc gcc (Ubuntu 13.3.0-6ubuntu2~24.04) 13.3.0 Ubuntu 22.04 Kernel: 5.15 Compiler: gcc gcc (Ubuntu 11.4.0-1ubuntu1~22.04) 11.4.0 Alpine Linux 3.22.0 Kernel: 5.15 Compiler: gcc gcc (Alpine 14.2.0) 14.2.0 Windows Server 2022 Kernel: 10.0.20348.2031 Compiler: clang 15.0.7, gcc 14.1.0 (MinGW), and MSVC VS 19.39.33521 To view detailed results, visit: https://lab.dpdk.org/results/dashboard/patchsets/34338/ UNH-IOL DPDK Community Lab To manage your email subscriptions, visit: https://lab.dpdk.org/results/dashboard/preferences/subscriptions/