From: dpdklab@iol.unh.edu
To: Test Report <test-report@dpdk.org>
Cc: dpdk-test-reports@iol.unh.edu
Subject: |SUCCESS| pw157906 [PATCH] [v1,1/1] vfio: fix custom containers in m
Date: Tue, 21 Oct 2025 10:57:09 -0700 (PDT) [thread overview]
Message-ID: <68f7c975.170a0220.2c8be.b23cSMTPIN_ADDED_MISSING@mx.google.com> (raw)
In-Reply-To: <eb2c322e42a39e684514186503515e96633cd991.1761041388.git.anatoly.burakov@intel.com>
Test-Label: iol-unit-arm64-testing
Test-Status: SUCCESS
http://dpdk.org/patch/157906
_Testing PASS_
Submitter: Anatoly Burakov <anatoly.burakov@intel.com>
Date: Tuesday, October 21 2025 10:09:56
DPDK git baseline: Repo:dpdk
Branch: master
CommitID:820ca7361bb7fa40e96e53515d8392ea40a35265
157906 --> testing pass
Upstream job id: Generic-Unit-Test-DPDK#383912
Test environment and result as below:
+------------------------------+------------------------------+---------------------------+--------------+----------------+
| Environment | cryptodev_sw_snow3g_autotest | cryptodev_sw_zuc_autotest | lpm_autotest | dpdk_unit_test |
+==============================+==============================+===========================+==============+================+
| Debian 12 (arm) | PASS | PASS | SKIPPED | SKIPPED |
+------------------------------+------------------------------+---------------------------+--------------+----------------+
| Ubuntu 20.04 | SKIPPED | SKIPPED | PASS | PASS |
+------------------------------+------------------------------+---------------------------+--------------+----------------+
| CentOS Stream 9 | SKIPPED | SKIPPED | SKIPPED | PASS |
+------------------------------+------------------------------+---------------------------+--------------+----------------+
| Debian GNU/Linux 12 | SKIPPED | SKIPPED | SKIPPED | PASS |
+------------------------------+------------------------------+---------------------------+--------------+----------------+
| Fedora Linux 40 | SKIPPED | SKIPPED | SKIPPED | PASS |
+------------------------------+------------------------------+---------------------------+--------------+----------------+
| CentOS Stream 10 | SKIPPED | SKIPPED | SKIPPED | PASS |
+------------------------------+------------------------------+---------------------------+--------------+----------------+
| Fedora Linux 41 | SKIPPED | SKIPPED | SKIPPED | PASS |
+------------------------------+------------------------------+---------------------------+--------------+----------------+
| Ubuntu 22.04 | SKIPPED | SKIPPED | SKIPPED | PASS |
+------------------------------+------------------------------+---------------------------+--------------+----------------+
| Fedora Linux 42 | SKIPPED | SKIPPED | SKIPPED | PASS |
+------------------------------+------------------------------+---------------------------+--------------+----------------+
| Red Hat Enterprise Linux 9.5 | SKIPPED | SKIPPED | SKIPPED | PASS |
+------------------------------+------------------------------+---------------------------+--------------+----------------+
| Ubuntu 24.04 | SKIPPED | SKIPPED | SKIPPED | PASS |
+------------------------------+------------------------------+---------------------------+--------------+----------------+
Debian 12 (arm)
Kernel: Depends on container host
Compiler: gcc (Debian 12.2.0-14) 12.2.0
Ubuntu 20.04
Kernel: 5.4
Compiler: gcc gcc (Ubuntu 9.4.0-1ubuntu1~20.04.2) 9.4.0
CentOS Stream 9
Kernel: 5.4
Compiler: gcc gcc (GCC) 11.5.0 20240719 (Red Hat 11.5.0-11)
Debian GNU/Linux 12
Kernel: 5.4
Compiler: gcc gcc (Debian 12.2.0-14+deb12u1) 12.2.0
Fedora Linux 40
Kernel: 5.4
Compiler: gcc gcc (GCC) 14.2.1 20240912 (Red Hat 14.2.1-3)
CentOS Stream 10
Kernel: 5.4
Compiler: gcc gcc (GCC) 14.2.1 20250110 (Red Hat 14.2.1-8)
Fedora Linux 41
Kernel: 5.4
Compiler: gcc gcc (GCC) 14.3.1 20250523 (Red Hat 14.3.1-1)
Ubuntu 22.04
Kernel: 5.15
Compiler: gcc gcc (Ubuntu 11.4.0-1ubuntu1~22.04.2) 11.4.0
Fedora Linux 42
Kernel: 5.4
Compiler: gcc gcc (GCC) 15.2.1 20250808 (Red Hat 15.2.1-1)
Red Hat Enterprise Linux 9.5
Kernel: 5.4
Compiler: gcc gcc (GCC) 11.5.0 20240719 (Red Hat 11.5.0-2)
Ubuntu 24.04
Kernel: 5.4
Compiler: gcc gcc (Ubuntu 13.3.0-6ubuntu2~24.04) 13.3.0
To view detailed results, visit:
https://lab.dpdk.org/results/dashboard/patchsets/34338/
UNH-IOL DPDK Community Lab
To manage your email subscriptions, visit:
https://lab.dpdk.org/results/dashboard/preferences/subscriptions/
prev parent reply other threads:[~2025-10-21 17:57 UTC|newest]
Thread overview: 25+ messages / expand[flat|nested] mbox.gz Atom feed top
[not found] <eb2c322e42a39e684514186503515e96633cd991.1761041388.git.anatoly.burakov@intel.com>
2025-10-21 9:35 ` |SUCCESS| pw157906 [PATCH v1 1/1] vfio: fix custom containers in multiprocess qemudev
2025-10-21 9:40 ` qemudev
2025-10-21 10:10 ` checkpatch
2025-10-21 10:32 ` |PENDING| pw157906 [PATCH] [v1,1/1] vfio: fix custom containers in m dpdklab
2025-10-21 10:34 ` |SUCCESS| " dpdklab
2025-10-21 10:38 ` |PENDING| " dpdklab
2025-10-21 10:38 ` |SUCCESS| " dpdklab
2025-10-21 10:43 ` |PENDING| " dpdklab
2025-10-21 10:47 ` dpdklab
2025-10-21 10:51 ` |SUCCESS| " dpdklab
2025-10-21 10:53 ` dpdklab
2025-10-21 10:55 ` |FAILURE| " dpdklab
2025-10-21 10:55 ` |SUCCESS| " dpdklab
2025-10-21 10:55 ` dpdklab
2025-10-21 10:56 ` dpdklab
2025-10-21 11:01 ` dpdklab
2025-10-21 11:11 ` dpdklab
2025-10-21 11:15 ` dpdklab
2025-10-21 11:16 ` dpdklab
2025-10-21 11:16 ` dpdklab
2025-10-21 11:18 ` |WARNING| " dpdklab
2025-10-21 11:34 ` |SUCCESS| pw157906 [PATCH v1 1/1] vfio: fix custom containers in multiprocess 0-day Robot
2025-10-21 11:34 ` 0-day Robot
2025-10-21 13:54 ` |SUCCESS| pw157906 [PATCH] [v1,1/1] vfio: fix custom containers in m dpdklab
2025-10-21 17:57 ` dpdklab [this message]
Reply instructions:
You may reply publicly to this message via plain-text email
using any one of the following methods:
* Save the following mbox file, import it into your mail client,
and reply-to-all from there: mbox
Avoid top-posting and favor interleaved quoting:
https://en.wikipedia.org/wiki/Posting_style#Interleaved_style
* Reply using the --to, --cc, and --in-reply-to
switches of git-send-email(1):
git send-email \
--in-reply-to=68f7c975.170a0220.2c8be.b23cSMTPIN_ADDED_MISSING@mx.google.com \
--to=dpdklab@iol.unh.edu \
--cc=dpdk-test-reports@iol.unh.edu \
--cc=test-report@dpdk.org \
/path/to/YOUR_REPLY
https://kernel.org/pub/software/scm/git/docs/git-send-email.html
* If your mail client supports setting the In-Reply-To header
via mailto: links, try the mailto: link
Be sure your reply has a Subject: header at the top and a blank line
before the message body.
This is a public inbox, see mirroring instructions
for how to clone and mirror all data and code used for this inbox;
as well as URLs for NNTP newsgroup(s).