From mboxrd@z Thu Jan 1 00:00:00 1970 Return-Path: Received: from mails.dpdk.org (mails.dpdk.org [217.70.189.124]) by inbox.dpdk.org (Postfix) with ESMTP id 653C94899E for ; Wed, 22 Oct 2025 06:50:59 +0200 (CEST) Received: from mails.dpdk.org (localhost [127.0.0.1]) by mails.dpdk.org (Postfix) with ESMTP id 4CB5B400D6; Wed, 22 Oct 2025 06:50:59 +0200 (CEST) Received: from mail-pj1-f98.google.com (mail-pj1-f98.google.com [209.85.216.98]) by mails.dpdk.org (Postfix) with ESMTP id 1B3FE400D6 for ; Wed, 22 Oct 2025 06:50:58 +0200 (CEST) Received: by mail-pj1-f98.google.com with SMTP id 98e67ed59e1d1-3307de086d8so5299019a91.2 for ; Tue, 21 Oct 2025 21:50:58 -0700 (PDT) DKIM-Signature: v=1; a=rsa-sha256; c=relaxed/relaxed; d=iol.unh.edu; s=unh-iol; t=1761108657; x=1761713457; darn=dpdk.org; h=cc:to:from:subject:message-id:date:from:to:cc:subject:date :message-id:reply-to; bh=jb63LEcVwRHgBth8w3clKKvtk2rpgeStbC1yYgTKauo=; b=DKylLhRjAYOJnBLoutFQGw80+GNEFKlgBtVWScAiQM9QuIjUsbYU56STrxiFwLudzW oLlqfN6NDG/FrzUciD5p95a5McxsP+wfMGehSjeIXDQpqaK+48uJoMHzazDPW0fBTDJh mPF0bxvgBn0Acam8XbxGiqHgDpvsEDOHzKiVo= X-Google-DKIM-Signature: v=1; a=rsa-sha256; c=relaxed/relaxed; d=1e100.net; s=20230601; t=1761108657; x=1761713457; h=cc:to:from:subject:message-id:date:x-gm-message-state:from:to:cc :subject:date:message-id:reply-to; bh=jb63LEcVwRHgBth8w3clKKvtk2rpgeStbC1yYgTKauo=; b=tEEk0MM7M1X0YQVeccwjTKGYwtwAPZPzMk5Pf78hY5auY0LjduQSAwcvmQlsxfLIe5 zBz3EyzaXOYofWn5y8If7cHAy78IPIAz+gDwtfT/Ht4rXNA7eom3v1tSWZU4trsQ9Cao IJgygd0lYKB6R7OblwnKYPv7YKb/44STgYOaQyfsAzfKEFC+SX1HWmJn8XyS3VykdPNJ rvYwhGx9HcHO/x6W/JZpaQtKazqv7dfgFDttDCWBAC77OOSRn+Sd2rzkyeaNZQKuhgjL fzOkTnxqbsln4sT/UD+sdR8FPDIHfmcpyQaXl5pX5e2j49c2+b63VrqJWIVpyJbreq5p oB3w== X-Gm-Message-State: AOJu0Yx5ixvb71g8EwwnhLXYj4y3NzWKyooU794DEs+NZPjSEEte1ngJ 1a367LOUIBcmqei+VfnncewcNCxtlYLC7uuvIGjd5+Ckxbf2pxgA/ENKA5492YLKR3e6YKC0Nbg Tnosj2qdwewYwkzzalWvRrrnX7gT7+sBJqzbqAlyczSKeLlVQjaN4 X-Gm-Gg: ASbGncvLNg4XfAumam5yjK4+f41A6m/LMTW1X09rEye/5q+GRTbe6V2UdsOFM4vfmmj Hj9U+i8cqKFAUk5rZlW8JHC2x6SMuTQ6Sn/Slzv3fB/ue3ofGODV6BN3bFMuOYPax+OLTceHZG0 99IhjXeVJ5/TZdZJKjc5GPccwB0cgXvz8UGGQtZspkkhPr4ElRwdkMsSKhPTTSIN73oWLo/tR6e IpwYX1HLD0PyjCe+KFAoBaPA7rpX5vVzYz1QFhzFuK0+wABT/TwXTRW7lgqhuUoPdOF/3EYcwnr wY/6lpd5XvzWYig/SPOwl7XNlIEB79CWDIsIy4FLXyec0MyqlWBQYq+FJV6xq/ccwH4IteCFKIu GaYpDfVTR X-Google-Smtp-Source: AGHT+IHCcoU9o56+6Uu9drVSU7GnWLZvVL9/9bh5lmXElRmQAeO28Y2mHMvBSlpOC6VCVlHJXy00QBWPqvpa X-Received: by 2002:a17:90b:3f8d:b0:32d:d408:e86 with SMTP id 98e67ed59e1d1-33bcf85b2e0mr25869341a91.7.1761108657178; Tue, 21 Oct 2025 21:50:57 -0700 (PDT) Received: from postal.iol.unh.edu (postal.iol.unh.edu. [2606:4100:3880:1234::84]) by smtp-relay.gmail.com with ESMTPS id 98e67ed59e1d1-33e223d4bddsm141248a91.2.2025.10.21.21.50.57 (version=TLS1_2 cipher=ECDHE-ECDSA-AES128-GCM-SHA256 bits=128/128); Tue, 21 Oct 2025 21:50:57 -0700 (PDT) X-Relaying-Domain: iol.unh.edu Date: Tue, 21 Oct 2025 21:50:57 -0700 (PDT) Message-ID: <68f862b1.170a0220.98cfa.6ac4SMTPIN_ADDED_MISSING@mx.google.com> Received: from [172.21.0.2] (unknown [172.18.0.240]) by postal.iol.unh.edu (Postfix) with ESMTP id 321E76050A61; Wed, 22 Oct 2025 00:50:56 -0400 (EDT) Subject: |FAILURE| [GIT MASTER] 62f583c49bf67dd4d6733ece14e55fe6839e66d1 From: dpdklab@iol.unh.edu To: Test Report Cc: dpdk-test-reports@iol.unh.edu, Xueming Li , Christian Ehrhardt , Kevin Traynor , Luca Boccassi Content-Type: text/plain X-BeenThere: test-report@dpdk.org X-Mailman-Version: 2.1.29 Precedence: list List-Id: automatic DPDK test reports List-Unsubscribe: , List-Archive: List-Post: List-Help: List-Subscribe: , Errors-To: test-report-bounces@dpdk.org _Testing issues_ Branch: tags/v23.11 62f583c49bf67dd4d6733ece14e55fe6839e66d1 --> testing issues Upstream job id: Generic-Unit-Test-DPDK#384024 Test environment and result as below: +-------------------------------+----------------+ | Environment | dpdk_unit_test | +===============================+================+ | Red Hat Enterprise Linux 9.5 | PASS | +-------------------------------+----------------+ | Fedora Linux 41 | PASS | +-------------------------------+----------------+ | Fedora Linux 42 | WARN | +-------------------------------+----------------+ | Debian GNU/Linux 12 | PASS | +-------------------------------+----------------+ | CentOS Stream 10 | PASS | +-------------------------------+----------------+ | Ubuntu 20.04 | PASS | +-------------------------------+----------------+ | Ubuntu 22.04 | PASS | +-------------------------------+----------------+ | CentOS Stream 9 | PASS | +-------------------------------+----------------+ | Fedora Linux 40 | PASS | +-------------------------------+----------------+ | Red Hat Enterprise Linux 8.10 | PASS | +-------------------------------+----------------+ | Ubuntu 24.04 | PASS | +-------------------------------+----------------+ | Windows Server 2022 | FAIL | +-------------------------------+----------------+ ==== Unit test summary for Windows Server 2022 (dpdk_unit_test): ==== Failed to get the unit test results. Displaying the unit test results is not supported for some environments, such as our aarch32 testing, where meson is not used to run the tests. Download the logs available on our CI site. ==== End log output ==== Red Hat Enterprise Linux 9.5 Kernel: 5.15 Compiler: gcc gcc (GCC) 11.5.0 20240719 (Red Hat 11.5.0-2) Fedora Linux 41 Kernel: 5.15 Compiler: clang gcc (GCC) 14.3.1 20250523 (Red Hat 14.3.1-1) Fedora Linux 42 Kernel: 5.15 Compiler: clang gcc (GCC) 15.2.1 20250808 (Red Hat 15.2.1-1) Debian GNU/Linux 12 Kernel: 5.15 Compiler: gcc gcc (Debian 12.2.0-14+deb12u1) 12.2.0 CentOS Stream 10 Kernel: 5.15 Compiler: gcc gcc (GCC) 14.2.1 20250110 (Red Hat 14.2.1-8) Ubuntu 20.04 Kernel: 5.15 Compiler: gcc gcc (Ubuntu 9.4.0-1ubuntu1~20.04.2) 9.4.0 Ubuntu 22.04 Kernel: 5.15 Compiler: gcc gcc (Ubuntu 11.4.0-1ubuntu1~22.04) 11.4.0 CentOS Stream 9 Kernel: 5.15 Compiler: gcc gcc (GCC) 11.5.0 20240719 (Red Hat 11.5.0-11) Fedora Linux 40 Kernel: 5.15 Compiler: clang gcc (GCC) 14.2.1 20240912 (Red Hat 14.2.1-3) Red Hat Enterprise Linux 8.10 Kernel: 5.15 Compiler: gcc gcc (GCC) 8.5.0 20210514 (Red Hat 8.5.0-22) Ubuntu 24.04 Kernel: 5.15 Compiler: gcc gcc (Ubuntu 13.3.0-6ubuntu2~24.04) 13.3.0 Windows Server 2022 Kernel: 10.0.20348.2031 Compiler: clang 15.0.7, gcc 14.1.0 (MinGW), and MSVC VS 19.39.33521 To view detailed results, visit: https://lab.dpdk.org/results/dashboard/tarballs/35299/ UNH-IOL DPDK Community Lab To manage your email subscriptions, visit: https://lab.dpdk.org/results/dashboard/preferences/subscriptions/