From mboxrd@z Thu Jan 1 00:00:00 1970 Return-Path: Received: from mails.dpdk.org (mails.dpdk.org [217.70.189.124]) by inbox.dpdk.org (Postfix) with ESMTP id 65A7B489A1 for ; Wed, 22 Oct 2025 08:47:28 +0200 (CEST) Received: from mails.dpdk.org (localhost [127.0.0.1]) by mails.dpdk.org (Postfix) with ESMTP id 60484400D5; Wed, 22 Oct 2025 08:47:28 +0200 (CEST) Received: from mail-pg1-f228.google.com (mail-pg1-f228.google.com [209.85.215.228]) by mails.dpdk.org (Postfix) with ESMTP id 8E690400D5 for ; Wed, 22 Oct 2025 08:47:26 +0200 (CEST) Received: by mail-pg1-f228.google.com with SMTP id 41be03b00d2f7-b6cdcc280c3so468910a12.0 for ; Tue, 21 Oct 2025 23:47:26 -0700 (PDT) DKIM-Signature: v=1; a=rsa-sha256; c=relaxed/relaxed; d=iol.unh.edu; s=unh-iol; t=1761115646; x=1761720446; darn=dpdk.org; h=cc:to:from:subject:message-id:date:from:to:cc:subject:date :message-id:reply-to; bh=IZOL2HAbM4bfEv5WzrdI4/NmMtHOEnhK0xQdTPcuQ0k=; b=OZvBooQmoBliYgsiWtYWB8ViHqpsD72zYLlkFMRSpHL0PbgdP2s2MjxSH8qotgYGWa pslJ7GKSXcmCfprkTD6GzU1JqOZmFPoaGD0sONQ4y+0Skwru9t/LRYHQdqyjHJuH/cGa tlETMJr3vND7DYsPGCl8qXTDidq+qT7+Ni6hA= X-Google-DKIM-Signature: v=1; a=rsa-sha256; c=relaxed/relaxed; d=1e100.net; s=20230601; t=1761115646; x=1761720446; h=cc:to:from:subject:message-id:date:x-gm-message-state:from:to:cc :subject:date:message-id:reply-to; bh=IZOL2HAbM4bfEv5WzrdI4/NmMtHOEnhK0xQdTPcuQ0k=; b=oGoVDPUodNIoRfOUA0Cextof9QNZ9r8NkXbNPEmb6h/AsUgg/CooLvVfAuCqF9QbkY FQRxplWeY3Pm2wWvWwICWYz8DCkpj6ow/kLye1+CSKYq+/JEcvjKESemTNGR4ZgwjqPN UztP1FFnW+8asiMW/IeNOEBQwqOU5n5kLy9c5iXtbmjyzjlNZN9RoxrPOUfdHDyJPznk sNfLuL03rRP3GM9etPCEfCB/eHpzRsDlU50kaZvDVJz95Ebz+h/51177TA+4caL12jvx gVWOQF0++P7abh6IWyHwG3IxkJ6fINKSYEHiThLEQxD+APitjcfPZPB+LuHEKwMIlTLE 0AZg== X-Gm-Message-State: AOJu0Yx3A7thAIuknrHiZvDUHKtX+PQDSqr3nFC+GH3NtjL6vGKxDHJd pG56CNzweU/sCCK7z5F3f+4CsMxWdHXr88bWOhf6WyJC7xDYFwmgkD+EOFGAW+tvJDI8g9mAwGZ gKO3Zz0+o3TXXPhMr4b7WcEC7Qq7xQWWJ768SR812fnRZZgrTqKXeYF1Jo1NO X-Gm-Gg: ASbGncvLai21vDxuVGTAUtO+gXRI2a+xEsP5XapPuzbYYB28bHTAHq3WygmpSzWMOps nS8CLBq2Sc7Nl4Mr404L2rTX3d4c9WTSVV0pxOpGaTBrEdhTxlvPaPp+ZKdOw0mzCXH+26thBlE Cbxin6ORcXFHXioTV4FQbL81FXdEBvYBZ+wP2nt5vNgBA4foy84tgI/NbnHkscJkD8uSyz5rNpL 8q9si/bWy3Su2ntSQgZU+1aakMiJ/9n1KU2OWIu2FFZSC2evLxycF80IV1xR/ffb+M5qgcAC8iZ jIQVtj0zE7hJmq7CNvmhltwwHP1Kc4Qs5klP5eLz37bxLOUZYRiab5eoCq39fnc8PNGnuYuWzCE s6ByvUn2c X-Google-Smtp-Source: AGHT+IERBjrDHSHmhH/OozoYDcCPqQEoUsYuz3734Vb4hBWibGzMYc4mwUHM29Ny5rHRVawLQnJGNQn/3VLK X-Received: by 2002:a17:902:dad2:b0:293:e5f:85d7 with SMTP id d9443c01a7336-2930e5f9244mr9559405ad.55.1761115645668; Tue, 21 Oct 2025 23:47:25 -0700 (PDT) Received: from postal.iol.unh.edu (postal.iol.unh.edu. [2606:4100:3880:1234::84]) by smtp-relay.gmail.com with ESMTPS id d9443c01a7336-29246feb422sm15250665ad.6.2025.10.21.23.47.25 (version=TLS1_2 cipher=ECDHE-ECDSA-AES128-GCM-SHA256 bits=128/128); Tue, 21 Oct 2025 23:47:25 -0700 (PDT) X-Relaying-Domain: iol.unh.edu Date: Tue, 21 Oct 2025 23:47:25 -0700 (PDT) Message-ID: <68f87dfd.170a0220.1afda9.650fSMTPIN_ADDED_MISSING@mx.google.com> Received: from [172.21.0.3] (unknown [172.18.0.240]) by postal.iol.unh.edu (Postfix) with ESMTP id 2D1AE6051830; Wed, 22 Oct 2025 02:47:25 -0400 (EDT) Subject: |FAILURE| [GIT MASTER] 0e381f61496b14349b03f95878399791d76519e4 From: dpdklab@iol.unh.edu To: Test Report Cc: dpdk-test-reports@iol.unh.edu, Stephen Hemminger Content-Type: text/plain X-BeenThere: test-report@dpdk.org X-Mailman-Version: 2.1.29 Precedence: list List-Id: automatic DPDK test reports List-Unsubscribe: , List-Archive: List-Post: List-Help: List-Subscribe: , Errors-To: test-report-bounces@dpdk.org _Testing issues_ Branch: dpdk-next-net 0e381f61496b14349b03f95878399791d76519e4 --> testing issues Upstream job id: Generic-DPDK-Compile-Meson#436714 Test environment and result as below: +-------------------------------+--------------------+-------------------+------------------+-------------------------+-------------------+----------------------+ | Environment | dpdk_meson_compile | dpdk_compile_spdk | dpdk_compile_ovs | dpdk_llvm_clang_compile | dpdk_msvc_compile | dpdk_mingw64_compile | +===============================+====================+===================+==================+=========================+===================+======================+ | Ubuntu 22.04 | PASS | WARN | SKIPPED | SKIPPED | SKIPPED | SKIPPED | +-------------------------------+--------------------+-------------------+------------------+-------------------------+-------------------+----------------------+ | Ubuntu 20.04 | PASS | SKIPPED | SKIPPED | SKIPPED | SKIPPED | SKIPPED | +-------------------------------+--------------------+-------------------+------------------+-------------------------+-------------------+----------------------+ | Fedora Linux 42 | PEND | PEND | PEND | SKIPPED | SKIPPED | SKIPPED | +-------------------------------+--------------------+-------------------+------------------+-------------------------+-------------------+----------------------+ | CentOS Stream 9 | PEND | PEND | SKIPPED | SKIPPED | SKIPPED | SKIPPED | +-------------------------------+--------------------+-------------------+------------------+-------------------------+-------------------+----------------------+ | Debian GNU/Linux 12 | PEND | PEND | SKIPPED | SKIPPED | SKIPPED | SKIPPED | +-------------------------------+--------------------+-------------------+------------------+-------------------------+-------------------+----------------------+ | Red Hat Enterprise Linux 8.10 | PASS | SKIPPED | SKIPPED | SKIPPED | SKIPPED | SKIPPED | +-------------------------------+--------------------+-------------------+------------------+-------------------------+-------------------+----------------------+ | openSUSE Leap 15.6 | PASS | SKIPPED | SKIPPED | SKIPPED | SKIPPED | SKIPPED | +-------------------------------+--------------------+-------------------+------------------+-------------------------+-------------------+----------------------+ | CentOS Stream 10 | PEND | SKIPPED | SKIPPED | SKIPPED | SKIPPED | SKIPPED | +-------------------------------+--------------------+-------------------+------------------+-------------------------+-------------------+----------------------+ | Ubuntu 24.04 | PEND | PEND | PEND | SKIPPED | SKIPPED | SKIPPED | +-------------------------------+--------------------+-------------------+------------------+-------------------------+-------------------+----------------------+ | Red Hat Enterprise Linux 9.5 | PASS | SKIPPED | SKIPPED | SKIPPED | SKIPPED | SKIPPED | +-------------------------------+--------------------+-------------------+------------------+-------------------------+-------------------+----------------------+ | FreeBSD 14.2 | PASS | SKIPPED | SKIPPED | SKIPPED | SKIPPED | SKIPPED | +-------------------------------+--------------------+-------------------+------------------+-------------------------+-------------------+----------------------+ | Alpine Linux 3.22.0 | PEND | SKIPPED | SKIPPED | SKIPPED | SKIPPED | SKIPPED | +-------------------------------+--------------------+-------------------+------------------+-------------------------+-------------------+----------------------+ | Windows Server 2022 | SKIPPED | SKIPPED | SKIPPED | PASS | PEND | PEND | +-------------------------------+--------------------+-------------------+------------------+-------------------------+-------------------+----------------------+ ==== 20 line log output for Ubuntu 22.04 (dpdk_compile_spdk): ==== --- Failed to get log output --- ==== End log output ==== Ubuntu 22.04 Kernel: 5.15 Compiler: gcc gcc (Ubuntu 11.4.0-1ubuntu1~22.04) 11.4.0 Ubuntu 20.04 Kernel: 5.15 Compiler: gcc gcc (Ubuntu 9.4.0-1ubuntu1~20.04.2) 9.4.0 Fedora Linux 42 Kernel: 5.15 Compiler: clang gcc (GCC) 15.2.1 20250808 (Red Hat 15.2.1-1) CentOS Stream 9 Kernel: 5.15 Compiler: gcc gcc (GCC) 11.5.0 20240719 (Red Hat 11.5.0-11) Debian GNU/Linux 12 Kernel: 5.15 Compiler: gcc gcc (Debian 12.2.0-14+deb12u1) 12.2.0 Red Hat Enterprise Linux 8.10 Kernel: 5.15 Compiler: gcc gcc (GCC) 8.5.0 20210514 (Red Hat 8.5.0-22) openSUSE Leap 15.6 Kernel: 5.15 Compiler: gcc gcc (SUSE Linux) 7.5.0 CentOS Stream 10 Kernel: 5.15 Compiler: gcc gcc (GCC) 14.2.1 20250110 (Red Hat 14.2.1-8) Ubuntu 24.04 Kernel: 5.15 Compiler: gcc gcc (Ubuntu 13.3.0-6ubuntu2~24.04) 13.3.0 Red Hat Enterprise Linux 9.5 Kernel: 5.15 Compiler: gcc gcc (GCC) 11.5.0 20240719 (Red Hat 11.5.0-2) FreeBSD 14.2 Kernel: 14.2-RELEASE Compiler: clang 18.1.6 Alpine Linux 3.22.0 Kernel: 5.15 Compiler: gcc gcc (Alpine 14.2.0) 14.2.0 Windows Server 2022 Kernel: 10.0.20348.2031 Compiler: clang 15.0.7, gcc 14.1.0 (MinGW), and MSVC VS 19.39.33521 To view detailed results, visit: https://lab.dpdk.org/results/dashboard/tarballs/35301/ UNH-IOL DPDK Community Lab To manage your email subscriptions, visit: https://lab.dpdk.org/results/dashboard/preferences/subscriptions/