From mboxrd@z Thu Jan 1 00:00:00 1970 Return-Path: Received: from mails.dpdk.org (mails.dpdk.org [217.70.189.124]) by inbox.dpdk.org (Postfix) with ESMTP id 9626D489AA for ; Thu, 23 Oct 2025 03:06:55 +0200 (CEST) Received: from mails.dpdk.org (localhost [127.0.0.1]) by mails.dpdk.org (Postfix) with ESMTP id 7AB8E400D6; Thu, 23 Oct 2025 03:06:55 +0200 (CEST) Received: from mail-il1-f225.google.com (mail-il1-f225.google.com [209.85.166.225]) by mails.dpdk.org (Postfix) with ESMTP id 6712D400D6 for ; Thu, 23 Oct 2025 03:06:52 +0200 (CEST) Received: by mail-il1-f225.google.com with SMTP id e9e14a558f8ab-430ae09ea23so1178195ab.0 for ; Wed, 22 Oct 2025 18:06:52 -0700 (PDT) DKIM-Signature: v=1; a=rsa-sha256; c=relaxed/relaxed; d=iol.unh.edu; s=unh-iol; t=1761181612; x=1761786412; darn=dpdk.org; h=cc:to:from:subject:message-id:date:from:to:cc:subject:date :message-id:reply-to; bh=omkbvMP1BNHbhb2Dfh4xN1YVoI0gnex4UtekdtAxW14=; b=PZdUxnfF/d1I10A5JXUKCWsCVNrYWamdKa0F84oL2hKahZCwbjIi08bHU+H+Ty7cM2 BgmeGZRgEnTbtjRXHUPnjjNk0Epock/LO+3G0Y08x3XXRcCn10q24ahskHUVPQJiZ0+1 Juc1A7URHg/4d9OMNaxH2RXVE5uJIHDt0pY6Y= X-Google-DKIM-Signature: v=1; a=rsa-sha256; c=relaxed/relaxed; d=1e100.net; s=20230601; t=1761181612; x=1761786412; h=cc:to:from:subject:message-id:date:x-gm-message-state:from:to:cc :subject:date:message-id:reply-to; bh=omkbvMP1BNHbhb2Dfh4xN1YVoI0gnex4UtekdtAxW14=; b=TkWmDdl+BhSbTqtlimpzkYnbkzijhZnH7jkydDchtrMRNwkCc5fdXBBFRTyjfIa3za FLOsXuhQyBjze94X7l++XJP6P8XPVyDyrx3yl6C10pYaS07t4c5QBU3Gju8uUUpo14dR B1QdbqU85qqJQAUPefvcSeNjE0mGW4Q/t3pOizgu+E0/O0nksePqNmW+C+5IjWQOqmk2 O7XZqaaOIgAfbQliaf7BzmdySPi+FwFZnxfCMZnk+NKwvlpEhLcovFfRa9S50AV9yX+2 QUTVyhnBb5V9+86IjJoFAhtzD3s7QV48fdQCoi//G3kRIqn4tfUHZn+GuuVvueXxnfeB x+2g== X-Gm-Message-State: AOJu0YwNfarK+znYqWyiGC71Iun1uD7mLnrZMw+U+8K+Bpoo4BJQ5YZ2 oS/DYDtJdY4NowrOk6Gk5x76vrLRW8TEf4Uxi/xSL3uLSGp6GFbRYAHfHPS+46ivuCMPHML57Jh d2cfBydlv9ecr322kZ0q1NfLZPIzuAR0i9pNYGRuZclq5nFRGidIk X-Gm-Gg: ASbGncuNMNjgOuszLck7ZzVfituZW2sdWombG5m0WLGE2u68V5HgtkYwuURWWrhrJnn 54vC19BTtdaMFpamycp94bE4/Q85pzf1imbT5Ecczsqd/feUXD5sxTOmxYEA+MdAsOu78cDmAAH zmjUWh1cAYIEIDT8mOA7M1fFYL4Qvw4sD5kczC3YjvwpIq0gLY3VHOrONV+1NzByFDE1rxREbpl FEnFbADv7CAToaNB0GVlnSlf2C230nv5Bg7QjEVg3/k6V383GFCP01FbZrYX+vIPKVDQAxSJwRv HBnIuMFc952job+BEy/NDjmtx8kcaNzSFiq7G7sL2R7AgEe6vyr5yDXeeuIQ3RjV1MyoQNvgfO3 C5eWwsHTB X-Google-Smtp-Source: AGHT+IEuJIpdd6iNKOOvmurV63P/LVNRMGMFVdXiiw0f4QKCmRD52nama9Z9uAj4xkloXci0+VXyHzpkL1QX X-Received: by 2002:a05:6e02:1c0c:b0:430:c38f:fb82 with SMTP id e9e14a558f8ab-430c5223b84mr290917155ab.8.1761181611688; Wed, 22 Oct 2025 18:06:51 -0700 (PDT) Received: from postal.iol.unh.edu (postal.iol.unh.edu. [2606:4100:3880:1234::84]) by smtp-relay.gmail.com with ESMTPS id 8926c6da1cb9f-5abb75fd759sm43790173.30.2025.10.22.18.06.51 (version=TLS1_2 cipher=ECDHE-ECDSA-AES128-GCM-SHA256 bits=128/128); Wed, 22 Oct 2025 18:06:51 -0700 (PDT) X-Relaying-Domain: iol.unh.edu Date: Wed, 22 Oct 2025 18:06:51 -0700 (PDT) Message-ID: <68f97fab.050a0220.2eb5b0.2361SMTPIN_ADDED_MISSING@mx.google.com> Received: from [172.21.0.3] (unknown [172.18.0.240]) by postal.iol.unh.edu (Postfix) with ESMTP id 5A4AD6051830; Wed, 22 Oct 2025 21:06:51 -0400 (EDT) Subject: |FAILURE| [GIT MASTER] 07310b65d3aadc34a04066579860880149e1d8f7 From: dpdklab@iol.unh.edu To: Test Report Cc: dpdk-test-reports@iol.unh.edu, Ajit Khaparde Content-Type: text/plain X-BeenThere: test-report@dpdk.org X-Mailman-Version: 2.1.29 Precedence: list List-Id: automatic DPDK test reports List-Unsubscribe: , List-Archive: List-Post: List-Help: List-Subscribe: , Errors-To: test-report-bounces@dpdk.org _Testing issues_ Branch: next-net-brcm-for-next-net 07310b65d3aadc34a04066579860880149e1d8f7 --> testing issues Upstream job id: Generic-DPDK-Compile-Meson#436808 Test environment and result as below: +-------------------------------+--------------------+-------------------+------------------+-------------------+-------------------------+----------------------+ | Environment | dpdk_meson_compile | dpdk_compile_spdk | dpdk_compile_ovs | dpdk_msvc_compile | dpdk_llvm_clang_compile | dpdk_mingw64_compile | +===============================+====================+===================+==================+===================+=========================+======================+ | Red Hat Enterprise Linux 8.10 | PASS | SKIPPED | SKIPPED | SKIPPED | SKIPPED | SKIPPED | +-------------------------------+--------------------+-------------------+------------------+-------------------+-------------------------+----------------------+ | Red Hat Enterprise Linux 9.5 | PASS | SKIPPED | SKIPPED | SKIPPED | SKIPPED | SKIPPED | +-------------------------------+--------------------+-------------------+------------------+-------------------+-------------------------+----------------------+ | FreeBSD 14.2 | PASS | SKIPPED | SKIPPED | SKIPPED | SKIPPED | SKIPPED | +-------------------------------+--------------------+-------------------+------------------+-------------------+-------------------------+----------------------+ | CentOS Stream 9 | PEND | PEND | SKIPPED | SKIPPED | SKIPPED | SKIPPED | +-------------------------------+--------------------+-------------------+------------------+-------------------+-------------------------+----------------------+ | Debian GNU/Linux 12 | PASS | WARN | SKIPPED | SKIPPED | SKIPPED | SKIPPED | +-------------------------------+--------------------+-------------------+------------------+-------------------+-------------------------+----------------------+ | CentOS Stream 10 | PEND | SKIPPED | SKIPPED | SKIPPED | SKIPPED | SKIPPED | +-------------------------------+--------------------+-------------------+------------------+-------------------+-------------------------+----------------------+ | Fedora Linux 42 | PEND | PEND | PEND | SKIPPED | SKIPPED | SKIPPED | +-------------------------------+--------------------+-------------------+------------------+-------------------+-------------------------+----------------------+ | openSUSE Leap 15.6 | PASS | SKIPPED | SKIPPED | SKIPPED | SKIPPED | SKIPPED | +-------------------------------+--------------------+-------------------+------------------+-------------------+-------------------------+----------------------+ | Ubuntu 22.04 | PEND | PEND | SKIPPED | SKIPPED | SKIPPED | SKIPPED | +-------------------------------+--------------------+-------------------+------------------+-------------------+-------------------------+----------------------+ | Ubuntu 20.04 | PEND | SKIPPED | SKIPPED | SKIPPED | SKIPPED | SKIPPED | +-------------------------------+--------------------+-------------------+------------------+-------------------+-------------------------+----------------------+ | Ubuntu 24.04 | PEND | PEND | PEND | SKIPPED | SKIPPED | SKIPPED | +-------------------------------+--------------------+-------------------+------------------+-------------------+-------------------------+----------------------+ | Alpine Linux 3.22.0 | PEND | SKIPPED | SKIPPED | SKIPPED | SKIPPED | SKIPPED | +-------------------------------+--------------------+-------------------+------------------+-------------------+-------------------------+----------------------+ | Windows Server 2022 | SKIPPED | SKIPPED | SKIPPED | PASS | PASS | PEND | +-------------------------------+--------------------+-------------------+------------------+-------------------+-------------------------+----------------------+ ==== 20 line log output for Debian GNU/Linux 12 (dpdk_compile_spdk): ==== --- Failed to get log output --- ==== End log output ==== Red Hat Enterprise Linux 8.10 Kernel: 5.15 Compiler: gcc gcc (GCC) 8.5.0 20210514 (Red Hat 8.5.0-22) Red Hat Enterprise Linux 9.5 Kernel: 5.15 Compiler: gcc gcc (GCC) 11.5.0 20240719 (Red Hat 11.5.0-2) FreeBSD 14.2 Kernel: 14.2-RELEASE Compiler: clang 18.1.6 CentOS Stream 9 Kernel: 5.15 Compiler: gcc gcc (GCC) 11.5.0 20240719 (Red Hat 11.5.0-11) Debian GNU/Linux 12 Kernel: 5.15 Compiler: gcc gcc (Debian 12.2.0-14+deb12u1) 12.2.0 CentOS Stream 10 Kernel: 5.15 Compiler: gcc gcc (GCC) 14.2.1 20250110 (Red Hat 14.2.1-8) Fedora Linux 42 Kernel: 5.15 Compiler: gcc gcc (GCC) 15.2.1 20250808 (Red Hat 15.2.1-1) openSUSE Leap 15.6 Kernel: 5.15 Compiler: gcc gcc (SUSE Linux) 7.5.0 Ubuntu 22.04 Kernel: 5.15 Compiler: gcc gcc (Ubuntu 11.4.0-1ubuntu1~22.04) 11.4.0 Ubuntu 20.04 Kernel: 4.19 Compiler: gcc gcc (Ubuntu 9.4.0-1ubuntu1~20.04.2) 9.4.0 Ubuntu 24.04 Kernel: 5.15 Compiler: gcc gcc (Ubuntu 13.3.0-6ubuntu2~24.04) 13.3.0 Alpine Linux 3.22.0 Kernel: 5.15 Compiler: gcc gcc (Alpine 14.2.0) 14.2.0 Windows Server 2022 Kernel: 10.0.20348.2031 Compiler: clang 15.0.7, gcc 14.1.0 (MinGW), and MSVC VS 19.39.33521 To view detailed results, visit: https://lab.dpdk.org/results/dashboard/tarballs/35304/ UNH-IOL DPDK Community Lab To manage your email subscriptions, visit: https://lab.dpdk.org/results/dashboard/preferences/subscriptions/