From mboxrd@z Thu Jan 1 00:00:00 1970 Return-Path: Received: from mails.dpdk.org (mails.dpdk.org [217.70.189.124]) by inbox.dpdk.org (Postfix) with ESMTP id AEEEF489AA for ; Thu, 23 Oct 2025 03:07:04 +0200 (CEST) Received: from mails.dpdk.org (localhost [127.0.0.1]) by mails.dpdk.org (Postfix) with ESMTP id A5B2F400D6; Thu, 23 Oct 2025 03:07:04 +0200 (CEST) Received: from mail-qv1-f100.google.com (mail-qv1-f100.google.com [209.85.219.100]) by mails.dpdk.org (Postfix) with ESMTP id ECA03400D6 for ; Thu, 23 Oct 2025 03:07:02 +0200 (CEST) Received: by mail-qv1-f100.google.com with SMTP id 6a1803df08f44-87c1f3f4373so3883146d6.2 for ; Wed, 22 Oct 2025 18:07:02 -0700 (PDT) DKIM-Signature: v=1; a=rsa-sha256; c=relaxed/relaxed; d=iol.unh.edu; s=unh-iol; t=1761181622; x=1761786422; darn=dpdk.org; h=cc:to:from:subject:message-id:date:from:to:cc:subject:date :message-id:reply-to; bh=7IH4Y06XoEMSvvArD+caWnEO+Orba3zljrQRWmrVEIM=; b=RTMrAwSfYUBBD8HQi2YNfy2I0IuRVPBAlKN5ejI8E6CotCWwQiRiG7X/gTdrlqByz4 +759tO12ADfj7PTeRf/MCtl+PGOLvYO7nH68yeSqxfuM5EEVErX2hARqHDRhtH09DDMf lVXwdbDmqpBPbx35wMnnFQ88d6AXbbaCLpX9k= X-Google-DKIM-Signature: v=1; a=rsa-sha256; c=relaxed/relaxed; d=1e100.net; s=20230601; t=1761181622; x=1761786422; h=cc:to:from:subject:message-id:date:x-gm-message-state:from:to:cc :subject:date:message-id:reply-to; bh=7IH4Y06XoEMSvvArD+caWnEO+Orba3zljrQRWmrVEIM=; b=DvxdPVRA1ddqCtSbDpH+PDN1V6wmgHtlxMRn2s7VXByT2mjntVhpLieFexAWygM8PU 6jdoXO7lYbZQEk5+wKLP8z9Y0mi8XwSExLa5bnNIbikC0Ee0CZXMAkPkm+qHJHXCeIby 0bGPx1ZW8JOS2enlkFfDLfF4MViKZh7O+VeQOEHevKJKohVMwEj1WYm+L85KlLkIzNSq MYwGjJlsqwIi4EPUe2/raKVmnxuMuqSUTDtIH5pHGA9n7ZTEgxhdPhuuXHVP9s4f1CyU 96PkXubppFDxiUd/xjV3iOXN/tm0T0w7pU/YUA3gK4oa2OonLOZ0cbVrWxJ0KBxqDIkh pUFQ== X-Gm-Message-State: AOJu0YyYqRu3AnfnxhuEVJ1Wg1ezMxMkBX3Qev3Y/fk/eRZQKGf1o2Mr M+6srfzgiAPQ1rbOs7ByhypN0hjO3oW0JRn81u01V6pv4BioeDiUXk9fJRJ7MKwLpTWFloTtbJM 4PMZ6ej4KbKYRYWPjeUT32UEv+D+CD9jRfx0/5oJbWwnc3UMXVCMm X-Gm-Gg: ASbGnctevuunFhgw60GGjHXoxarGpUrkzIEXl+HE3ygkLjo8Tt1l3Pf6bX+iG1ZoIAh Y5hwrXgfyh85aC+vrBRMHy600ar33UWuza+bxMyfpIw1A/KHKkVlxO3DP9u2ClI5HqzSSJswXK0 iU5oLJuw5u7Inl+/PTooXWblhIVBzevEZns759rFL8uOkQDAL5MUo0peQ7/c9Vsh69TRdjAlsPd kWiT+f57BQJ0gOOAh9MHwVQvvjaW2eYX3VAHw2w5WkV0bHeNFaU75Dp8IGCZbtCm3RXU0GnJonD 6dO2HBqayfvyZIAJUKaCVm4XMHBFqS82V/oeQakQjGUo/kH8LjD3dRj6vW90O1pQq71RfIzUKFP 7QKoMwEu2 X-Google-Smtp-Source: AGHT+IFjocCzzUYZMqTsnl12LuR+wpWDr0Yds7WL2Db9y8ldbhbCNdY57gZywVLiexxUxUXY2usZl5yBPHD4 X-Received: by 2002:a05:6214:4346:b0:87c:1f7c:76e0 with SMTP id 6a1803df08f44-87c2062d980mr48192066d6.36.1761181622358; Wed, 22 Oct 2025 18:07:02 -0700 (PDT) Received: from postal.iol.unh.edu (postal.iol.unh.edu. [2606:4100:3880:1234::84]) by smtp-relay.gmail.com with ESMTPS id 6a1803df08f44-87f9e7d9df7sm604706d6.17.2025.10.22.18.07.02 (version=TLS1_2 cipher=ECDHE-ECDSA-AES128-GCM-SHA256 bits=128/128); Wed, 22 Oct 2025 18:07:02 -0700 (PDT) X-Relaying-Domain: iol.unh.edu Date: Wed, 22 Oct 2025 18:07:02 -0700 (PDT) Message-ID: <68f97fb6.d40a0220.2cd432.3226SMTPIN_ADDED_MISSING@mx.google.com> Received: from [172.21.0.2] (unknown [172.18.0.240]) by postal.iol.unh.edu (Postfix) with ESMTP id 1B73E6051830; Wed, 22 Oct 2025 21:07:02 -0400 (EDT) Subject: |FAILURE| [GIT MASTER] 07310b65d3aadc34a04066579860880149e1d8f7 From: dpdklab@iol.unh.edu To: Test Report Cc: dpdk-test-reports@iol.unh.edu, Ajit Khaparde Content-Type: text/plain X-BeenThere: test-report@dpdk.org X-Mailman-Version: 2.1.29 Precedence: list List-Id: automatic DPDK test reports List-Unsubscribe: , List-Archive: List-Post: List-Help: List-Subscribe: , Errors-To: test-report-bounces@dpdk.org _Testing issues_ Branch: next-net-brcm-for-next-net 07310b65d3aadc34a04066579860880149e1d8f7 --> testing issues Upstream job id: Generic-DPDK-Compile-Meson#436804 Test environment and result as below: +-------------------------------+--------------------+-------------------+------------------+-------------------+-------------------------+----------------------+ | Environment | dpdk_meson_compile | dpdk_compile_spdk | dpdk_compile_ovs | dpdk_msvc_compile | dpdk_llvm_clang_compile | dpdk_mingw64_compile | +===============================+====================+===================+==================+===================+=========================+======================+ | Red Hat Enterprise Linux 8.10 | PASS | SKIPPED | SKIPPED | SKIPPED | SKIPPED | SKIPPED | +-------------------------------+--------------------+-------------------+------------------+-------------------+-------------------------+----------------------+ | Red Hat Enterprise Linux 9.5 | PASS | SKIPPED | SKIPPED | SKIPPED | SKIPPED | SKIPPED | +-------------------------------+--------------------+-------------------+------------------+-------------------+-------------------------+----------------------+ | FreeBSD 14.2 | PASS | SKIPPED | SKIPPED | SKIPPED | SKIPPED | SKIPPED | +-------------------------------+--------------------+-------------------+------------------+-------------------+-------------------------+----------------------+ | CentOS Stream 9 | PEND | PEND | SKIPPED | SKIPPED | SKIPPED | SKIPPED | +-------------------------------+--------------------+-------------------+------------------+-------------------+-------------------------+----------------------+ | Debian GNU/Linux 12 | PASS | WARN | SKIPPED | SKIPPED | SKIPPED | SKIPPED | +-------------------------------+--------------------+-------------------+------------------+-------------------+-------------------------+----------------------+ | CentOS Stream 10 | PEND | SKIPPED | SKIPPED | SKIPPED | SKIPPED | SKIPPED | +-------------------------------+--------------------+-------------------+------------------+-------------------+-------------------------+----------------------+ | Fedora Linux 42 | PEND | PEND | PEND | SKIPPED | SKIPPED | SKIPPED | +-------------------------------+--------------------+-------------------+------------------+-------------------+-------------------------+----------------------+ | openSUSE Leap 15.6 | PASS | SKIPPED | SKIPPED | SKIPPED | SKIPPED | SKIPPED | +-------------------------------+--------------------+-------------------+------------------+-------------------+-------------------------+----------------------+ | Ubuntu 22.04 | PEND | PEND | SKIPPED | SKIPPED | SKIPPED | SKIPPED | +-------------------------------+--------------------+-------------------+------------------+-------------------+-------------------------+----------------------+ | Ubuntu 20.04 | PEND | SKIPPED | SKIPPED | SKIPPED | SKIPPED | SKIPPED | +-------------------------------+--------------------+-------------------+------------------+-------------------+-------------------------+----------------------+ | Ubuntu 24.04 | PEND | PEND | PEND | SKIPPED | SKIPPED | SKIPPED | +-------------------------------+--------------------+-------------------+------------------+-------------------+-------------------------+----------------------+ | Alpine Linux 3.22.0 | PEND | SKIPPED | SKIPPED | SKIPPED | SKIPPED | SKIPPED | +-------------------------------+--------------------+-------------------+------------------+-------------------+-------------------------+----------------------+ | Windows Server 2022 | SKIPPED | SKIPPED | SKIPPED | PASS | PASS | PEND | +-------------------------------+--------------------+-------------------+------------------+-------------------+-------------------------+----------------------+ ==== 20 line log output for Debian GNU/Linux 12 (dpdk_compile_spdk): ==== --- Failed to get log output --- ==== End log output ==== Red Hat Enterprise Linux 8.10 Kernel: 5.15 Compiler: gcc gcc (GCC) 8.5.0 20210514 (Red Hat 8.5.0-22) Red Hat Enterprise Linux 9.5 Kernel: 5.15 Compiler: gcc gcc (GCC) 11.5.0 20240719 (Red Hat 11.5.0-2) FreeBSD 14.2 Kernel: 14.2-RELEASE Compiler: clang 18.1.6 CentOS Stream 9 Kernel: 5.15 Compiler: gcc gcc (GCC) 11.5.0 20240719 (Red Hat 11.5.0-11) Debian GNU/Linux 12 Kernel: 5.15 Compiler: gcc gcc (Debian 12.2.0-14+deb12u1) 12.2.0 CentOS Stream 10 Kernel: 5.15 Compiler: gcc gcc (GCC) 14.2.1 20250110 (Red Hat 14.2.1-8) Fedora Linux 42 Kernel: 5.15 Compiler: gcc gcc (GCC) 15.2.1 20250808 (Red Hat 15.2.1-1) openSUSE Leap 15.6 Kernel: 5.15 Compiler: gcc gcc (SUSE Linux) 7.5.0 Ubuntu 22.04 Kernel: 5.15 Compiler: gcc gcc (Ubuntu 11.4.0-1ubuntu1~22.04) 11.4.0 Ubuntu 20.04 Kernel: 4.19 Compiler: gcc gcc (Ubuntu 9.4.0-1ubuntu1~20.04.2) 9.4.0 Ubuntu 24.04 Kernel: 5.15 Compiler: gcc gcc (Ubuntu 13.3.0-6ubuntu2~24.04) 13.3.0 Alpine Linux 3.22.0 Kernel: 5.15 Compiler: gcc gcc (Alpine 14.2.0) 14.2.0 Windows Server 2022 Kernel: 10.0.20348.2031 Compiler: clang 15.0.7, gcc 14.1.0 (MinGW), and MSVC VS 19.39.33521 To view detailed results, visit: https://lab.dpdk.org/results/dashboard/tarballs/35304/ UNH-IOL DPDK Community Lab To manage your email subscriptions, visit: https://lab.dpdk.org/results/dashboard/preferences/subscriptions/