From mboxrd@z Thu Jan 1 00:00:00 1970 Return-Path: Received: from mails.dpdk.org (mails.dpdk.org [217.70.189.124]) by inbox.dpdk.org (Postfix) with ESMTP id 8DFD9489AB for ; Thu, 23 Oct 2025 04:16:45 +0200 (CEST) Received: from mails.dpdk.org (localhost [127.0.0.1]) by mails.dpdk.org (Postfix) with ESMTP id 87760400D6; Thu, 23 Oct 2025 04:16:45 +0200 (CEST) Received: from mail-oa1-f100.google.com (mail-oa1-f100.google.com [209.85.160.100]) by mails.dpdk.org (Postfix) with ESMTP id A9109400D6 for ; Thu, 23 Oct 2025 04:16:43 +0200 (CEST) Received: by mail-oa1-f100.google.com with SMTP id 586e51a60fabf-3c8f257b7e1so1380373fac.1 for ; Wed, 22 Oct 2025 19:16:43 -0700 (PDT) DKIM-Signature: v=1; a=rsa-sha256; c=relaxed/relaxed; d=iol.unh.edu; s=unh-iol; t=1761185803; x=1761790603; darn=dpdk.org; h=references:in-reply-to:cc:to:from:subject:message-id:date:from:to :cc:subject:date:message-id:reply-to; bh=TeZ47orSli31Sl1MRoBB/GrPHgY7RLnrlXYj1hnbWrE=; b=LZRTaQ2CrD2y85RXTCfL4zPQiZAz2vUawhJcw8X8eO/9YItHQ2lIVHwsARTqPcFkV1 cLd0XcO1vFbcEkdw25kQaqpUwfhoS0RCnw7gex18Z5Jtqow4OFSRhXEQCwhIR4BsDjof rqLUMx6MNvRTwCprEbRJWlwh/jwZZIi9KRjeM= X-Google-DKIM-Signature: v=1; a=rsa-sha256; c=relaxed/relaxed; d=1e100.net; s=20230601; t=1761185803; x=1761790603; h=references:in-reply-to:cc:to:from:subject:message-id:date :x-gm-message-state:from:to:cc:subject:date:message-id:reply-to; bh=TeZ47orSli31Sl1MRoBB/GrPHgY7RLnrlXYj1hnbWrE=; b=ad1NH4HvEyhJHVNbdAae0zuRLKQTH/5c2Da9+DHOd8fOWCvAKwgzfDQdHHK8U4Lrcx e3ijkWxKNFelfVgwo2PPxnKa2Sy3jMblKFSApYnNtQai0vAX8r9aaw/xJIyDO4bCjgJL 8mjxbglGOTHDioi3hY9z8N4ZbqIEml5d1oUg7dxBiIWGSnoNATakkP9USV/zpvINNYof 5ovPyvwySYRMPvvJMFV7Bvq5Gu6qPpK3CgS0AozYzGs4wYX2kemRZ45q2Nquaah7WYuT RAIQWrTGdlL+c9MLgh7PGsyp264Rzli8VdH8h1eUAUv3mQkhoy5Eo1Oc3IRI7nYbfigU s6Kw== X-Gm-Message-State: AOJu0YzGVyyk0bJgMSxSoLS6Am/WvEY85vTEfGJDGlwDgRqigbtFv1sI efVgxCpWz35l7u6Py8x+sP0tbs6TLX737AVT2uKtwVEV9K6EYgrvIO6mltzrOwEIvc/cUiNipXr 786tALv/Hnb66hQoUD+LXZK/9g3Gdk7OyH8NYUo0P8Ll4LcWunOquBKs4IHK1 X-Gm-Gg: ASbGnctJGLmeM5q5AtVG2wTVCEliWhCwG0qQieWIz5/ZQTXte6UV8VjtCVjkMbVXiFw AnJ3Lh/zMu/oy+nIOHZ9nE2QVjNR4wuNk1I8AmE53CAKKUUMKJGnV4SwiUNao8pJSsQt1Hj8miN liXPEbcptnCmwfg3VG4mJjmSrRsbUu1z6i/hnzkNYqY0C/QgflKNpvLHqiliinC3igbZ1rFf377 eMrqj39x2xoRgci7jw3xYyE+nyea1XZm7wUt897k26uIBPw9RANK/f4r3+kgHcyo5zVu257go8C rwsGclKgGRvyuQ42aXNa0y02PNLHPNpK62z6SpZZVU3wnp24YoCmOxXxe/1SbvF6nV3wnTw89A7 nucq9bgeQ X-Google-Smtp-Source: AGHT+IGOuB7YINeiA04D0nwov/2cIdmDRBNDHLDtgEXsFGQ5QGR6r6QYTvMdZ5PViU5wUJkFJMC1HKJGo6xV X-Received: by 2002:a05:6870:b488:b0:34c:2933:d99 with SMTP id 586e51a60fabf-3cda0ce2ed6mr2488074fac.1.1761185802890; Wed, 22 Oct 2025 19:16:42 -0700 (PDT) Received: from postal.iol.unh.edu (postal.iol.unh.edu. [2606:4100:3880:1234::84]) by smtp-relay.gmail.com with ESMTPS id 586e51a60fabf-3cdc4e38fa9sm68541fac.11.2025.10.22.19.16.42 (version=TLS1_2 cipher=ECDHE-ECDSA-AES128-GCM-SHA256 bits=128/128); Wed, 22 Oct 2025 19:16:42 -0700 (PDT) X-Relaying-Domain: iol.unh.edu Date: Wed, 22 Oct 2025 19:16:42 -0700 (PDT) Message-ID: <68f9900a.050a0220.130e26.38cbSMTPIN_ADDED_MISSING@mx.google.com> Received: from [172.21.0.3] (unknown [172.18.0.240]) by postal.iol.unh.edu (Postfix) with ESMTP id 43BEE6051830; Wed, 22 Oct 2025 22:16:42 -0400 (EDT) Subject: |FAILURE| pw157992-157994 [PATCH] [v5,3/3] dts: add performance test From: dpdklab@iol.unh.edu To: Test Report Cc: dpdk-test-reports@iol.unh.edu, Patrick Robb In-Reply-To: <20251023013049.1368129-4-probb@iol.unh.edu> References: <20251023013049.1368129-4-probb@iol.unh.edu> Content-Type: text/plain X-BeenThere: test-report@dpdk.org X-Mailman-Version: 2.1.29 Precedence: list List-Id: automatic DPDK test reports List-Unsubscribe: , List-Archive: List-Post: List-Help: List-Subscribe: , Errors-To: test-report-bounces@dpdk.org Test-Label: iol-compile-amd64-testing Test-Status: FAILURE http://dpdk.org/patch/157994 _Testing issues_ Submitter: Patrick Robb Date: Thursday, October 23 2025 01:30:49 DPDK git baseline: Repo:dpdk-next-dts Branch: master CommitID:c1abcee5a9656fb4890b733e6051aa604c60f146 157992-157994 --> testing issues Upstream job id: Generic-DPDK-Compile-Meson#436816 Test environment and result as below: +-------------------------------+--------------------+------------------+-------------------+-------------------------+-------------------+----------------------+ | Environment | dpdk_meson_compile | dpdk_compile_ovs | dpdk_compile_spdk | dpdk_llvm_clang_compile | dpdk_msvc_compile | dpdk_mingw64_compile | +===============================+====================+==================+===================+=========================+===================+======================+ | Fedora Linux 42 | PEND | PEND | PEND | SKIPPED | SKIPPED | SKIPPED | +-------------------------------+--------------------+------------------+-------------------+-------------------------+-------------------+----------------------+ | Debian GNU/Linux 12 | PASS | SKIPPED | WARN | SKIPPED | SKIPPED | SKIPPED | +-------------------------------+--------------------+------------------+-------------------+-------------------------+-------------------+----------------------+ | CentOS Stream 9 | PEND | SKIPPED | PEND | SKIPPED | SKIPPED | SKIPPED | +-------------------------------+--------------------+------------------+-------------------+-------------------------+-------------------+----------------------+ | CentOS Stream 10 | PASS | SKIPPED | SKIPPED | SKIPPED | SKIPPED | SKIPPED | +-------------------------------+--------------------+------------------+-------------------+-------------------------+-------------------+----------------------+ | Red Hat Enterprise Linux 9.5 | PASS | SKIPPED | SKIPPED | SKIPPED | SKIPPED | SKIPPED | +-------------------------------+--------------------+------------------+-------------------+-------------------------+-------------------+----------------------+ | openSUSE Leap 15.6 | PASS | SKIPPED | SKIPPED | SKIPPED | SKIPPED | SKIPPED | +-------------------------------+--------------------+------------------+-------------------+-------------------------+-------------------+----------------------+ | Red Hat Enterprise Linux 8.10 | PASS | SKIPPED | SKIPPED | SKIPPED | SKIPPED | SKIPPED | +-------------------------------+--------------------+------------------+-------------------+-------------------------+-------------------+----------------------+ | Ubuntu 24.04 | PEND | PEND | PEND | SKIPPED | SKIPPED | SKIPPED | +-------------------------------+--------------------+------------------+-------------------+-------------------------+-------------------+----------------------+ | Ubuntu 20.04 | PASS | SKIPPED | SKIPPED | SKIPPED | SKIPPED | SKIPPED | +-------------------------------+--------------------+------------------+-------------------+-------------------------+-------------------+----------------------+ | Ubuntu 22.04 | PEND | SKIPPED | PEND | SKIPPED | SKIPPED | SKIPPED | +-------------------------------+--------------------+------------------+-------------------+-------------------------+-------------------+----------------------+ | FreeBSD 14.2 | PASS | SKIPPED | SKIPPED | SKIPPED | SKIPPED | SKIPPED | +-------------------------------+--------------------+------------------+-------------------+-------------------------+-------------------+----------------------+ | Alpine Linux 3.22.0 | PASS | SKIPPED | SKIPPED | SKIPPED | SKIPPED | SKIPPED | +-------------------------------+--------------------+------------------+-------------------+-------------------------+-------------------+----------------------+ | Windows Server 2022 | SKIPPED | SKIPPED | SKIPPED | PASS | PEND | PEND | +-------------------------------+--------------------+------------------+-------------------+-------------------------+-------------------+----------------------+ ==== 20 line log output for Debian GNU/Linux 12 (dpdk_compile_spdk): ==== --- Failed to get log output --- ==== End log output ==== Fedora Linux 42 Kernel: 5.15 Compiler: gcc gcc (GCC) 15.2.1 20250808 (Red Hat 15.2.1-1) Debian GNU/Linux 12 Kernel: 5.15 Compiler: gcc gcc (Debian 12.2.0-14+deb12u1) 12.2.0 CentOS Stream 9 Kernel: 5.15 Compiler: gcc gcc (GCC) 11.5.0 20240719 (Red Hat 11.5.0-11) CentOS Stream 10 Kernel: 5.15 Compiler: gcc gcc (GCC) 14.2.1 20250110 (Red Hat 14.2.1-8) Red Hat Enterprise Linux 9.5 Kernel: 5.15 Compiler: gcc gcc (GCC) 11.5.0 20240719 (Red Hat 11.5.0-2) openSUSE Leap 15.6 Kernel: 5.15 Compiler: gcc gcc (SUSE Linux) 7.5.0 Red Hat Enterprise Linux 8.10 Kernel: 5.15 Compiler: gcc gcc (GCC) 8.5.0 20210514 (Red Hat 8.5.0-22) Ubuntu 24.04 Kernel: 5.15 Compiler: gcc gcc (Ubuntu 13.3.0-6ubuntu2~24.04) 13.3.0 Ubuntu 20.04 Kernel: 4.19 Compiler: gcc gcc (Ubuntu 9.4.0-1ubuntu1~20.04.2) 9.4.0 Ubuntu 22.04 Kernel: 5.15 Compiler: gcc gcc (Ubuntu 11.4.0-1ubuntu1~22.04) 11.4.0 FreeBSD 14.2 Kernel: 14.2-RELEASE Compiler: clang 18.1.6 Alpine Linux 3.22.0 Kernel: 5.15 Compiler: gcc gcc (Alpine 14.2.0) 14.2.0 Windows Server 2022 Kernel: 10.0.20348.2031 Compiler: clang 15.0.7, gcc 14.1.0 (MinGW), and MSVC VS 19.39.33521 To view detailed results, visit: https://lab.dpdk.org/results/dashboard/patchsets/34349/ UNH-IOL DPDK Community Lab To manage your email subscriptions, visit: https://lab.dpdk.org/results/dashboard/preferences/subscriptions/