From mboxrd@z Thu Jan 1 00:00:00 1970 Return-Path: Received: from mails.dpdk.org (mails.dpdk.org [217.70.189.124]) by inbox.dpdk.org (Postfix) with ESMTP id 98A0C489AB for ; Thu, 23 Oct 2025 04:16:49 +0200 (CEST) Received: from mails.dpdk.org (localhost [127.0.0.1]) by mails.dpdk.org (Postfix) with ESMTP id 92743400D6; Thu, 23 Oct 2025 04:16:49 +0200 (CEST) Received: from mail-io1-f98.google.com (mail-io1-f98.google.com [209.85.166.98]) by mails.dpdk.org (Postfix) with ESMTP id B59C3400D6 for ; Thu, 23 Oct 2025 04:16:47 +0200 (CEST) Received: by mail-io1-f98.google.com with SMTP id ca18e2360f4ac-93e847a443fso24130039f.0 for ; Wed, 22 Oct 2025 19:16:47 -0700 (PDT) DKIM-Signature: v=1; a=rsa-sha256; c=relaxed/relaxed; d=iol.unh.edu; s=unh-iol; t=1761185807; x=1761790607; darn=dpdk.org; h=references:in-reply-to:cc:to:from:subject:message-id:date:from:to :cc:subject:date:message-id:reply-to; bh=GFgQtWiqckMcJHmz/5MLfQVrZuqCMbras8xf2VgR8w0=; b=RAaqMf1e67I1HApOlVvGb+iABRLXblzu9S5Pj7fGxJL1u7JPB3vrC07zufWwwSHhgG P+lWKVn1pXWTfugZaV59rtDYIY2/p1f32hM2npgZPMe1sqV8jEEs2ksbyfOxPVG89Zo8 OfKvAuS9tR+6I2wCTFY8p8Y6i0kZJkGbneM/M= X-Google-DKIM-Signature: v=1; a=rsa-sha256; c=relaxed/relaxed; d=1e100.net; s=20230601; t=1761185807; x=1761790607; h=references:in-reply-to:cc:to:from:subject:message-id:date :x-gm-message-state:from:to:cc:subject:date:message-id:reply-to; bh=GFgQtWiqckMcJHmz/5MLfQVrZuqCMbras8xf2VgR8w0=; b=ZVt23622ntnikl5XtZI5Qo6P+MKS4RptxlbBqoB8B3xq7AESFysU/NM3yHkSjXeq8N IAfLO5Fa+HBP+uf8xzUyStl82SwFGhOX4+S9tgZmZZjlVKp/c5jCNjPShTkYyDgqWz/M I+9/rax1VHZq+ZtTJaAiWcIYT+9Mea3QXuSs65Wteh4xRW31zCnoUbE7hmOPu/AXJvfh SFL2+9QWeP99jKmT+Y6bs891fvZPNmYtayCtFhT5bsfp9kpSM8SGg/hotrEbZe0G3Mgv HpqN3Kro/DskGz0bPKSq/7tsANS2CWqRKXlKa91oVQLUSBlxRvPEC8Dbtjmis8z0HhQ7 JK6g== X-Gm-Message-State: AOJu0Yxc4C5YzQ6pXXE25BLmFd2n8Ip28nezam8jrbKxf1mSy+NBncJw g7Xab/r1cH7JL+grdEz0gKtwPMryR4DYpZhPp11HPEJFwH2ny69Vk/u2tRa6nA7wmyLbm39DlzE fxT3gQ2qF9qqsPnAGwUUfAN+PynUN1pO0K3a0R8gl0Au+NBXILCmtSvMnTT2P X-Gm-Gg: ASbGncucOrnbeXhz21mfCS4OIc4y/FgySG9J7cF4tBpXk8e/biVV4RaQoVXhxvwjGab PkgYX8iKcDcUj+ATeS+TitwaRuoAW+gVwFRlrw78dmp9Pksuf/7p9STtmIwag5E76DkSx2v1N2x KHGi9XSzX8Z5RaivrOkTcScsUJSw1Od0D9ssChptfZ/mDCAvzhYcQorsPZfp3Vq2h68x75QnyNV dEG4vJlG0BVBMs9DW6ST4xK5EJapTmWrj1kxVYIF/aPppzAwFkNzb1Txphp8MzsK3dvyBD8uUfW YlAY7QDKsesEezSGsdcjJTjGdcYWnX63aIJyuiojGTJOw2k1QrJSg4oiLSBrKT6ubDyWypu80Ge Y7b4Cq/zM X-Google-Smtp-Source: AGHT+IGISYtazKdVTzLGUeBUYV5zbmhouiqg/x7axNkAIDgPnE0ZoFnF2GS+S9stbgiFBZ37Iqr4pvPPTiWQ X-Received: by 2002:a05:6602:1653:b0:940:d4aa:a34d with SMTP id ca18e2360f4ac-941033fe2c4mr138293139f.1.1761185807098; Wed, 22 Oct 2025 19:16:47 -0700 (PDT) Received: from postal.iol.unh.edu (postal.iol.unh.edu. [2606:4100:3880:1234::84]) by smtp-relay.gmail.com with ESMTPS id ca18e2360f4ac-94102da382dsm4606239f.1.2025.10.22.19.16.47 (version=TLS1_2 cipher=ECDHE-ECDSA-AES128-GCM-SHA256 bits=128/128); Wed, 22 Oct 2025 19:16:47 -0700 (PDT) X-Relaying-Domain: iol.unh.edu Date: Wed, 22 Oct 2025 19:16:47 -0700 (PDT) Message-ID: <68f9900f.050a0220.2ce51b.25c1SMTPIN_ADDED_MISSING@mx.google.com> Received: from [172.21.0.5] (unknown [172.18.0.240]) by postal.iol.unh.edu (Postfix) with ESMTP id 9689B6051830; Wed, 22 Oct 2025 22:16:46 -0400 (EDT) Subject: |FAILURE| pw157992-157994 [PATCH] [v5,3/3] dts: add performance test From: dpdklab@iol.unh.edu To: Test Report Cc: dpdk-test-reports@iol.unh.edu, Patrick Robb In-Reply-To: <20251023013049.1368129-4-probb@iol.unh.edu> References: <20251023013049.1368129-4-probb@iol.unh.edu> Content-Type: text/plain X-BeenThere: test-report@dpdk.org X-Mailman-Version: 2.1.29 Precedence: list List-Id: automatic DPDK test reports List-Unsubscribe: , List-Archive: List-Post: List-Help: List-Subscribe: , Errors-To: test-report-bounces@dpdk.org Test-Label: iol-compile-amd64-testing Test-Status: FAILURE http://dpdk.org/patch/157994 _Testing issues_ Submitter: Patrick Robb Date: Thursday, October 23 2025 01:30:49 DPDK git baseline: Repo:dpdk-next-dts Branch: master CommitID:c1abcee5a9656fb4890b733e6051aa604c60f146 157992-157994 --> testing issues Upstream job id: Generic-DPDK-Compile-Meson#436820 Test environment and result as below: +-------------------------------+--------------------+------------------+-------------------+-------------------------+-------------------+----------------------+ | Environment | dpdk_meson_compile | dpdk_compile_ovs | dpdk_compile_spdk | dpdk_llvm_clang_compile | dpdk_msvc_compile | dpdk_mingw64_compile | +===============================+====================+==================+===================+=========================+===================+======================+ | Fedora Linux 42 | PEND | PEND | PEND | SKIPPED | SKIPPED | SKIPPED | +-------------------------------+--------------------+------------------+-------------------+-------------------------+-------------------+----------------------+ | Debian GNU/Linux 12 | PASS | SKIPPED | WARN | SKIPPED | SKIPPED | SKIPPED | +-------------------------------+--------------------+------------------+-------------------+-------------------------+-------------------+----------------------+ | CentOS Stream 9 | PEND | SKIPPED | PEND | SKIPPED | SKIPPED | SKIPPED | +-------------------------------+--------------------+------------------+-------------------+-------------------------+-------------------+----------------------+ | CentOS Stream 10 | PASS | SKIPPED | SKIPPED | SKIPPED | SKIPPED | SKIPPED | +-------------------------------+--------------------+------------------+-------------------+-------------------------+-------------------+----------------------+ | Red Hat Enterprise Linux 9.5 | PASS | SKIPPED | SKIPPED | SKIPPED | SKIPPED | SKIPPED | +-------------------------------+--------------------+------------------+-------------------+-------------------------+-------------------+----------------------+ | openSUSE Leap 15.6 | PASS | SKIPPED | SKIPPED | SKIPPED | SKIPPED | SKIPPED | +-------------------------------+--------------------+------------------+-------------------+-------------------------+-------------------+----------------------+ | Red Hat Enterprise Linux 8.10 | PASS | SKIPPED | SKIPPED | SKIPPED | SKIPPED | SKIPPED | +-------------------------------+--------------------+------------------+-------------------+-------------------------+-------------------+----------------------+ | Ubuntu 24.04 | PEND | PEND | PEND | SKIPPED | SKIPPED | SKIPPED | +-------------------------------+--------------------+------------------+-------------------+-------------------------+-------------------+----------------------+ | Ubuntu 20.04 | PASS | SKIPPED | SKIPPED | SKIPPED | SKIPPED | SKIPPED | +-------------------------------+--------------------+------------------+-------------------+-------------------------+-------------------+----------------------+ | Ubuntu 22.04 | PEND | SKIPPED | PEND | SKIPPED | SKIPPED | SKIPPED | +-------------------------------+--------------------+------------------+-------------------+-------------------------+-------------------+----------------------+ | FreeBSD 14.2 | PASS | SKIPPED | SKIPPED | SKIPPED | SKIPPED | SKIPPED | +-------------------------------+--------------------+------------------+-------------------+-------------------------+-------------------+----------------------+ | Alpine Linux 3.22.0 | PASS | SKIPPED | SKIPPED | SKIPPED | SKIPPED | SKIPPED | +-------------------------------+--------------------+------------------+-------------------+-------------------------+-------------------+----------------------+ | Windows Server 2022 | SKIPPED | SKIPPED | SKIPPED | PASS | PEND | PEND | +-------------------------------+--------------------+------------------+-------------------+-------------------------+-------------------+----------------------+ ==== 20 line log output for Debian GNU/Linux 12 (dpdk_compile_spdk): ==== --- Failed to get log output --- ==== End log output ==== Fedora Linux 42 Kernel: 5.15 Compiler: gcc gcc (GCC) 15.2.1 20250808 (Red Hat 15.2.1-1) Debian GNU/Linux 12 Kernel: 5.15 Compiler: gcc gcc (Debian 12.2.0-14+deb12u1) 12.2.0 CentOS Stream 9 Kernel: 5.15 Compiler: gcc gcc (GCC) 11.5.0 20240719 (Red Hat 11.5.0-11) CentOS Stream 10 Kernel: 5.15 Compiler: gcc gcc (GCC) 14.2.1 20250110 (Red Hat 14.2.1-8) Red Hat Enterprise Linux 9.5 Kernel: 5.15 Compiler: gcc gcc (GCC) 11.5.0 20240719 (Red Hat 11.5.0-2) openSUSE Leap 15.6 Kernel: 5.15 Compiler: gcc gcc (SUSE Linux) 7.5.0 Red Hat Enterprise Linux 8.10 Kernel: 5.15 Compiler: gcc gcc (GCC) 8.5.0 20210514 (Red Hat 8.5.0-22) Ubuntu 24.04 Kernel: 5.15 Compiler: gcc gcc (Ubuntu 13.3.0-6ubuntu2~24.04) 13.3.0 Ubuntu 20.04 Kernel: 4.19 Compiler: gcc gcc (Ubuntu 9.4.0-1ubuntu1~20.04.2) 9.4.0 Ubuntu 22.04 Kernel: 5.15 Compiler: gcc gcc (Ubuntu 11.4.0-1ubuntu1~22.04) 11.4.0 FreeBSD 14.2 Kernel: 14.2-RELEASE Compiler: clang 18.1.6 Alpine Linux 3.22.0 Kernel: 5.15 Compiler: gcc gcc (Alpine 14.2.0) 14.2.0 Windows Server 2022 Kernel: 10.0.20348.2031 Compiler: clang 15.0.7, gcc 14.1.0 (MinGW), and MSVC VS 19.39.33521 To view detailed results, visit: https://lab.dpdk.org/results/dashboard/patchsets/34349/ UNH-IOL DPDK Community Lab To manage your email subscriptions, visit: https://lab.dpdk.org/results/dashboard/preferences/subscriptions/