From: dpdklab@iol.unh.edu
To: Test Report <test-report@dpdk.org>
Cc: dpdk-test-reports@iol.unh.edu, Patrick Robb <probb@iol.unh.edu>
Subject: |FAILURE| pw157992-157994 [PATCH] [v5,3/3] dts: add performance test
Date: Wed, 22 Oct 2025 19:16:56 -0700 (PDT) [thread overview]
Message-ID: <68f99018.170a0220.19eba1.2b7eSMTPIN_ADDED_MISSING@mx.google.com> (raw)
In-Reply-To: <20251023013049.1368129-4-probb@iol.unh.edu>
Test-Label: iol-compile-amd64-testing
Test-Status: FAILURE
http://dpdk.org/patch/157994
_Testing issues_
Submitter: Patrick Robb <probb@iol.unh.edu>
Date: Thursday, October 23 2025 01:30:49
DPDK git baseline: Repo:dpdk-next-dts
Branch: master
CommitID:c1abcee5a9656fb4890b733e6051aa604c60f146
157992-157994 --> testing issues
Upstream job id: Generic-DPDK-Compile-Meson#436817
Test environment and result as below:
+-------------------------------+--------------------+------------------+-------------------+-------------------------+-------------------+----------------------+
| Environment | dpdk_meson_compile | dpdk_compile_ovs | dpdk_compile_spdk | dpdk_llvm_clang_compile | dpdk_msvc_compile | dpdk_mingw64_compile |
+===============================+====================+==================+===================+=========================+===================+======================+
| Fedora Linux 42 | PEND | PEND | PEND | SKIPPED | SKIPPED | SKIPPED |
+-------------------------------+--------------------+------------------+-------------------+-------------------------+-------------------+----------------------+
| Debian GNU/Linux 12 | PASS | SKIPPED | WARN | SKIPPED | SKIPPED | SKIPPED |
+-------------------------------+--------------------+------------------+-------------------+-------------------------+-------------------+----------------------+
| CentOS Stream 9 | PEND | SKIPPED | PEND | SKIPPED | SKIPPED | SKIPPED |
+-------------------------------+--------------------+------------------+-------------------+-------------------------+-------------------+----------------------+
| CentOS Stream 10 | PASS | SKIPPED | SKIPPED | SKIPPED | SKIPPED | SKIPPED |
+-------------------------------+--------------------+------------------+-------------------+-------------------------+-------------------+----------------------+
| Red Hat Enterprise Linux 9.5 | PASS | SKIPPED | SKIPPED | SKIPPED | SKIPPED | SKIPPED |
+-------------------------------+--------------------+------------------+-------------------+-------------------------+-------------------+----------------------+
| openSUSE Leap 15.6 | PASS | SKIPPED | SKIPPED | SKIPPED | SKIPPED | SKIPPED |
+-------------------------------+--------------------+------------------+-------------------+-------------------------+-------------------+----------------------+
| Red Hat Enterprise Linux 8.10 | PASS | SKIPPED | SKIPPED | SKIPPED | SKIPPED | SKIPPED |
+-------------------------------+--------------------+------------------+-------------------+-------------------------+-------------------+----------------------+
| Ubuntu 24.04 | PEND | PEND | PEND | SKIPPED | SKIPPED | SKIPPED |
+-------------------------------+--------------------+------------------+-------------------+-------------------------+-------------------+----------------------+
| Ubuntu 20.04 | PASS | SKIPPED | SKIPPED | SKIPPED | SKIPPED | SKIPPED |
+-------------------------------+--------------------+------------------+-------------------+-------------------------+-------------------+----------------------+
| Ubuntu 22.04 | PEND | SKIPPED | PEND | SKIPPED | SKIPPED | SKIPPED |
+-------------------------------+--------------------+------------------+-------------------+-------------------------+-------------------+----------------------+
| FreeBSD 14.2 | PASS | SKIPPED | SKIPPED | SKIPPED | SKIPPED | SKIPPED |
+-------------------------------+--------------------+------------------+-------------------+-------------------------+-------------------+----------------------+
| Alpine Linux 3.22.0 | PASS | SKIPPED | SKIPPED | SKIPPED | SKIPPED | SKIPPED |
+-------------------------------+--------------------+------------------+-------------------+-------------------------+-------------------+----------------------+
| Windows Server 2022 | SKIPPED | SKIPPED | SKIPPED | PASS | PEND | PEND |
+-------------------------------+--------------------+------------------+-------------------+-------------------------+-------------------+----------------------+
==== 20 line log output for Debian GNU/Linux 12 (dpdk_compile_spdk): ====
--- Failed to get log output ---
==== End log output ====
Fedora Linux 42
Kernel: 5.15
Compiler: gcc gcc (GCC) 15.2.1 20250808 (Red Hat 15.2.1-1)
Debian GNU/Linux 12
Kernel: 5.15
Compiler: gcc gcc (Debian 12.2.0-14+deb12u1) 12.2.0
CentOS Stream 9
Kernel: 5.15
Compiler: gcc gcc (GCC) 11.5.0 20240719 (Red Hat 11.5.0-11)
CentOS Stream 10
Kernel: 5.15
Compiler: gcc gcc (GCC) 14.2.1 20250110 (Red Hat 14.2.1-8)
Red Hat Enterprise Linux 9.5
Kernel: 5.15
Compiler: gcc gcc (GCC) 11.5.0 20240719 (Red Hat 11.5.0-2)
openSUSE Leap 15.6
Kernel: 5.15
Compiler: gcc gcc (SUSE Linux) 7.5.0
Red Hat Enterprise Linux 8.10
Kernel: 5.15
Compiler: gcc gcc (GCC) 8.5.0 20210514 (Red Hat 8.5.0-22)
Ubuntu 24.04
Kernel: 5.15
Compiler: gcc gcc (Ubuntu 13.3.0-6ubuntu2~24.04) 13.3.0
Ubuntu 20.04
Kernel: 4.19
Compiler: gcc gcc (Ubuntu 9.4.0-1ubuntu1~20.04.2) 9.4.0
Ubuntu 22.04
Kernel: 5.15
Compiler: gcc gcc (Ubuntu 11.4.0-1ubuntu1~22.04) 11.4.0
FreeBSD 14.2
Kernel: 14.2-RELEASE
Compiler: clang 18.1.6
Alpine Linux 3.22.0
Kernel: 5.15
Compiler: gcc gcc (Alpine 14.2.0) 14.2.0
Windows Server 2022
Kernel: 10.0.20348.2031
Compiler: clang 15.0.7, gcc 14.1.0 (MinGW), and MSVC VS 19.39.33521
To view detailed results, visit:
https://lab.dpdk.org/results/dashboard/patchsets/34349/
UNH-IOL DPDK Community Lab
To manage your email subscriptions, visit:
https://lab.dpdk.org/results/dashboard/preferences/subscriptions/
next prev parent reply other threads:[~2025-10-23 2:16 UTC|newest]
Thread overview: 22+ messages / expand[flat|nested] mbox.gz Atom feed top
[not found] <20251023013049.1368129-4-probb@iol.unh.edu>
2025-10-23 1:33 ` |SUCCESS| pw157994 [PATCH v5 3/3] dts: add performance test functions to test suite API checkpatch
2025-10-23 1:57 ` |SUCCESS| pw157992-157994 [PATCH] [v5,3/3] dts: add performance test dpdklab
2025-10-23 2:00 ` |PENDING| " dpdklab
2025-10-23 2:05 ` dpdklab
2025-10-23 2:11 ` dpdklab
2025-10-23 2:13 ` |SUCCESS| " dpdklab
2025-10-23 2:16 ` |PENDING| " dpdklab
2025-10-23 2:16 ` |FAILURE| " dpdklab
2025-10-23 2:16 ` dpdklab
2025-10-23 2:16 ` dpdklab [this message]
2025-10-23 2:18 ` |PENDING| " dpdklab
2025-10-23 2:25 ` |SUCCESS| " dpdklab
2025-10-23 2:25 ` dpdklab
2025-10-23 2:25 ` dpdklab
2025-10-23 2:36 ` dpdklab
2025-10-23 2:36 ` dpdklab
2025-10-23 2:41 ` dpdklab
2025-10-23 2:42 ` dpdklab
2025-10-23 2:42 ` |WARNING| " dpdklab
2025-10-23 2:48 ` |SUCCESS| " dpdklab
2025-10-23 7:17 ` dpdklab
2025-10-23 7:29 ` dpdklab
Reply instructions:
You may reply publicly to this message via plain-text email
using any one of the following methods:
* Save the following mbox file, import it into your mail client,
and reply-to-all from there: mbox
Avoid top-posting and favor interleaved quoting:
https://en.wikipedia.org/wiki/Posting_style#Interleaved_style
* Reply using the --to, --cc, and --in-reply-to
switches of git-send-email(1):
git send-email \
--in-reply-to=68f99018.170a0220.19eba1.2b7eSMTPIN_ADDED_MISSING@mx.google.com \
--to=dpdklab@iol.unh.edu \
--cc=dpdk-test-reports@iol.unh.edu \
--cc=probb@iol.unh.edu \
--cc=test-report@dpdk.org \
/path/to/YOUR_REPLY
https://kernel.org/pub/software/scm/git/docs/git-send-email.html
* If your mail client supports setting the In-Reply-To header
via mailto: links, try the mailto: link
Be sure your reply has a Subject: header at the top and a blank line
before the message body.
This is a public inbox, see mirroring instructions
for how to clone and mirror all data and code used for this inbox;
as well as URLs for NNTP newsgroup(s).