From mboxrd@z Thu Jan 1 00:00:00 1970 Return-Path: Received: from mails.dpdk.org (mails.dpdk.org [217.70.189.124]) by inbox.dpdk.org (Postfix) with ESMTP id AA429489AB for ; Thu, 23 Oct 2025 04:16:58 +0200 (CEST) Received: from mails.dpdk.org (localhost [127.0.0.1]) by mails.dpdk.org (Postfix) with ESMTP id A12D6400D6; Thu, 23 Oct 2025 04:16:58 +0200 (CEST) Received: from mail-pj1-f99.google.com (mail-pj1-f99.google.com [209.85.216.99]) by mails.dpdk.org (Postfix) with ESMTP id 8C9E8400D6 for ; Thu, 23 Oct 2025 04:16:57 +0200 (CEST) Received: by mail-pj1-f99.google.com with SMTP id 98e67ed59e1d1-33d962c0e9aso251135a91.0 for ; Wed, 22 Oct 2025 19:16:57 -0700 (PDT) DKIM-Signature: v=1; a=rsa-sha256; c=relaxed/relaxed; d=iol.unh.edu; s=unh-iol; t=1761185817; x=1761790617; darn=dpdk.org; h=references:in-reply-to:cc:to:from:subject:message-id:date:from:to :cc:subject:date:message-id:reply-to; bh=WM3tkrtvsZlVm9+vQXCvYHgtfmfXh3RLmS9RwdbDWN4=; b=Qcm3QnuMpHC5A0I9c2R0ybn6AfCjlKTT9Chbp1TLjoDXvkILptkFRuTOPgxj/2ybin bLI5ImST9Pv1oNYU/Eai+znLLero1aVsWm6ju/rjVTuOcYS4AcM4xdGa0PQEsfGfNlXf qtbztiG8mpJz1GKAkpL2vpD+9DmfMmMtZiDTU= X-Google-DKIM-Signature: v=1; a=rsa-sha256; c=relaxed/relaxed; d=1e100.net; s=20230601; t=1761185817; x=1761790617; h=references:in-reply-to:cc:to:from:subject:message-id:date :x-gm-message-state:from:to:cc:subject:date:message-id:reply-to; bh=WM3tkrtvsZlVm9+vQXCvYHgtfmfXh3RLmS9RwdbDWN4=; b=g92R4/0PVVqw2BgswRVpiLqg4N0zzc7XUtVYAlfC4mmgg2wC0muj87TAOS60U4BanD sq1CkpKJa+CC6CkLN85lmKUc/veQ535vqOYggK+szytnbfFkmj02o6wqyeg0AMYQ/smH 9x9Rnpjvp3oa3FgCIMsqe3YTlsMT6bfg+Ewjr6UfeBLIgKnNRXoCK4j4WNLbjj0oGeb3 UavVbh2PZ4WX5XtmfQL/3lspxCVXWcEgneJx+1k8W87odbfHmQ838V9oXKKkvyDYk8Ms eXwPACgm+xrg4j05kn6KOeLkuN5Eg53pgfUsFijCqwmYmdk47jEpTuHU0eClZDdQcVxz 3yXA== X-Gm-Message-State: AOJu0YyycVtPKDvYbswFsHhhkmYW0h3Sdm2PnUEoJYINd3Uq8fqhvvon CJNSY72zyXUpWxA/LlwJkdz3ojxqnwZ62VLhCXBEh5r+eDzdlBbw93ztX7y1aav/cPB+1WvENam U6HHwYww9x4ZG+tjqoqNFYwuaSc07/Q3eQORCwd8abUDZF0hvyJO5JIf0IKFq X-Gm-Gg: ASbGnctuVLfA91VHgS51+zHNySzeSM+rlhac0bSDx95Dzcu2F/yum9i8ikNJ33x2Wu9 JlAGQg5vxVPEDWB/AKjnb2pcjA8yfritvSIV0MB8WsUdaFOjJ8PVdenK/ElP6/FxGNAj3yZAhft 37THL5K6QUO+u806C+BznDVvccYbCoUH96IBCNYXGI9G96rwzfvPbwpS8DqSGSoSsIgYBU0O6XI DN9r+v5nzDiVoRHo9SmBC1YEB+8br9mf6j05g9yXZtfRMWOsGpTSHo7ElwyncENUBY7g+EU/UrJ jzGUA6x9eCof/qI/Tp/k+orsi3insnInfqby++JfGPzT2bv66hEC3B6kLtVG4LKdbAyV4ARn6zW UdXruOeAk X-Google-Smtp-Source: AGHT+IE3dMdbhdQxX11faNDmtA/2vAFM1zTAzJmyhb0nFy5R15zYBDyHmZKzWueTZdwE0AbbrGzp50zC1iS0 X-Received: by 2002:a17:90b:1dca:b0:32b:7d35:a7e6 with SMTP id 98e67ed59e1d1-33e21f4211bmr7843006a91.18.1761185816271; Wed, 22 Oct 2025 19:16:56 -0700 (PDT) Received: from postal.iol.unh.edu (postal.iol.unh.edu. [2606:4100:3880:1234::84]) by smtp-relay.gmail.com with ESMTPS id 98e67ed59e1d1-33e2245b6b7sm383448a91.4.2025.10.22.19.16.56 (version=TLS1_2 cipher=ECDHE-ECDSA-AES128-GCM-SHA256 bits=128/128); Wed, 22 Oct 2025 19:16:56 -0700 (PDT) X-Relaying-Domain: iol.unh.edu Date: Wed, 22 Oct 2025 19:16:56 -0700 (PDT) Message-ID: <68f99018.170a0220.19eba1.2b7eSMTPIN_ADDED_MISSING@mx.google.com> Received: from [172.21.0.2] (unknown [172.18.0.240]) by postal.iol.unh.edu (Postfix) with ESMTP id AEE8C6051830; Wed, 22 Oct 2025 22:16:55 -0400 (EDT) Subject: |FAILURE| pw157992-157994 [PATCH] [v5,3/3] dts: add performance test From: dpdklab@iol.unh.edu To: Test Report Cc: dpdk-test-reports@iol.unh.edu, Patrick Robb In-Reply-To: <20251023013049.1368129-4-probb@iol.unh.edu> References: <20251023013049.1368129-4-probb@iol.unh.edu> Content-Type: text/plain X-BeenThere: test-report@dpdk.org X-Mailman-Version: 2.1.29 Precedence: list List-Id: automatic DPDK test reports List-Unsubscribe: , List-Archive: List-Post: List-Help: List-Subscribe: , Errors-To: test-report-bounces@dpdk.org Test-Label: iol-compile-amd64-testing Test-Status: FAILURE http://dpdk.org/patch/157994 _Testing issues_ Submitter: Patrick Robb Date: Thursday, October 23 2025 01:30:49 DPDK git baseline: Repo:dpdk-next-dts Branch: master CommitID:c1abcee5a9656fb4890b733e6051aa604c60f146 157992-157994 --> testing issues Upstream job id: Generic-DPDK-Compile-Meson#436817 Test environment and result as below: +-------------------------------+--------------------+------------------+-------------------+-------------------------+-------------------+----------------------+ | Environment | dpdk_meson_compile | dpdk_compile_ovs | dpdk_compile_spdk | dpdk_llvm_clang_compile | dpdk_msvc_compile | dpdk_mingw64_compile | +===============================+====================+==================+===================+=========================+===================+======================+ | Fedora Linux 42 | PEND | PEND | PEND | SKIPPED | SKIPPED | SKIPPED | +-------------------------------+--------------------+------------------+-------------------+-------------------------+-------------------+----------------------+ | Debian GNU/Linux 12 | PASS | SKIPPED | WARN | SKIPPED | SKIPPED | SKIPPED | +-------------------------------+--------------------+------------------+-------------------+-------------------------+-------------------+----------------------+ | CentOS Stream 9 | PEND | SKIPPED | PEND | SKIPPED | SKIPPED | SKIPPED | +-------------------------------+--------------------+------------------+-------------------+-------------------------+-------------------+----------------------+ | CentOS Stream 10 | PASS | SKIPPED | SKIPPED | SKIPPED | SKIPPED | SKIPPED | +-------------------------------+--------------------+------------------+-------------------+-------------------------+-------------------+----------------------+ | Red Hat Enterprise Linux 9.5 | PASS | SKIPPED | SKIPPED | SKIPPED | SKIPPED | SKIPPED | +-------------------------------+--------------------+------------------+-------------------+-------------------------+-------------------+----------------------+ | openSUSE Leap 15.6 | PASS | SKIPPED | SKIPPED | SKIPPED | SKIPPED | SKIPPED | +-------------------------------+--------------------+------------------+-------------------+-------------------------+-------------------+----------------------+ | Red Hat Enterprise Linux 8.10 | PASS | SKIPPED | SKIPPED | SKIPPED | SKIPPED | SKIPPED | +-------------------------------+--------------------+------------------+-------------------+-------------------------+-------------------+----------------------+ | Ubuntu 24.04 | PEND | PEND | PEND | SKIPPED | SKIPPED | SKIPPED | +-------------------------------+--------------------+------------------+-------------------+-------------------------+-------------------+----------------------+ | Ubuntu 20.04 | PASS | SKIPPED | SKIPPED | SKIPPED | SKIPPED | SKIPPED | +-------------------------------+--------------------+------------------+-------------------+-------------------------+-------------------+----------------------+ | Ubuntu 22.04 | PEND | SKIPPED | PEND | SKIPPED | SKIPPED | SKIPPED | +-------------------------------+--------------------+------------------+-------------------+-------------------------+-------------------+----------------------+ | FreeBSD 14.2 | PASS | SKIPPED | SKIPPED | SKIPPED | SKIPPED | SKIPPED | +-------------------------------+--------------------+------------------+-------------------+-------------------------+-------------------+----------------------+ | Alpine Linux 3.22.0 | PASS | SKIPPED | SKIPPED | SKIPPED | SKIPPED | SKIPPED | +-------------------------------+--------------------+------------------+-------------------+-------------------------+-------------------+----------------------+ | Windows Server 2022 | SKIPPED | SKIPPED | SKIPPED | PASS | PEND | PEND | +-------------------------------+--------------------+------------------+-------------------+-------------------------+-------------------+----------------------+ ==== 20 line log output for Debian GNU/Linux 12 (dpdk_compile_spdk): ==== --- Failed to get log output --- ==== End log output ==== Fedora Linux 42 Kernel: 5.15 Compiler: gcc gcc (GCC) 15.2.1 20250808 (Red Hat 15.2.1-1) Debian GNU/Linux 12 Kernel: 5.15 Compiler: gcc gcc (Debian 12.2.0-14+deb12u1) 12.2.0 CentOS Stream 9 Kernel: 5.15 Compiler: gcc gcc (GCC) 11.5.0 20240719 (Red Hat 11.5.0-11) CentOS Stream 10 Kernel: 5.15 Compiler: gcc gcc (GCC) 14.2.1 20250110 (Red Hat 14.2.1-8) Red Hat Enterprise Linux 9.5 Kernel: 5.15 Compiler: gcc gcc (GCC) 11.5.0 20240719 (Red Hat 11.5.0-2) openSUSE Leap 15.6 Kernel: 5.15 Compiler: gcc gcc (SUSE Linux) 7.5.0 Red Hat Enterprise Linux 8.10 Kernel: 5.15 Compiler: gcc gcc (GCC) 8.5.0 20210514 (Red Hat 8.5.0-22) Ubuntu 24.04 Kernel: 5.15 Compiler: gcc gcc (Ubuntu 13.3.0-6ubuntu2~24.04) 13.3.0 Ubuntu 20.04 Kernel: 4.19 Compiler: gcc gcc (Ubuntu 9.4.0-1ubuntu1~20.04.2) 9.4.0 Ubuntu 22.04 Kernel: 5.15 Compiler: gcc gcc (Ubuntu 11.4.0-1ubuntu1~22.04) 11.4.0 FreeBSD 14.2 Kernel: 14.2-RELEASE Compiler: clang 18.1.6 Alpine Linux 3.22.0 Kernel: 5.15 Compiler: gcc gcc (Alpine 14.2.0) 14.2.0 Windows Server 2022 Kernel: 10.0.20348.2031 Compiler: clang 15.0.7, gcc 14.1.0 (MinGW), and MSVC VS 19.39.33521 To view detailed results, visit: https://lab.dpdk.org/results/dashboard/patchsets/34349/ UNH-IOL DPDK Community Lab To manage your email subscriptions, visit: https://lab.dpdk.org/results/dashboard/preferences/subscriptions/