automatic DPDK test reports
 help / color / mirror / Atom feed
* |SUCCESS| pw157994 [PATCH v5 3/3] dts: add performance test functions to test suite API
       [not found] <20251023013049.1368129-4-probb@iol.unh.edu>
@ 2025-10-23  1:33 ` checkpatch
  2025-10-23  1:57 ` |SUCCESS| pw157992-157994 [PATCH] [v5,3/3] dts: add performance test dpdklab
                   ` (20 subsequent siblings)
  21 siblings, 0 replies; 22+ messages in thread
From: checkpatch @ 2025-10-23  1:33 UTC (permalink / raw)
  To: test-report

Test-Label: checkpatch
Test-Status: SUCCESS
http://dpdk.org/patch/157994

_coding style OK_



^ permalink raw reply	[flat|nested] 22+ messages in thread

* |SUCCESS| pw157992-157994 [PATCH] [v5,3/3] dts: add performance test
       [not found] <20251023013049.1368129-4-probb@iol.unh.edu>
  2025-10-23  1:33 ` |SUCCESS| pw157994 [PATCH v5 3/3] dts: add performance test functions to test suite API checkpatch
@ 2025-10-23  1:57 ` dpdklab
  2025-10-23  2:00 ` |PENDING| " dpdklab
                   ` (19 subsequent siblings)
  21 siblings, 0 replies; 22+ messages in thread
From: dpdklab @ 2025-10-23  1:57 UTC (permalink / raw)
  To: Test Report; +Cc: dpdk-test-reports

Test-Label: iol-dts-check-format-testing
Test-Status: SUCCESS
http://dpdk.org/patch/157994

_Testing PASS_

Submitter: Patrick Robb <probb@iol.unh.edu>
Date: Thursday, October 23 2025 01:30:49 
DPDK git baseline: Repo:dpdk-next-dts
  Branch: master
  CommitID:c1abcee5a9656fb4890b733e6051aa604c60f146

157992-157994 --> testing pass

Upstream job id: DTS-Check-Format-Pipeline#111

Test environment and result as below:

+--------------+------------------+
| Environment  | dts-check-format |
+==============+==================+
| Ubuntu 24.04 | PASS             |
+--------------+------------------+


Ubuntu 24.04
	Kernel: 5.15
	Compiler: gcc gcc (Ubuntu 13.3.0-6ubuntu2~24.04) 13.3.0

To view detailed results, visit:
https://lab.dpdk.org/results/dashboard/patchsets/34349/

UNH-IOL DPDK Community Lab

To manage your email subscriptions, visit: 
https://lab.dpdk.org/results/dashboard/preferences/subscriptions/

^ permalink raw reply	[flat|nested] 22+ messages in thread

* |PENDING| pw157992-157994 [PATCH] [v5,3/3] dts: add performance test
       [not found] <20251023013049.1368129-4-probb@iol.unh.edu>
  2025-10-23  1:33 ` |SUCCESS| pw157994 [PATCH v5 3/3] dts: add performance test functions to test suite API checkpatch
  2025-10-23  1:57 ` |SUCCESS| pw157992-157994 [PATCH] [v5,3/3] dts: add performance test dpdklab
@ 2025-10-23  2:00 ` dpdklab
  2025-10-23  2:05 ` dpdklab
                   ` (18 subsequent siblings)
  21 siblings, 0 replies; 22+ messages in thread
From: dpdklab @ 2025-10-23  2:00 UTC (permalink / raw)
  To: Test Report; +Cc: dpdk-test-reports

Test-Label: iol-compile-amd64-testing
Test-Status: PENDING
http://dpdk.org/patch/157994

_Testing pending_

Submitter: Patrick Robb <probb@iol.unh.edu>
Date: Thursday, October 23 2025 01:30:49 
DPDK git baseline: Repo:dpdk-next-dts
  Branch: master
  CommitID:c1abcee5a9656fb4890b733e6051aa604c60f146

157992-157994 --> testing pending

Upstream job id: Generic-VM-DPDK-Compile-Meson#39182

Test environment and result as below:

+-------------------------------+--------------------+------------------+-------------------+-------------------------+-------------------+
|          Environment          | dpdk_meson_compile | dpdk_compile_ovs | dpdk_compile_spdk | dpdk_llvm_clang_compile | dpdk_msvc_compile |
+===============================+====================+==================+===================+=========================+===================+
| Fedora Linux 42               | PEND               | PEND             | PEND              | SKIPPED                 | SKIPPED           |
+-------------------------------+--------------------+------------------+-------------------+-------------------------+-------------------+
| Debian GNU/Linux 12           | PEND               | SKIPPED          | PEND              | SKIPPED                 | SKIPPED           |
+-------------------------------+--------------------+------------------+-------------------+-------------------------+-------------------+
| CentOS Stream 9               | PEND               | SKIPPED          | PEND              | SKIPPED                 | SKIPPED           |
+-------------------------------+--------------------+------------------+-------------------+-------------------------+-------------------+
| CentOS Stream 10              | PEND               | SKIPPED          | SKIPPED           | SKIPPED                 | SKIPPED           |
+-------------------------------+--------------------+------------------+-------------------+-------------------------+-------------------+
| Red Hat Enterprise Linux 9.5  | PEND               | SKIPPED          | SKIPPED           | SKIPPED                 | SKIPPED           |
+-------------------------------+--------------------+------------------+-------------------+-------------------------+-------------------+
| openSUSE Leap 15.6            | PEND               | SKIPPED          | SKIPPED           | SKIPPED                 | SKIPPED           |
+-------------------------------+--------------------+------------------+-------------------+-------------------------+-------------------+
| Red Hat Enterprise Linux 8.10 | PEND               | SKIPPED          | SKIPPED           | SKIPPED                 | SKIPPED           |
+-------------------------------+--------------------+------------------+-------------------+-------------------------+-------------------+
| Ubuntu 24.04                  | PEND               | PEND             | PEND              | SKIPPED                 | SKIPPED           |
+-------------------------------+--------------------+------------------+-------------------+-------------------------+-------------------+
| Ubuntu 20.04                  | PEND               | SKIPPED          | SKIPPED           | SKIPPED                 | SKIPPED           |
+-------------------------------+--------------------+------------------+-------------------+-------------------------+-------------------+
| Ubuntu 22.04                  | PEND               | SKIPPED          | PEND              | SKIPPED                 | SKIPPED           |
+-------------------------------+--------------------+------------------+-------------------+-------------------------+-------------------+
| FreeBSD 14.2                  | PEND               | SKIPPED          | SKIPPED           | SKIPPED                 | SKIPPED           |
+-------------------------------+--------------------+------------------+-------------------+-------------------------+-------------------+
| Alpine Linux 3.22.0           | PEND               | SKIPPED          | SKIPPED           | SKIPPED                 | SKIPPED           |
+-------------------------------+--------------------+------------------+-------------------+-------------------------+-------------------+
| Windows Server 2022           | SKIPPED            | SKIPPED          | SKIPPED           | PEND                    | PEND              |
+-------------------------------+--------------------+------------------+-------------------+-------------------------+-------------------+


Fedora Linux 42
	Kernel: 5.15
	Compiler: gcc gcc (GCC) 15.2.1 20250808 (Red Hat 15.2.1-1)

Debian GNU/Linux 12
	Kernel: 5.15
	Compiler: gcc gcc (Debian 12.2.0-14+deb12u1) 12.2.0

CentOS Stream 9
	Kernel: 5.15
	Compiler: gcc gcc (GCC) 11.5.0 20240719 (Red Hat 11.5.0-11)

CentOS Stream 10
	Kernel: 5.15
	Compiler: gcc gcc (GCC) 14.2.1 20250110 (Red Hat 14.2.1-8)

Red Hat Enterprise Linux 9.5
	Kernel: 5.15
	Compiler: gcc gcc (GCC) 11.5.0 20240719 (Red Hat 11.5.0-2)

openSUSE Leap 15.6
	Kernel: 5.15
	Compiler: gcc gcc (SUSE Linux) 7.5.0

Red Hat Enterprise Linux 8.10
	Kernel: 5.15
	Compiler: gcc gcc (GCC) 8.5.0 20210514 (Red Hat 8.5.0-22)

Ubuntu 24.04
	Kernel: 5.15
	Compiler: gcc gcc (Ubuntu 13.3.0-6ubuntu2~24.04) 13.3.0

Ubuntu 20.04
	Kernel: 4.19
	Compiler: gcc gcc (Ubuntu 9.4.0-1ubuntu1~20.04.2) 9.4.0

Ubuntu 22.04
	Kernel: 5.15
	Compiler: gcc gcc (Ubuntu 11.4.0-1ubuntu1~22.04) 11.4.0

FreeBSD 14.2
	Kernel: 14.2-RELEASE
	Compiler: clang 18.1.6

Alpine Linux 3.22.0
	Kernel: 5.15
	Compiler: gcc gcc (Alpine 14.2.0) 14.2.0

Windows Server 2022
	Kernel: 10.0.20348.2031
	Compiler: clang 15.0.7, gcc 14.1.0 (MinGW), and MSVC VS 19.39.33521

To view detailed results, visit:
https://lab.dpdk.org/results/dashboard/patchsets/34349/

UNH-IOL DPDK Community Lab

To manage your email subscriptions, visit: 
https://lab.dpdk.org/results/dashboard/preferences/subscriptions/

^ permalink raw reply	[flat|nested] 22+ messages in thread

* |PENDING| pw157992-157994 [PATCH] [v5,3/3] dts: add performance test
       [not found] <20251023013049.1368129-4-probb@iol.unh.edu>
                   ` (2 preceding siblings ...)
  2025-10-23  2:00 ` |PENDING| " dpdklab
@ 2025-10-23  2:05 ` dpdklab
  2025-10-23  2:11 ` dpdklab
                   ` (17 subsequent siblings)
  21 siblings, 0 replies; 22+ messages in thread
From: dpdklab @ 2025-10-23  2:05 UTC (permalink / raw)
  To: Test Report; +Cc: dpdk-test-reports

Test-Label: iol-unit-amd64-testing
Test-Status: PENDING
http://dpdk.org/patch/157994

_Testing pending_

Submitter: Patrick Robb <probb@iol.unh.edu>
Date: Thursday, October 23 2025 01:30:49 
DPDK git baseline: Repo:dpdk-next-dts
  Branch: master
  CommitID:c1abcee5a9656fb4890b733e6051aa604c60f146

157992-157994 --> testing pending

Upstream job id: Generic-Unit-Test-DPDK#384216

Test environment and result as below:

+-------------------------------+----------------+
|          Environment          | dpdk_unit_test |
+===============================+================+
| Fedora Linux 40               | PEND           |
+-------------------------------+----------------+
| Fedora Linux 42               | PEND           |
+-------------------------------+----------------+
| CentOS Stream 10              | PASS           |
+-------------------------------+----------------+
| Ubuntu 20.04                  | PEND           |
+-------------------------------+----------------+
| Fedora Linux 41               | PEND           |
+-------------------------------+----------------+
| Ubuntu 24.04                  | PEND           |
+-------------------------------+----------------+
| Windows Server 2022           | PEND           |
+-------------------------------+----------------+
| Ubuntu 22.04                  | PEND           |
+-------------------------------+----------------+
| Red Hat Enterprise Linux 8.10 | PEND           |
+-------------------------------+----------------+
| Debian GNU/Linux 12           | PEND           |
+-------------------------------+----------------+
| CentOS Stream 9               | PEND           |
+-------------------------------+----------------+
| Red Hat Enterprise Linux 9.5  | PEND           |
+-------------------------------+----------------+


Fedora Linux 40
	Kernel: 5.15
	Compiler: clang gcc (GCC) 14.2.1 20240912 (Red Hat 14.2.1-3)

Fedora Linux 42
	Kernel: 5.15
	Compiler: gcc gcc (GCC) 15.2.1 20250808 (Red Hat 15.2.1-1)

CentOS Stream 10
	Kernel: 5.15
	Compiler: gcc gcc (GCC) 14.2.1 20250110 (Red Hat 14.2.1-8)

Ubuntu 20.04
	Kernel: 5.15
	Compiler: gcc gcc (Ubuntu 9.4.0-1ubuntu1~20.04.2) 9.4.0

Fedora Linux 41
	Kernel: 5.15
	Compiler: gcc gcc (GCC) 14.3.1 20250523 (Red Hat 14.3.1-1)

Ubuntu 24.04
	Kernel: 5.15
	Compiler: gcc gcc (Ubuntu 13.3.0-6ubuntu2~24.04) 13.3.0

Windows Server 2022
	Kernel: 10.0.20348.2031
	Compiler: clang 15.0.7, gcc 14.1.0 (MinGW), and MSVC VS 19.39.33521

Ubuntu 22.04
	Kernel: 5.15
	Compiler: gcc gcc (Ubuntu 11.4.0-1ubuntu1~22.04) 11.4.0

Red Hat Enterprise Linux 8.10
	Kernel: 5.15
	Compiler: gcc gcc (GCC) 8.5.0 20210514 (Red Hat 8.5.0-22)

Debian GNU/Linux 12
	Kernel: 5.15
	Compiler: gcc gcc (Debian 12.2.0-14+deb12u1) 12.2.0

CentOS Stream 9
	Kernel: 5.15
	Compiler: gcc gcc (GCC) 11.5.0 20240719 (Red Hat 11.5.0-11)

Red Hat Enterprise Linux 9.5
	Kernel: 5.15
	Compiler: gcc gcc (GCC) 11.5.0 20240719 (Red Hat 11.5.0-2)

To view detailed results, visit:
https://lab.dpdk.org/results/dashboard/patchsets/34349/

UNH-IOL DPDK Community Lab

To manage your email subscriptions, visit: 
https://lab.dpdk.org/results/dashboard/preferences/subscriptions/

^ permalink raw reply	[flat|nested] 22+ messages in thread

* |PENDING| pw157992-157994 [PATCH] [v5,3/3] dts: add performance test
       [not found] <20251023013049.1368129-4-probb@iol.unh.edu>
                   ` (3 preceding siblings ...)
  2025-10-23  2:05 ` dpdklab
@ 2025-10-23  2:11 ` dpdklab
  2025-10-23  2:13 ` |SUCCESS| " dpdklab
                   ` (16 subsequent siblings)
  21 siblings, 0 replies; 22+ messages in thread
From: dpdklab @ 2025-10-23  2:11 UTC (permalink / raw)
  To: Test Report; +Cc: dpdk-test-reports

Test-Label: iol-sample-apps-testing
Test-Status: PENDING
http://dpdk.org/patch/157994

_Testing pending_

Submitter: Patrick Robb <probb@iol.unh.edu>
Date: Thursday, October 23 2025 01:30:49 
DPDK git baseline: Repo:dpdk-next-dts
  Branch: master
  CommitID:c1abcee5a9656fb4890b733e6051aa604c60f146

157992-157994 --> testing pending

Upstream job id: Template-DTS-Pipeline#250778

Test environment and result as below:

+--------------+----------------------+----------------------+
| Environment  | dpdk_fips_validation | compressdev_zlib_pmd |
+==============+======================+======================+
| Ubuntu 20.04 | PEND                 | SKIPPED              |
+--------------+----------------------+----------------------+
| Ubuntu 22.04 | SKIPPED              | PASS                 |
+--------------+----------------------+----------------------+


Ubuntu 20.04
	Kernel: 5.15
	Compiler: gcc gcc (Ubuntu 9.4.0-1ubuntu1~20.04.2) 9.4.0

Ubuntu 22.04
	Kernel: 5.15
	Compiler: gcc gcc (Ubuntu 11.4.0-1ubuntu1~22.04.2) 11.4.0

To view detailed results, visit:
https://lab.dpdk.org/results/dashboard/patchsets/34349/

UNH-IOL DPDK Community Lab

To manage your email subscriptions, visit: 
https://lab.dpdk.org/results/dashboard/preferences/subscriptions/

^ permalink raw reply	[flat|nested] 22+ messages in thread

* |SUCCESS| pw157992-157994 [PATCH] [v5,3/3] dts: add performance test
       [not found] <20251023013049.1368129-4-probb@iol.unh.edu>
                   ` (4 preceding siblings ...)
  2025-10-23  2:11 ` dpdklab
@ 2025-10-23  2:13 ` dpdklab
  2025-10-23  2:16 ` |PENDING| " dpdklab
                   ` (15 subsequent siblings)
  21 siblings, 0 replies; 22+ messages in thread
From: dpdklab @ 2025-10-23  2:13 UTC (permalink / raw)
  To: Test Report; +Cc: dpdk-test-reports

Test-Label: iol-intel-Functional
Test-Status: SUCCESS
http://dpdk.org/patch/157994

_Functional Testing PASS_

Submitter: Patrick Robb <probb@iol.unh.edu>
Date: Thursday, October 23 2025 01:30:49 
DPDK git baseline: Repo:dpdk-next-dts
  Branch: master
  CommitID:c1abcee5a9656fb4890b733e6051aa604c60f146

157992-157994 --> functional testing pass

Upstream job id: Template-DTS-Pipeline#250779

Test environment and result as below:

Ubuntu 24.04
Kernel: 6.8
Compiler: gcc gcc (Ubuntu 13.3.0-6ubuntu2~24.04) 13.3.0
NIC: Intel Corporation 4xxx Series QAT 0 Mbps

Aggregate Results by Test Suite
+----------------------------+--------+
|         Test Suite         | Result |
+============================+========+
| crypto_perf_cryptodev_perf |  PASS  |
+----------------------------+--------+


To view detailed results, visit:
https://lab.dpdk.org/results/dashboard/patchsets/34349/

UNH-IOL DPDK Community Lab

To manage your email subscriptions, visit: 
https://lab.dpdk.org/results/dashboard/preferences/subscriptions/

^ permalink raw reply	[flat|nested] 22+ messages in thread

* |PENDING| pw157992-157994 [PATCH] [v5,3/3] dts: add performance test
       [not found] <20251023013049.1368129-4-probb@iol.unh.edu>
                   ` (5 preceding siblings ...)
  2025-10-23  2:13 ` |SUCCESS| " dpdklab
@ 2025-10-23  2:16 ` dpdklab
  2025-10-23  2:16 ` |FAILURE| " dpdklab
                   ` (14 subsequent siblings)
  21 siblings, 0 replies; 22+ messages in thread
From: dpdklab @ 2025-10-23  2:16 UTC (permalink / raw)
  To: Test Report; +Cc: dpdk-test-reports

Test-Label: iol-unit-arm64-testing
Test-Status: PENDING
http://dpdk.org/patch/157994

_Testing pending_

Submitter: Patrick Robb <probb@iol.unh.edu>
Date: Thursday, October 23 2025 01:30:49 
DPDK git baseline: Repo:dpdk-next-dts
  Branch: master
  CommitID:c1abcee5a9656fb4890b733e6051aa604c60f146

157992-157994 --> testing pending

Upstream job id: Generic-Unit-Test-DPDK#384211

Test environment and result as below:

+------------------------------+---------------------------+------------------------------+--------------+----------------+
|         Environment          | cryptodev_sw_zuc_autotest | cryptodev_sw_snow3g_autotest | lpm_autotest | dpdk_unit_test |
+==============================+===========================+==============================+==============+================+
| Debian 12 (arm)              | PEND                      | PEND                         | SKIPPED      | SKIPPED        |
+------------------------------+---------------------------+------------------------------+--------------+----------------+
| Ubuntu 20.04                 | SKIPPED                   | SKIPPED                      | PASS         | PEND           |
+------------------------------+---------------------------+------------------------------+--------------+----------------+
| Fedora Linux 41              | SKIPPED                   | SKIPPED                      | SKIPPED      | PEND           |
+------------------------------+---------------------------+------------------------------+--------------+----------------+
| Debian GNU/Linux 12          | SKIPPED                   | SKIPPED                      | SKIPPED      | PEND           |
+------------------------------+---------------------------+------------------------------+--------------+----------------+
| Fedora Linux 42              | SKIPPED                   | SKIPPED                      | SKIPPED      | PEND           |
+------------------------------+---------------------------+------------------------------+--------------+----------------+
| Ubuntu 22.04                 | SKIPPED                   | SKIPPED                      | SKIPPED      | PEND           |
+------------------------------+---------------------------+------------------------------+--------------+----------------+
| CentOS Stream 10             | SKIPPED                   | SKIPPED                      | SKIPPED      | PEND           |
+------------------------------+---------------------------+------------------------------+--------------+----------------+
| CentOS Stream 9              | SKIPPED                   | SKIPPED                      | SKIPPED      | PEND           |
+------------------------------+---------------------------+------------------------------+--------------+----------------+
| Fedora Linux 40              | SKIPPED                   | SKIPPED                      | SKIPPED      | PEND           |
+------------------------------+---------------------------+------------------------------+--------------+----------------+
| Ubuntu 24.04                 | SKIPPED                   | SKIPPED                      | SKIPPED      | PEND           |
+------------------------------+---------------------------+------------------------------+--------------+----------------+
| Red Hat Enterprise Linux 9.5 | SKIPPED                   | SKIPPED                      | SKIPPED      | PEND           |
+------------------------------+---------------------------+------------------------------+--------------+----------------+


Debian 12 (arm)
	Kernel: Depends on container host
	Compiler: gcc (Debian 12.2.0-14) 12.2.0

Ubuntu 20.04
	Kernel: 5.4
	Compiler: gcc gcc (Ubuntu 9.4.0-1ubuntu1~20.04.2) 9.4.0

Fedora Linux 41
	Kernel: 5.4
	Compiler: clang gcc (GCC) 14.3.1 20250523 (Red Hat 14.3.1-1)

Debian GNU/Linux 12
	Kernel: 5.4
	Compiler: gcc gcc (Debian 12.2.0-14+deb12u1) 12.2.0

Fedora Linux 42
	Kernel: 5.4
	Compiler: clang gcc (GCC) 15.2.1 20250808 (Red Hat 15.2.1-1)

Ubuntu 22.04
	Kernel: 5.15
	Compiler: gcc gcc (Ubuntu 11.4.0-1ubuntu1~22.04.2) 11.4.0

CentOS Stream 10
	Kernel: 5.4
	Compiler: gcc gcc (GCC) 14.2.1 20250110 (Red Hat 14.2.1-8)

CentOS Stream 9
	Kernel: 5.4
	Compiler: gcc gcc (GCC) 11.5.0 20240719 (Red Hat 11.5.0-11)

Fedora Linux 40
	Kernel: 5.4
	Compiler: gcc gcc (GCC) 14.2.1 20240912 (Red Hat 14.2.1-3)

Ubuntu 24.04
	Kernel: 5.4
	Compiler: gcc gcc (Ubuntu 13.3.0-6ubuntu2~24.04) 13.3.0

Red Hat Enterprise Linux 9.5
	Kernel: 5.4
	Compiler: gcc gcc (GCC) 11.5.0 20240719 (Red Hat 11.5.0-2)

To view detailed results, visit:
https://lab.dpdk.org/results/dashboard/patchsets/34349/

UNH-IOL DPDK Community Lab

To manage your email subscriptions, visit: 
https://lab.dpdk.org/results/dashboard/preferences/subscriptions/

^ permalink raw reply	[flat|nested] 22+ messages in thread

* |FAILURE| pw157992-157994 [PATCH] [v5,3/3] dts: add performance test
       [not found] <20251023013049.1368129-4-probb@iol.unh.edu>
                   ` (6 preceding siblings ...)
  2025-10-23  2:16 ` |PENDING| " dpdklab
@ 2025-10-23  2:16 ` dpdklab
  2025-10-23  2:16 ` dpdklab
                   ` (13 subsequent siblings)
  21 siblings, 0 replies; 22+ messages in thread
From: dpdklab @ 2025-10-23  2:16 UTC (permalink / raw)
  To: Test Report; +Cc: dpdk-test-reports, Patrick Robb

Test-Label: iol-compile-amd64-testing
Test-Status: FAILURE
http://dpdk.org/patch/157994

_Testing issues_

Submitter: Patrick Robb <probb@iol.unh.edu>
Date: Thursday, October 23 2025 01:30:49 
DPDK git baseline: Repo:dpdk-next-dts
  Branch: master
  CommitID:c1abcee5a9656fb4890b733e6051aa604c60f146

157992-157994 --> testing issues

Upstream job id: Generic-DPDK-Compile-Meson#436816

Test environment and result as below:

+-------------------------------+--------------------+------------------+-------------------+-------------------------+-------------------+----------------------+
|          Environment          | dpdk_meson_compile | dpdk_compile_ovs | dpdk_compile_spdk | dpdk_llvm_clang_compile | dpdk_msvc_compile | dpdk_mingw64_compile |
+===============================+====================+==================+===================+=========================+===================+======================+
| Fedora Linux 42               | PEND               | PEND             | PEND              | SKIPPED                 | SKIPPED           | SKIPPED              |
+-------------------------------+--------------------+------------------+-------------------+-------------------------+-------------------+----------------------+
| Debian GNU/Linux 12           | PASS               | SKIPPED          | WARN              | SKIPPED                 | SKIPPED           | SKIPPED              |
+-------------------------------+--------------------+------------------+-------------------+-------------------------+-------------------+----------------------+
| CentOS Stream 9               | PEND               | SKIPPED          | PEND              | SKIPPED                 | SKIPPED           | SKIPPED              |
+-------------------------------+--------------------+------------------+-------------------+-------------------------+-------------------+----------------------+
| CentOS Stream 10              | PASS               | SKIPPED          | SKIPPED           | SKIPPED                 | SKIPPED           | SKIPPED              |
+-------------------------------+--------------------+------------------+-------------------+-------------------------+-------------------+----------------------+
| Red Hat Enterprise Linux 9.5  | PASS               | SKIPPED          | SKIPPED           | SKIPPED                 | SKIPPED           | SKIPPED              |
+-------------------------------+--------------------+------------------+-------------------+-------------------------+-------------------+----------------------+
| openSUSE Leap 15.6            | PASS               | SKIPPED          | SKIPPED           | SKIPPED                 | SKIPPED           | SKIPPED              |
+-------------------------------+--------------------+------------------+-------------------+-------------------------+-------------------+----------------------+
| Red Hat Enterprise Linux 8.10 | PASS               | SKIPPED          | SKIPPED           | SKIPPED                 | SKIPPED           | SKIPPED              |
+-------------------------------+--------------------+------------------+-------------------+-------------------------+-------------------+----------------------+
| Ubuntu 24.04                  | PEND               | PEND             | PEND              | SKIPPED                 | SKIPPED           | SKIPPED              |
+-------------------------------+--------------------+------------------+-------------------+-------------------------+-------------------+----------------------+
| Ubuntu 20.04                  | PASS               | SKIPPED          | SKIPPED           | SKIPPED                 | SKIPPED           | SKIPPED              |
+-------------------------------+--------------------+------------------+-------------------+-------------------------+-------------------+----------------------+
| Ubuntu 22.04                  | PEND               | SKIPPED          | PEND              | SKIPPED                 | SKIPPED           | SKIPPED              |
+-------------------------------+--------------------+------------------+-------------------+-------------------------+-------------------+----------------------+
| FreeBSD 14.2                  | PASS               | SKIPPED          | SKIPPED           | SKIPPED                 | SKIPPED           | SKIPPED              |
+-------------------------------+--------------------+------------------+-------------------+-------------------------+-------------------+----------------------+
| Alpine Linux 3.22.0           | PASS               | SKIPPED          | SKIPPED           | SKIPPED                 | SKIPPED           | SKIPPED              |
+-------------------------------+--------------------+------------------+-------------------+-------------------------+-------------------+----------------------+
| Windows Server 2022           | SKIPPED            | SKIPPED          | SKIPPED           | PASS                    | PEND              | PEND                 |
+-------------------------------+--------------------+------------------+-------------------+-------------------------+-------------------+----------------------+

==== 20 line log output for Debian GNU/Linux 12 (dpdk_compile_spdk): ====
 --- Failed to get log output --- 
==== End log output ====

Fedora Linux 42
	Kernel: 5.15
	Compiler: gcc gcc (GCC) 15.2.1 20250808 (Red Hat 15.2.1-1)

Debian GNU/Linux 12
	Kernel: 5.15
	Compiler: gcc gcc (Debian 12.2.0-14+deb12u1) 12.2.0

CentOS Stream 9
	Kernel: 5.15
	Compiler: gcc gcc (GCC) 11.5.0 20240719 (Red Hat 11.5.0-11)

CentOS Stream 10
	Kernel: 5.15
	Compiler: gcc gcc (GCC) 14.2.1 20250110 (Red Hat 14.2.1-8)

Red Hat Enterprise Linux 9.5
	Kernel: 5.15
	Compiler: gcc gcc (GCC) 11.5.0 20240719 (Red Hat 11.5.0-2)

openSUSE Leap 15.6
	Kernel: 5.15
	Compiler: gcc gcc (SUSE Linux) 7.5.0

Red Hat Enterprise Linux 8.10
	Kernel: 5.15
	Compiler: gcc gcc (GCC) 8.5.0 20210514 (Red Hat 8.5.0-22)

Ubuntu 24.04
	Kernel: 5.15
	Compiler: gcc gcc (Ubuntu 13.3.0-6ubuntu2~24.04) 13.3.0

Ubuntu 20.04
	Kernel: 4.19
	Compiler: gcc gcc (Ubuntu 9.4.0-1ubuntu1~20.04.2) 9.4.0

Ubuntu 22.04
	Kernel: 5.15
	Compiler: gcc gcc (Ubuntu 11.4.0-1ubuntu1~22.04) 11.4.0

FreeBSD 14.2
	Kernel: 14.2-RELEASE
	Compiler: clang 18.1.6

Alpine Linux 3.22.0
	Kernel: 5.15
	Compiler: gcc gcc (Alpine 14.2.0) 14.2.0

Windows Server 2022
	Kernel: 10.0.20348.2031
	Compiler: clang 15.0.7, gcc 14.1.0 (MinGW), and MSVC VS 19.39.33521

To view detailed results, visit:
https://lab.dpdk.org/results/dashboard/patchsets/34349/

UNH-IOL DPDK Community Lab

To manage your email subscriptions, visit: 
https://lab.dpdk.org/results/dashboard/preferences/subscriptions/

^ permalink raw reply	[flat|nested] 22+ messages in thread

* |FAILURE| pw157992-157994 [PATCH] [v5,3/3] dts: add performance test
       [not found] <20251023013049.1368129-4-probb@iol.unh.edu>
                   ` (7 preceding siblings ...)
  2025-10-23  2:16 ` |FAILURE| " dpdklab
@ 2025-10-23  2:16 ` dpdklab
  2025-10-23  2:16 ` dpdklab
                   ` (12 subsequent siblings)
  21 siblings, 0 replies; 22+ messages in thread
From: dpdklab @ 2025-10-23  2:16 UTC (permalink / raw)
  To: Test Report; +Cc: dpdk-test-reports, Patrick Robb

Test-Label: iol-compile-amd64-testing
Test-Status: FAILURE
http://dpdk.org/patch/157994

_Testing issues_

Submitter: Patrick Robb <probb@iol.unh.edu>
Date: Thursday, October 23 2025 01:30:49 
DPDK git baseline: Repo:dpdk-next-dts
  Branch: master
  CommitID:c1abcee5a9656fb4890b733e6051aa604c60f146

157992-157994 --> testing issues

Upstream job id: Generic-DPDK-Compile-Meson#436820

Test environment and result as below:

+-------------------------------+--------------------+------------------+-------------------+-------------------------+-------------------+----------------------+
|          Environment          | dpdk_meson_compile | dpdk_compile_ovs | dpdk_compile_spdk | dpdk_llvm_clang_compile | dpdk_msvc_compile | dpdk_mingw64_compile |
+===============================+====================+==================+===================+=========================+===================+======================+
| Fedora Linux 42               | PEND               | PEND             | PEND              | SKIPPED                 | SKIPPED           | SKIPPED              |
+-------------------------------+--------------------+------------------+-------------------+-------------------------+-------------------+----------------------+
| Debian GNU/Linux 12           | PASS               | SKIPPED          | WARN              | SKIPPED                 | SKIPPED           | SKIPPED              |
+-------------------------------+--------------------+------------------+-------------------+-------------------------+-------------------+----------------------+
| CentOS Stream 9               | PEND               | SKIPPED          | PEND              | SKIPPED                 | SKIPPED           | SKIPPED              |
+-------------------------------+--------------------+------------------+-------------------+-------------------------+-------------------+----------------------+
| CentOS Stream 10              | PASS               | SKIPPED          | SKIPPED           | SKIPPED                 | SKIPPED           | SKIPPED              |
+-------------------------------+--------------------+------------------+-------------------+-------------------------+-------------------+----------------------+
| Red Hat Enterprise Linux 9.5  | PASS               | SKIPPED          | SKIPPED           | SKIPPED                 | SKIPPED           | SKIPPED              |
+-------------------------------+--------------------+------------------+-------------------+-------------------------+-------------------+----------------------+
| openSUSE Leap 15.6            | PASS               | SKIPPED          | SKIPPED           | SKIPPED                 | SKIPPED           | SKIPPED              |
+-------------------------------+--------------------+------------------+-------------------+-------------------------+-------------------+----------------------+
| Red Hat Enterprise Linux 8.10 | PASS               | SKIPPED          | SKIPPED           | SKIPPED                 | SKIPPED           | SKIPPED              |
+-------------------------------+--------------------+------------------+-------------------+-------------------------+-------------------+----------------------+
| Ubuntu 24.04                  | PEND               | PEND             | PEND              | SKIPPED                 | SKIPPED           | SKIPPED              |
+-------------------------------+--------------------+------------------+-------------------+-------------------------+-------------------+----------------------+
| Ubuntu 20.04                  | PASS               | SKIPPED          | SKIPPED           | SKIPPED                 | SKIPPED           | SKIPPED              |
+-------------------------------+--------------------+------------------+-------------------+-------------------------+-------------------+----------------------+
| Ubuntu 22.04                  | PEND               | SKIPPED          | PEND              | SKIPPED                 | SKIPPED           | SKIPPED              |
+-------------------------------+--------------------+------------------+-------------------+-------------------------+-------------------+----------------------+
| FreeBSD 14.2                  | PASS               | SKIPPED          | SKIPPED           | SKIPPED                 | SKIPPED           | SKIPPED              |
+-------------------------------+--------------------+------------------+-------------------+-------------------------+-------------------+----------------------+
| Alpine Linux 3.22.0           | PASS               | SKIPPED          | SKIPPED           | SKIPPED                 | SKIPPED           | SKIPPED              |
+-------------------------------+--------------------+------------------+-------------------+-------------------------+-------------------+----------------------+
| Windows Server 2022           | SKIPPED            | SKIPPED          | SKIPPED           | PASS                    | PEND              | PEND                 |
+-------------------------------+--------------------+------------------+-------------------+-------------------------+-------------------+----------------------+

==== 20 line log output for Debian GNU/Linux 12 (dpdk_compile_spdk): ====
 --- Failed to get log output --- 
==== End log output ====

Fedora Linux 42
	Kernel: 5.15
	Compiler: gcc gcc (GCC) 15.2.1 20250808 (Red Hat 15.2.1-1)

Debian GNU/Linux 12
	Kernel: 5.15
	Compiler: gcc gcc (Debian 12.2.0-14+deb12u1) 12.2.0

CentOS Stream 9
	Kernel: 5.15
	Compiler: gcc gcc (GCC) 11.5.0 20240719 (Red Hat 11.5.0-11)

CentOS Stream 10
	Kernel: 5.15
	Compiler: gcc gcc (GCC) 14.2.1 20250110 (Red Hat 14.2.1-8)

Red Hat Enterprise Linux 9.5
	Kernel: 5.15
	Compiler: gcc gcc (GCC) 11.5.0 20240719 (Red Hat 11.5.0-2)

openSUSE Leap 15.6
	Kernel: 5.15
	Compiler: gcc gcc (SUSE Linux) 7.5.0

Red Hat Enterprise Linux 8.10
	Kernel: 5.15
	Compiler: gcc gcc (GCC) 8.5.0 20210514 (Red Hat 8.5.0-22)

Ubuntu 24.04
	Kernel: 5.15
	Compiler: gcc gcc (Ubuntu 13.3.0-6ubuntu2~24.04) 13.3.0

Ubuntu 20.04
	Kernel: 4.19
	Compiler: gcc gcc (Ubuntu 9.4.0-1ubuntu1~20.04.2) 9.4.0

Ubuntu 22.04
	Kernel: 5.15
	Compiler: gcc gcc (Ubuntu 11.4.0-1ubuntu1~22.04) 11.4.0

FreeBSD 14.2
	Kernel: 14.2-RELEASE
	Compiler: clang 18.1.6

Alpine Linux 3.22.0
	Kernel: 5.15
	Compiler: gcc gcc (Alpine 14.2.0) 14.2.0

Windows Server 2022
	Kernel: 10.0.20348.2031
	Compiler: clang 15.0.7, gcc 14.1.0 (MinGW), and MSVC VS 19.39.33521

To view detailed results, visit:
https://lab.dpdk.org/results/dashboard/patchsets/34349/

UNH-IOL DPDK Community Lab

To manage your email subscriptions, visit: 
https://lab.dpdk.org/results/dashboard/preferences/subscriptions/

^ permalink raw reply	[flat|nested] 22+ messages in thread

* |FAILURE| pw157992-157994 [PATCH] [v5,3/3] dts: add performance test
       [not found] <20251023013049.1368129-4-probb@iol.unh.edu>
                   ` (8 preceding siblings ...)
  2025-10-23  2:16 ` dpdklab
@ 2025-10-23  2:16 ` dpdklab
  2025-10-23  2:18 ` |PENDING| " dpdklab
                   ` (11 subsequent siblings)
  21 siblings, 0 replies; 22+ messages in thread
From: dpdklab @ 2025-10-23  2:16 UTC (permalink / raw)
  To: Test Report; +Cc: dpdk-test-reports, Patrick Robb

Test-Label: iol-compile-amd64-testing
Test-Status: FAILURE
http://dpdk.org/patch/157994

_Testing issues_

Submitter: Patrick Robb <probb@iol.unh.edu>
Date: Thursday, October 23 2025 01:30:49 
DPDK git baseline: Repo:dpdk-next-dts
  Branch: master
  CommitID:c1abcee5a9656fb4890b733e6051aa604c60f146

157992-157994 --> testing issues

Upstream job id: Generic-DPDK-Compile-Meson#436817

Test environment and result as below:

+-------------------------------+--------------------+------------------+-------------------+-------------------------+-------------------+----------------------+
|          Environment          | dpdk_meson_compile | dpdk_compile_ovs | dpdk_compile_spdk | dpdk_llvm_clang_compile | dpdk_msvc_compile | dpdk_mingw64_compile |
+===============================+====================+==================+===================+=========================+===================+======================+
| Fedora Linux 42               | PEND               | PEND             | PEND              | SKIPPED                 | SKIPPED           | SKIPPED              |
+-------------------------------+--------------------+------------------+-------------------+-------------------------+-------------------+----------------------+
| Debian GNU/Linux 12           | PASS               | SKIPPED          | WARN              | SKIPPED                 | SKIPPED           | SKIPPED              |
+-------------------------------+--------------------+------------------+-------------------+-------------------------+-------------------+----------------------+
| CentOS Stream 9               | PEND               | SKIPPED          | PEND              | SKIPPED                 | SKIPPED           | SKIPPED              |
+-------------------------------+--------------------+------------------+-------------------+-------------------------+-------------------+----------------------+
| CentOS Stream 10              | PASS               | SKIPPED          | SKIPPED           | SKIPPED                 | SKIPPED           | SKIPPED              |
+-------------------------------+--------------------+------------------+-------------------+-------------------------+-------------------+----------------------+
| Red Hat Enterprise Linux 9.5  | PASS               | SKIPPED          | SKIPPED           | SKIPPED                 | SKIPPED           | SKIPPED              |
+-------------------------------+--------------------+------------------+-------------------+-------------------------+-------------------+----------------------+
| openSUSE Leap 15.6            | PASS               | SKIPPED          | SKIPPED           | SKIPPED                 | SKIPPED           | SKIPPED              |
+-------------------------------+--------------------+------------------+-------------------+-------------------------+-------------------+----------------------+
| Red Hat Enterprise Linux 8.10 | PASS               | SKIPPED          | SKIPPED           | SKIPPED                 | SKIPPED           | SKIPPED              |
+-------------------------------+--------------------+------------------+-------------------+-------------------------+-------------------+----------------------+
| Ubuntu 24.04                  | PEND               | PEND             | PEND              | SKIPPED                 | SKIPPED           | SKIPPED              |
+-------------------------------+--------------------+------------------+-------------------+-------------------------+-------------------+----------------------+
| Ubuntu 20.04                  | PASS               | SKIPPED          | SKIPPED           | SKIPPED                 | SKIPPED           | SKIPPED              |
+-------------------------------+--------------------+------------------+-------------------+-------------------------+-------------------+----------------------+
| Ubuntu 22.04                  | PEND               | SKIPPED          | PEND              | SKIPPED                 | SKIPPED           | SKIPPED              |
+-------------------------------+--------------------+------------------+-------------------+-------------------------+-------------------+----------------------+
| FreeBSD 14.2                  | PASS               | SKIPPED          | SKIPPED           | SKIPPED                 | SKIPPED           | SKIPPED              |
+-------------------------------+--------------------+------------------+-------------------+-------------------------+-------------------+----------------------+
| Alpine Linux 3.22.0           | PASS               | SKIPPED          | SKIPPED           | SKIPPED                 | SKIPPED           | SKIPPED              |
+-------------------------------+--------------------+------------------+-------------------+-------------------------+-------------------+----------------------+
| Windows Server 2022           | SKIPPED            | SKIPPED          | SKIPPED           | PASS                    | PEND              | PEND                 |
+-------------------------------+--------------------+------------------+-------------------+-------------------------+-------------------+----------------------+

==== 20 line log output for Debian GNU/Linux 12 (dpdk_compile_spdk): ====
 --- Failed to get log output --- 
==== End log output ====

Fedora Linux 42
	Kernel: 5.15
	Compiler: gcc gcc (GCC) 15.2.1 20250808 (Red Hat 15.2.1-1)

Debian GNU/Linux 12
	Kernel: 5.15
	Compiler: gcc gcc (Debian 12.2.0-14+deb12u1) 12.2.0

CentOS Stream 9
	Kernel: 5.15
	Compiler: gcc gcc (GCC) 11.5.0 20240719 (Red Hat 11.5.0-11)

CentOS Stream 10
	Kernel: 5.15
	Compiler: gcc gcc (GCC) 14.2.1 20250110 (Red Hat 14.2.1-8)

Red Hat Enterprise Linux 9.5
	Kernel: 5.15
	Compiler: gcc gcc (GCC) 11.5.0 20240719 (Red Hat 11.5.0-2)

openSUSE Leap 15.6
	Kernel: 5.15
	Compiler: gcc gcc (SUSE Linux) 7.5.0

Red Hat Enterprise Linux 8.10
	Kernel: 5.15
	Compiler: gcc gcc (GCC) 8.5.0 20210514 (Red Hat 8.5.0-22)

Ubuntu 24.04
	Kernel: 5.15
	Compiler: gcc gcc (Ubuntu 13.3.0-6ubuntu2~24.04) 13.3.0

Ubuntu 20.04
	Kernel: 4.19
	Compiler: gcc gcc (Ubuntu 9.4.0-1ubuntu1~20.04.2) 9.4.0

Ubuntu 22.04
	Kernel: 5.15
	Compiler: gcc gcc (Ubuntu 11.4.0-1ubuntu1~22.04) 11.4.0

FreeBSD 14.2
	Kernel: 14.2-RELEASE
	Compiler: clang 18.1.6

Alpine Linux 3.22.0
	Kernel: 5.15
	Compiler: gcc gcc (Alpine 14.2.0) 14.2.0

Windows Server 2022
	Kernel: 10.0.20348.2031
	Compiler: clang 15.0.7, gcc 14.1.0 (MinGW), and MSVC VS 19.39.33521

To view detailed results, visit:
https://lab.dpdk.org/results/dashboard/patchsets/34349/

UNH-IOL DPDK Community Lab

To manage your email subscriptions, visit: 
https://lab.dpdk.org/results/dashboard/preferences/subscriptions/

^ permalink raw reply	[flat|nested] 22+ messages in thread

* |PENDING| pw157992-157994 [PATCH] [v5,3/3] dts: add performance test
       [not found] <20251023013049.1368129-4-probb@iol.unh.edu>
                   ` (9 preceding siblings ...)
  2025-10-23  2:16 ` dpdklab
@ 2025-10-23  2:18 ` dpdklab
  2025-10-23  2:25 ` |SUCCESS| " dpdklab
                   ` (10 subsequent siblings)
  21 siblings, 0 replies; 22+ messages in thread
From: dpdklab @ 2025-10-23  2:18 UTC (permalink / raw)
  To: Test Report; +Cc: dpdk-test-reports

Test-Label: iol-compile-arm64-testing
Test-Status: PENDING
http://dpdk.org/patch/157994

_Testing pending_

Submitter: Patrick Robb <probb@iol.unh.edu>
Date: Thursday, October 23 2025 01:30:49 
DPDK git baseline: Repo:dpdk-next-dts
  Branch: master
  CommitID:c1abcee5a9656fb4890b733e6051aa604c60f146

157992-157994 --> testing pending

Upstream job id: Generic-DPDK-Compile-Meson#436841

Test environment and result as below:

+------------------------------+--------------------+
|         Environment          | dpdk_meson_compile |
+==============================+====================+
| Red Hat Enterprise Linux 9.5 | PEND               |
+------------------------------+--------------------+
| Ubuntu 20.04                 | PASS               |
+------------------------------+--------------------+
| Ubuntu 24.04                 | PEND               |
+------------------------------+--------------------+
| CentOS Stream 9              | PEND               |
+------------------------------+--------------------+
| Debian GNU/Linux 12          | PEND               |
+------------------------------+--------------------+
| Fedora Linux 42              | PEND               |
+------------------------------+--------------------+
| CentOS Stream 10             | PEND               |
+------------------------------+--------------------+
| Ubuntu 22.04                 | PEND               |
+------------------------------+--------------------+


Red Hat Enterprise Linux 9.5
	Kernel: 5.4
	Compiler: gcc gcc (GCC) 11.5.0 20240719 (Red Hat 11.5.0-2)

Ubuntu 20.04
	Kernel: 5.15
	Compiler: aarch64-linux-gnu-gcc gcc (Ubuntu 9.4.0-1ubuntu1~20.04.2) 9.4.0

Ubuntu 24.04
	Kernel: 5.4
	Compiler: gcc gcc (Ubuntu 13.3.0-6ubuntu2~24.04) 13.3.0

CentOS Stream 9
	Kernel: 5.4
	Compiler: gcc gcc (GCC) 11.5.0 20240719 (Red Hat 11.5.0-11)

Debian GNU/Linux 12
	Kernel: 5.4
	Compiler: gcc gcc (Debian 12.2.0-14+deb12u1) 12.2.0

Fedora Linux 42
	Kernel: 5.4
	Compiler: clang gcc (GCC) 15.2.1 20250808 (Red Hat 15.2.1-1)

CentOS Stream 10
	Kernel: 5.4
	Compiler: gcc gcc (GCC) 14.2.1 20250110 (Red Hat 14.2.1-8)

Ubuntu 22.04
	Kernel: 5.4
	Compiler: gcc gcc (Ubuntu 11.4.0-1ubuntu1~22.04) 11.4.0

To view detailed results, visit:
https://lab.dpdk.org/results/dashboard/patchsets/34349/

UNH-IOL DPDK Community Lab

To manage your email subscriptions, visit: 
https://lab.dpdk.org/results/dashboard/preferences/subscriptions/

^ permalink raw reply	[flat|nested] 22+ messages in thread

* |SUCCESS| pw157992-157994 [PATCH] [v5,3/3] dts: add performance test
       [not found] <20251023013049.1368129-4-probb@iol.unh.edu>
                   ` (10 preceding siblings ...)
  2025-10-23  2:18 ` |PENDING| " dpdklab
@ 2025-10-23  2:25 ` dpdklab
  2025-10-23  2:25 ` dpdklab
                   ` (9 subsequent siblings)
  21 siblings, 0 replies; 22+ messages in thread
From: dpdklab @ 2025-10-23  2:25 UTC (permalink / raw)
  To: Test Report; +Cc: dpdk-test-reports

Test-Label: iol-intel-Functional
Test-Status: SUCCESS
http://dpdk.org/patch/157994

_Functional Testing PASS_

Submitter: Patrick Robb <probb@iol.unh.edu>
Date: Thursday, October 23 2025 01:30:49 
DPDK git baseline: Repo:dpdk-next-dts
  Branch: master
  CommitID:c1abcee5a9656fb4890b733e6051aa604c60f146

157992-157994 --> functional testing pass

Upstream job id: Template-DTS-Pipeline#250773

Test environment and result as below:

Ubuntu 24.04
Kernel: 6.8
Compiler: gcc gcc (Ubuntu 13.3.0-6ubuntu2~24.04) 13.3.0
NIC: Intel Corporation 4xxx Series QAT 0 Mbps

Aggregate Results by Test Suite
+----------------------------+--------+
|         Test Suite         | Result |
+============================+========+
| crypto_perf_cryptodev_perf |  PASS  |
+----------------------------+--------+


Ubuntu 20.04
Kernel: 5.4
Compiler: gcc gcc (Ubuntu 9.4.0-1ubuntu1~20.04.1) 9.4.0
NIC: Intel Corporation Ethernet Converged Network Adapter XL710-QDA2 40000 Mbps

Aggregate Results by Test Suite
+-----------------------------+--------+
|         Test Suite          | Result |
+=============================+========+
| unit_tests_mbuf             |  PASS  |
+-----------------------------+--------+
| vhost_virtio_user_interrupt |  PASS  |
+-----------------------------+--------+
| virtio_smoke                |  PASS  |
+-----------------------------+--------+


To view detailed results, visit:
https://lab.dpdk.org/results/dashboard/patchsets/34349/

UNH-IOL DPDK Community Lab

To manage your email subscriptions, visit: 
https://lab.dpdk.org/results/dashboard/preferences/subscriptions/

^ permalink raw reply	[flat|nested] 22+ messages in thread

* |SUCCESS| pw157992-157994 [PATCH] [v5,3/3] dts: add performance test
       [not found] <20251023013049.1368129-4-probb@iol.unh.edu>
                   ` (11 preceding siblings ...)
  2025-10-23  2:25 ` |SUCCESS| " dpdklab
@ 2025-10-23  2:25 ` dpdklab
  2025-10-23  2:25 ` dpdklab
                   ` (8 subsequent siblings)
  21 siblings, 0 replies; 22+ messages in thread
From: dpdklab @ 2025-10-23  2:25 UTC (permalink / raw)
  To: Test Report; +Cc: dpdk-test-reports

Test-Label: iol-intel-Performance
Test-Status: SUCCESS
http://dpdk.org/patch/157994

_Performance Testing PASS_

Submitter: Patrick Robb <probb@iol.unh.edu>
Date: Thursday, October 23 2025 01:30:49 
DPDK git baseline: Repo:dpdk-next-dts
  Branch: master
  CommitID:c1abcee5a9656fb4890b733e6051aa604c60f146

157992-157994 --> performance testing pass

Upstream job id: Template-DTS-Pipeline#250769

Test environment and result as below:

Ubuntu 22.04
Kernel: 5.15
Compiler: gcc gcc (Ubuntu 11.4.0-1ubuntu1~22.04.2) 11.4.0
NIC: Intel E810 100000 Mbps
Fail/Total: 0/2

Detail performance results: 
+------------+---------+----------+-------------+------------------------------+
| frame_size | txd/rxd | num_cpus | num_threads |  throughput difference from  |
|            |         |          |             |           expected           |
+============+=========+==========+=============+==============================+
| 64         | 512     | 1        | 1           | -0.0%                        |
+------------+---------+----------+-------------+------------------------------+
| 64         | 2048    | 1        | 1           | -0.8%                        |
+------------+---------+----------+-------------+------------------------------+

Ubuntu 20.04
Kernel: 5.4
Compiler: gcc gcc (Ubuntu 9.4.0-1ubuntu1~20.04.1) 9.4.0
NIC: Intel Corporation Ethernet Converged Network Adapter XL710-QDA2 40000 Mbps
Fail/Total: 0/4

Detail performance results: 
+----------+-------------+---------+------------+------------------------------+
| num_cpus | num_threads | txd/rxd | frame_size |  throughput difference from  |
|          |             |         |            |           expected           |
+==========+=============+=========+============+==============================+
| 1        | 2           | 512     | 64         | 1.2%                         |
+----------+-------------+---------+------------+------------------------------+
| 1        | 2           | 2048    | 64         | -2.2%                        |
+----------+-------------+---------+------------+------------------------------+
| 1        | 1           | 512     | 64         | 1.0%                         |
+----------+-------------+---------+------------+------------------------------+
| 1        | 1           | 2048    | 64         | 2.5%                         |
+----------+-------------+---------+------------+------------------------------+

Ubuntu 24.04
Kernel: 6.8
Compiler: gcc gcc (Ubuntu 13.3.0-6ubuntu2~24.04) 13.3.0
NIC: Intel E810 (Arm Grace Server) 100000 Mbps
Fail/Total: 0/2

Detail performance results: 
+------------+---------+----------+-------------+------------------------------+
| frame_size | txd/rxd | num_cpus | num_threads |  throughput difference from  |
|            |         |          |             |           expected           |
+============+=========+==========+=============+==============================+
| 64         | 512     | 1        | 1           | -0.2%                        |
+------------+---------+----------+-------------+------------------------------+
| 64         | 2048    | 1        | 1           | 0.6%                         |
+------------+---------+----------+-------------+------------------------------+

To view detailed results, visit:
https://lab.dpdk.org/results/dashboard/patchsets/34349/

UNH-IOL DPDK Community Lab

To manage your email subscriptions, visit: 
https://lab.dpdk.org/results/dashboard/preferences/subscriptions/

^ permalink raw reply	[flat|nested] 22+ messages in thread

* |SUCCESS| pw157992-157994 [PATCH] [v5,3/3] dts: add performance test
       [not found] <20251023013049.1368129-4-probb@iol.unh.edu>
                   ` (12 preceding siblings ...)
  2025-10-23  2:25 ` dpdklab
@ 2025-10-23  2:25 ` dpdklab
  2025-10-23  2:36 ` dpdklab
                   ` (7 subsequent siblings)
  21 siblings, 0 replies; 22+ messages in thread
From: dpdklab @ 2025-10-23  2:25 UTC (permalink / raw)
  To: Test Report; +Cc: dpdk-test-reports

Test-Label: iol-broadcom-Performance
Test-Status: SUCCESS
http://dpdk.org/patch/157994

_Performance Testing PASS_

Submitter: Patrick Robb <probb@iol.unh.edu>
Date: Thursday, October 23 2025 01:30:49 
DPDK git baseline: Repo:dpdk-next-dts
  Branch: master
  CommitID:c1abcee5a9656fb4890b733e6051aa604c60f146

157992-157994 --> performance testing pass

Upstream job id: Template-DTS-Pipeline#250771

Test environment and result as below:

Ubuntu 22.04
Kernel: 5.15
Compiler: gcc gcc (Ubuntu 11.4.0-1ubuntu1~22.04.2) 11.4.0
NIC: Arm Broadcom Inc. brcm_57414 25000 Mbps
Fail/Total: 0/2

Detail performance results: 
+------------+---------+----------+-------------+------------------------------+
| frame_size | txd/rxd | num_cpus | num_threads |  throughput difference from  |
|            |         |          |             |           expected           |
+============+=========+==========+=============+==============================+
| 64         | 512     | 1        | 1           | 0.1%                         |
+------------+---------+----------+-------------+------------------------------+
| 64         | 2048    | 1        | 1           | -0.2%                        |
+------------+---------+----------+-------------+------------------------------+

Ubuntu 22.04
Kernel: 5.15
Compiler: gcc gcc (Ubuntu 11.4.0-1ubuntu1~22.04) 11.4.0
NIC: Broadcom Inc. and subsidiaries BCM57414 NetXtreme-E 10Gb/25Gb RDMA Ethernet Controller 16d7 25 Mbps
Fail/Total: 0/3

Detail performance results: 
+------------+---------+----------+-------------+------------------------------+
| frame_size | txd/rxd | num_cpus | num_threads |  throughput difference from  |
|            |         |          |             |           expected           |
+============+=========+==========+=============+==============================+
| 64         | 128     | 1        | 1           | -0.1%                        |
+------------+---------+----------+-------------+------------------------------+
| 64         | 512     | 1        | 1           | 0.3%                         |
+------------+---------+----------+-------------+------------------------------+
| 64         | 2048    | 1        | 1           | -0.2%                        |
+------------+---------+----------+-------------+------------------------------+

To view detailed results, visit:
https://lab.dpdk.org/results/dashboard/patchsets/34349/

UNH-IOL DPDK Community Lab

To manage your email subscriptions, visit: 
https://lab.dpdk.org/results/dashboard/preferences/subscriptions/

^ permalink raw reply	[flat|nested] 22+ messages in thread

* |SUCCESS| pw157992-157994 [PATCH] [v5,3/3] dts: add performance test
       [not found] <20251023013049.1368129-4-probb@iol.unh.edu>
                   ` (13 preceding siblings ...)
  2025-10-23  2:25 ` dpdklab
@ 2025-10-23  2:36 ` dpdklab
  2025-10-23  2:36 ` dpdklab
                   ` (6 subsequent siblings)
  21 siblings, 0 replies; 22+ messages in thread
From: dpdklab @ 2025-10-23  2:36 UTC (permalink / raw)
  To: Test Report; +Cc: dpdk-test-reports

Test-Label: iol-unit-amd64-testing
Test-Status: SUCCESS
http://dpdk.org/patch/157994

_Testing PASS_

Submitter: Patrick Robb <probb@iol.unh.edu>
Date: Thursday, October 23 2025 01:30:49 
DPDK git baseline: Repo:dpdk-next-dts
  Branch: master
  CommitID:c1abcee5a9656fb4890b733e6051aa604c60f146

157992-157994 --> testing pass

Upstream job id: Generic-VM-Unit-Test-DPDK#31986

Test environment and result as below:

+-------------------------------+----------------+
|          Environment          | dpdk_unit_test |
+===============================+================+
| Fedora Linux 40               | PASS           |
+-------------------------------+----------------+
| Fedora Linux 42               | PASS           |
+-------------------------------+----------------+
| CentOS Stream 10              | PASS           |
+-------------------------------+----------------+
| Ubuntu 20.04                  | PASS           |
+-------------------------------+----------------+
| Fedora Linux 41               | PASS           |
+-------------------------------+----------------+
| Ubuntu 24.04                  | PASS           |
+-------------------------------+----------------+
| Windows Server 2022           | PASS           |
+-------------------------------+----------------+
| Ubuntu 22.04                  | PASS           |
+-------------------------------+----------------+
| Red Hat Enterprise Linux 8.10 | PASS           |
+-------------------------------+----------------+
| Debian GNU/Linux 12           | PASS           |
+-------------------------------+----------------+
| CentOS Stream 9               | PASS           |
+-------------------------------+----------------+
| Red Hat Enterprise Linux 9.5  | PASS           |
+-------------------------------+----------------+


Fedora Linux 40
	Kernel: 5.15
	Compiler: clang gcc (GCC) 14.2.1 20240912 (Red Hat 14.2.1-3)

Fedora Linux 42
	Kernel: 5.15
	Compiler: gcc gcc (GCC) 15.2.1 20250808 (Red Hat 15.2.1-1)

CentOS Stream 10
	Kernel: 5.15
	Compiler: gcc gcc (GCC) 14.2.1 20250110 (Red Hat 14.2.1-8)

Ubuntu 20.04
	Kernel: 5.15
	Compiler: gcc gcc (Ubuntu 9.4.0-1ubuntu1~20.04.2) 9.4.0

Fedora Linux 41
	Kernel: 5.15
	Compiler: gcc gcc (GCC) 14.3.1 20250523 (Red Hat 14.3.1-1)

Ubuntu 24.04
	Kernel: 5.15
	Compiler: gcc gcc (Ubuntu 13.3.0-6ubuntu2~24.04) 13.3.0

Windows Server 2022
	Kernel: 10.0.20348.2031
	Compiler: clang 15.0.7, gcc 14.1.0 (MinGW), and MSVC VS 19.39.33521

Ubuntu 22.04
	Kernel: 5.15
	Compiler: gcc gcc (Ubuntu 11.4.0-1ubuntu1~22.04) 11.4.0

Red Hat Enterprise Linux 8.10
	Kernel: 5.15
	Compiler: gcc gcc (GCC) 8.5.0 20210514 (Red Hat 8.5.0-22)

Debian GNU/Linux 12
	Kernel: 5.15
	Compiler: gcc gcc (Debian 12.2.0-14+deb12u1) 12.2.0

CentOS Stream 9
	Kernel: 5.15
	Compiler: gcc gcc (GCC) 11.5.0 20240719 (Red Hat 11.5.0-11)

Red Hat Enterprise Linux 9.5
	Kernel: 5.15
	Compiler: gcc gcc (GCC) 11.5.0 20240719 (Red Hat 11.5.0-2)

To view detailed results, visit:
https://lab.dpdk.org/results/dashboard/patchsets/34349/

UNH-IOL DPDK Community Lab

To manage your email subscriptions, visit: 
https://lab.dpdk.org/results/dashboard/preferences/subscriptions/

^ permalink raw reply	[flat|nested] 22+ messages in thread

* |SUCCESS| pw157992-157994 [PATCH] [v5,3/3] dts: add performance test
       [not found] <20251023013049.1368129-4-probb@iol.unh.edu>
                   ` (14 preceding siblings ...)
  2025-10-23  2:36 ` dpdklab
@ 2025-10-23  2:36 ` dpdklab
  2025-10-23  2:41 ` dpdklab
                   ` (5 subsequent siblings)
  21 siblings, 0 replies; 22+ messages in thread
From: dpdklab @ 2025-10-23  2:36 UTC (permalink / raw)
  To: Test Report; +Cc: dpdk-test-reports

Test-Label: iol-sample-apps-testing
Test-Status: SUCCESS
http://dpdk.org/patch/157994

_Testing PASS_

Submitter: Patrick Robb <probb@iol.unh.edu>
Date: Thursday, October 23 2025 01:30:49 
DPDK git baseline: Repo:dpdk-next-dts
  Branch: master
  CommitID:c1abcee5a9656fb4890b733e6051aa604c60f146

157992-157994 --> testing pass

Upstream job id: ACVP-FIPS-testing#11521

Test environment and result as below:

+--------------+----------------------+----------------------+
| Environment  | dpdk_fips_validation | compressdev_zlib_pmd |
+==============+======================+======================+
| Ubuntu 20.04 | PASS                 | SKIPPED              |
+--------------+----------------------+----------------------+
| Ubuntu 22.04 | SKIPPED              | PASS                 |
+--------------+----------------------+----------------------+


Ubuntu 20.04
	Kernel: 5.15
	Compiler: gcc gcc (Ubuntu 9.4.0-1ubuntu1~20.04.2) 9.4.0

Ubuntu 22.04
	Kernel: 5.15
	Compiler: gcc gcc (Ubuntu 11.4.0-1ubuntu1~22.04.2) 11.4.0

To view detailed results, visit:
https://lab.dpdk.org/results/dashboard/patchsets/34349/

UNH-IOL DPDK Community Lab

To manage your email subscriptions, visit: 
https://lab.dpdk.org/results/dashboard/preferences/subscriptions/

^ permalink raw reply	[flat|nested] 22+ messages in thread

* |SUCCESS| pw157992-157994 [PATCH] [v5,3/3] dts: add performance test
       [not found] <20251023013049.1368129-4-probb@iol.unh.edu>
                   ` (15 preceding siblings ...)
  2025-10-23  2:36 ` dpdklab
@ 2025-10-23  2:41 ` dpdklab
  2025-10-23  2:42 ` dpdklab
                   ` (4 subsequent siblings)
  21 siblings, 0 replies; 22+ messages in thread
From: dpdklab @ 2025-10-23  2:41 UTC (permalink / raw)
  To: Test Report; +Cc: dpdk-test-reports

Test-Label: iol-sample-apps-testing
Test-Status: SUCCESS
http://dpdk.org/patch/157994

_Testing PASS_

Submitter: Patrick Robb <probb@iol.unh.edu>
Date: Thursday, October 23 2025 01:30:49 
DPDK git baseline: Repo:dpdk-next-dts
  Branch: master
  CommitID:c1abcee5a9656fb4890b733e6051aa604c60f146

157992-157994 --> testing pass

Upstream job id: Template-DTS-Pipeline#250777

Test environment and result as below:

+--------------+----------------------+----------------------+
| Environment  | dpdk_fips_validation | compressdev_zlib_pmd |
+==============+======================+======================+
| Ubuntu 20.04 | PASS                 | SKIPPED              |
+--------------+----------------------+----------------------+
| Ubuntu 22.04 | SKIPPED              | PASS                 |
+--------------+----------------------+----------------------+


Ubuntu 20.04
	Kernel: 5.15
	Compiler: gcc gcc (Ubuntu 9.4.0-1ubuntu1~20.04.2) 9.4.0

Ubuntu 22.04
	Kernel: 5.15
	Compiler: gcc gcc (Ubuntu 11.4.0-1ubuntu1~22.04.2) 11.4.0

To view detailed results, visit:
https://lab.dpdk.org/results/dashboard/patchsets/34349/

UNH-IOL DPDK Community Lab

To manage your email subscriptions, visit: 
https://lab.dpdk.org/results/dashboard/preferences/subscriptions/

^ permalink raw reply	[flat|nested] 22+ messages in thread

* |SUCCESS| pw157992-157994 [PATCH] [v5,3/3] dts: add performance test
       [not found] <20251023013049.1368129-4-probb@iol.unh.edu>
                   ` (16 preceding siblings ...)
  2025-10-23  2:41 ` dpdklab
@ 2025-10-23  2:42 ` dpdklab
  2025-10-23  2:42 ` |WARNING| " dpdklab
                   ` (3 subsequent siblings)
  21 siblings, 0 replies; 22+ messages in thread
From: dpdklab @ 2025-10-23  2:42 UTC (permalink / raw)
  To: Test Report; +Cc: dpdk-test-reports

Test-Label: iol-unit-amd64-testing
Test-Status: SUCCESS
http://dpdk.org/patch/157994

_Testing PASS_

Submitter: Patrick Robb <probb@iol.unh.edu>
Date: Thursday, October 23 2025 01:30:49 
DPDK git baseline: Repo:dpdk-next-dts
  Branch: master
  CommitID:c1abcee5a9656fb4890b733e6051aa604c60f146

157992-157994 --> testing pass

Upstream job id: Generic-VM-Unit-Test-DPDK#31987

Test environment and result as below:

+-------------------------------+----------------+
|          Environment          | dpdk_unit_test |
+===============================+================+
| Fedora Linux 40               | PASS           |
+-------------------------------+----------------+
| Fedora Linux 42               | PASS           |
+-------------------------------+----------------+
| CentOS Stream 10              | PASS           |
+-------------------------------+----------------+
| Ubuntu 20.04                  | PASS           |
+-------------------------------+----------------+
| Fedora Linux 41               | PASS           |
+-------------------------------+----------------+
| Ubuntu 24.04                  | PASS           |
+-------------------------------+----------------+
| Windows Server 2022           | PASS           |
+-------------------------------+----------------+
| Ubuntu 22.04                  | PASS           |
+-------------------------------+----------------+
| Red Hat Enterprise Linux 8.10 | PASS           |
+-------------------------------+----------------+
| Debian GNU/Linux 12           | PASS           |
+-------------------------------+----------------+
| CentOS Stream 9               | PASS           |
+-------------------------------+----------------+
| Red Hat Enterprise Linux 9.5  | PASS           |
+-------------------------------+----------------+


Fedora Linux 40
	Kernel: 5.15
	Compiler: clang gcc (GCC) 14.2.1 20240912 (Red Hat 14.2.1-3)

Fedora Linux 42
	Kernel: 5.15
	Compiler: gcc gcc (GCC) 15.2.1 20250808 (Red Hat 15.2.1-1)

CentOS Stream 10
	Kernel: 5.15
	Compiler: gcc gcc (GCC) 14.2.1 20250110 (Red Hat 14.2.1-8)

Ubuntu 20.04
	Kernel: 5.15
	Compiler: gcc gcc (Ubuntu 9.4.0-1ubuntu1~20.04.2) 9.4.0

Fedora Linux 41
	Kernel: 5.15
	Compiler: gcc gcc (GCC) 14.3.1 20250523 (Red Hat 14.3.1-1)

Ubuntu 24.04
	Kernel: 5.15
	Compiler: gcc gcc (Ubuntu 13.3.0-6ubuntu2~24.04) 13.3.0

Windows Server 2022
	Kernel: 10.0.20348.2031
	Compiler: clang 15.0.7, gcc 14.1.0 (MinGW), and MSVC VS 19.39.33521

Ubuntu 22.04
	Kernel: 5.15
	Compiler: gcc gcc (Ubuntu 11.4.0-1ubuntu1~22.04) 11.4.0

Red Hat Enterprise Linux 8.10
	Kernel: 5.15
	Compiler: gcc gcc (GCC) 8.5.0 20210514 (Red Hat 8.5.0-22)

Debian GNU/Linux 12
	Kernel: 5.15
	Compiler: gcc gcc (Debian 12.2.0-14+deb12u1) 12.2.0

CentOS Stream 9
	Kernel: 5.15
	Compiler: gcc gcc (GCC) 11.5.0 20240719 (Red Hat 11.5.0-11)

Red Hat Enterprise Linux 9.5
	Kernel: 5.15
	Compiler: gcc gcc (GCC) 11.5.0 20240719 (Red Hat 11.5.0-2)

To view detailed results, visit:
https://lab.dpdk.org/results/dashboard/patchsets/34349/

UNH-IOL DPDK Community Lab

To manage your email subscriptions, visit: 
https://lab.dpdk.org/results/dashboard/preferences/subscriptions/

^ permalink raw reply	[flat|nested] 22+ messages in thread

* |WARNING| pw157992-157994 [PATCH] [v5,3/3] dts: add performance test
       [not found] <20251023013049.1368129-4-probb@iol.unh.edu>
                   ` (17 preceding siblings ...)
  2025-10-23  2:42 ` dpdklab
@ 2025-10-23  2:42 ` dpdklab
  2025-10-23  2:48 ` |SUCCESS| " dpdklab
                   ` (2 subsequent siblings)
  21 siblings, 0 replies; 22+ messages in thread
From: dpdklab @ 2025-10-23  2:42 UTC (permalink / raw)
  To: Test Report; +Cc: dpdk-test-reports

Test-Label: iol-compile-amd64-testing
Test-Status: WARNING
http://dpdk.org/patch/157994

_Testing issues_

Submitter: Patrick Robb <probb@iol.unh.edu>
Date: Thursday, October 23 2025 01:30:49 
DPDK git baseline: Repo:dpdk-next-dts
  Branch: master
  CommitID:c1abcee5a9656fb4890b733e6051aa604c60f146

157992-157994 --> testing issues

Upstream job id: Generic-DPDK-Compile-Meson#436818

Test environment and result as below:

+-------------------------------+--------------------+------------------+-------------------+-------------------------+-------------------+----------------------+
|          Environment          | dpdk_meson_compile | dpdk_compile_ovs | dpdk_compile_spdk | dpdk_llvm_clang_compile | dpdk_msvc_compile | dpdk_mingw64_compile |
+===============================+====================+==================+===================+=========================+===================+======================+
| Fedora Linux 42               | PASS               | PASS             | WARN              | SKIPPED                 | SKIPPED           | SKIPPED              |
+-------------------------------+--------------------+------------------+-------------------+-------------------------+-------------------+----------------------+
| Debian GNU/Linux 12           | PASS               | SKIPPED          | WARN              | SKIPPED                 | SKIPPED           | SKIPPED              |
+-------------------------------+--------------------+------------------+-------------------+-------------------------+-------------------+----------------------+
| CentOS Stream 9               | PASS               | SKIPPED          | WARN              | SKIPPED                 | SKIPPED           | SKIPPED              |
+-------------------------------+--------------------+------------------+-------------------+-------------------------+-------------------+----------------------+
| CentOS Stream 10              | PASS               | SKIPPED          | SKIPPED           | SKIPPED                 | SKIPPED           | SKIPPED              |
+-------------------------------+--------------------+------------------+-------------------+-------------------------+-------------------+----------------------+
| Red Hat Enterprise Linux 9.5  | PASS               | SKIPPED          | SKIPPED           | SKIPPED                 | SKIPPED           | SKIPPED              |
+-------------------------------+--------------------+------------------+-------------------+-------------------------+-------------------+----------------------+
| openSUSE Leap 15.6            | PASS               | SKIPPED          | SKIPPED           | SKIPPED                 | SKIPPED           | SKIPPED              |
+-------------------------------+--------------------+------------------+-------------------+-------------------------+-------------------+----------------------+
| Red Hat Enterprise Linux 8.10 | PASS               | SKIPPED          | SKIPPED           | SKIPPED                 | SKIPPED           | SKIPPED              |
+-------------------------------+--------------------+------------------+-------------------+-------------------------+-------------------+----------------------+
| Ubuntu 24.04                  | PASS               | PASS             | WARN              | SKIPPED                 | SKIPPED           | SKIPPED              |
+-------------------------------+--------------------+------------------+-------------------+-------------------------+-------------------+----------------------+
| Ubuntu 20.04                  | PASS               | SKIPPED          | SKIPPED           | SKIPPED                 | SKIPPED           | SKIPPED              |
+-------------------------------+--------------------+------------------+-------------------+-------------------------+-------------------+----------------------+
| Ubuntu 22.04                  | PASS               | SKIPPED          | WARN              | SKIPPED                 | SKIPPED           | SKIPPED              |
+-------------------------------+--------------------+------------------+-------------------+-------------------------+-------------------+----------------------+
| FreeBSD 14.2                  | PASS               | SKIPPED          | SKIPPED           | SKIPPED                 | SKIPPED           | SKIPPED              |
+-------------------------------+--------------------+------------------+-------------------+-------------------------+-------------------+----------------------+
| Alpine Linux 3.22.0           | PASS               | SKIPPED          | SKIPPED           | SKIPPED                 | SKIPPED           | SKIPPED              |
+-------------------------------+--------------------+------------------+-------------------+-------------------------+-------------------+----------------------+
| Windows Server 2022           | SKIPPED            | SKIPPED          | SKIPPED           | PASS                    | PASS              | PASS                 |
+-------------------------------+--------------------+------------------+-------------------+-------------------------+-------------------+----------------------+

==== 20 line log output for Ubuntu 22.04 (dpdk_compile_spdk): ====
 --- Failed to get log output --- 
==== End log output ====

Fedora Linux 42
	Kernel: 5.15
	Compiler: gcc gcc (GCC) 15.2.1 20250808 (Red Hat 15.2.1-1)

Debian GNU/Linux 12
	Kernel: 5.15
	Compiler: gcc gcc (Debian 12.2.0-14+deb12u1) 12.2.0

CentOS Stream 9
	Kernel: 5.15
	Compiler: gcc gcc (GCC) 11.5.0 20240719 (Red Hat 11.5.0-11)

CentOS Stream 10
	Kernel: 5.15
	Compiler: gcc gcc (GCC) 14.2.1 20250110 (Red Hat 14.2.1-8)

Red Hat Enterprise Linux 9.5
	Kernel: 5.15
	Compiler: gcc gcc (GCC) 11.5.0 20240719 (Red Hat 11.5.0-2)

openSUSE Leap 15.6
	Kernel: 5.15
	Compiler: gcc gcc (SUSE Linux) 7.5.0

Red Hat Enterprise Linux 8.10
	Kernel: 5.15
	Compiler: gcc gcc (GCC) 8.5.0 20210514 (Red Hat 8.5.0-22)

Ubuntu 24.04
	Kernel: 5.15
	Compiler: gcc gcc (Ubuntu 13.3.0-6ubuntu2~24.04) 13.3.0

Ubuntu 20.04
	Kernel: 4.19
	Compiler: gcc gcc (Ubuntu 9.4.0-1ubuntu1~20.04.2) 9.4.0

Ubuntu 22.04
	Kernel: 5.15
	Compiler: gcc gcc (Ubuntu 11.4.0-1ubuntu1~22.04) 11.4.0

FreeBSD 14.2
	Kernel: 14.2-RELEASE
	Compiler: clang 18.1.6

Alpine Linux 3.22.0
	Kernel: 5.15
	Compiler: gcc gcc (Alpine 14.2.0) 14.2.0

Windows Server 2022
	Kernel: 10.0.20348.2031
	Compiler: clang 15.0.7, gcc 14.1.0 (MinGW), and MSVC VS 19.39.33521

To view detailed results, visit:
https://lab.dpdk.org/results/dashboard/patchsets/34349/

UNH-IOL DPDK Community Lab

To manage your email subscriptions, visit: 
https://lab.dpdk.org/results/dashboard/preferences/subscriptions/

^ permalink raw reply	[flat|nested] 22+ messages in thread

* |SUCCESS| pw157992-157994 [PATCH] [v5,3/3] dts: add performance test
       [not found] <20251023013049.1368129-4-probb@iol.unh.edu>
                   ` (18 preceding siblings ...)
  2025-10-23  2:42 ` |WARNING| " dpdklab
@ 2025-10-23  2:48 ` dpdklab
  2025-10-23  7:17 ` dpdklab
  2025-10-23  7:29 ` dpdklab
  21 siblings, 0 replies; 22+ messages in thread
From: dpdklab @ 2025-10-23  2:48 UTC (permalink / raw)
  To: Test Report; +Cc: dpdk-test-reports

Test-Label: iol-intel-Functional
Test-Status: SUCCESS
http://dpdk.org/patch/157994

_Functional Testing PASS_

Submitter: Patrick Robb <probb@iol.unh.edu>
Date: Thursday, October 23 2025 01:30:49 
DPDK git baseline: Repo:dpdk-next-dts
  Branch: master
  CommitID:c1abcee5a9656fb4890b733e6051aa604c60f146

157992-157994 --> functional testing pass

Upstream job id: Template-DTS-Pipeline#250775

Test environment and result as below:

Ubuntu 24.04
Kernel: 6.8
Compiler: gcc gcc (Ubuntu 13.3.0-6ubuntu2~24.04) 13.3.0
NIC: Intel Corporation 4xxx Series QAT 0 Mbps

Aggregate Results by Test Suite
+----------------------------+--------+
|         Test Suite         | Result |
+============================+========+
| crypto_perf_cryptodev_perf |  PASS  |
+----------------------------+--------+


Ubuntu 22.04
Kernel: 5.15
Compiler: gcc gcc (Ubuntu 11.4.0-1ubuntu1~22.04.2) 11.4.0
NIC: Intel Corporation QAT 8970 0 Mbps

Aggregate Results by Test Suite
+----------------------------+--------+
|         Test Suite         | Result |
+============================+========+
| crypto_perf_cryptodev_perf |  PASS  |
+----------------------------+--------+


Ubuntu 20.04
Kernel: 5.4
Compiler: gcc gcc (Ubuntu 9.4.0-1ubuntu1~20.04.1) 9.4.0
NIC: Intel Corporation Ethernet Converged Network Adapter XL710-QDA2 40000 Mbps

Aggregate Results by Test Suite
+-----------------------------+--------+
|         Test Suite          | Result |
+=============================+========+
| unit_tests_mbuf             |  PASS  |
+-----------------------------+--------+
| vhost_virtio_user_interrupt |  PASS  |
+-----------------------------+--------+
| virtio_smoke                |  PASS  |
+-----------------------------+--------+


To view detailed results, visit:
https://lab.dpdk.org/results/dashboard/patchsets/34349/

UNH-IOL DPDK Community Lab

To manage your email subscriptions, visit: 
https://lab.dpdk.org/results/dashboard/preferences/subscriptions/

^ permalink raw reply	[flat|nested] 22+ messages in thread

* |SUCCESS| pw157992-157994 [PATCH] [v5,3/3] dts: add performance test
       [not found] <20251023013049.1368129-4-probb@iol.unh.edu>
                   ` (19 preceding siblings ...)
  2025-10-23  2:48 ` |SUCCESS| " dpdklab
@ 2025-10-23  7:17 ` dpdklab
  2025-10-23  7:29 ` dpdklab
  21 siblings, 0 replies; 22+ messages in thread
From: dpdklab @ 2025-10-23  7:17 UTC (permalink / raw)
  To: Test Report; +Cc: dpdk-test-reports

Test-Label: iol-unit-arm64-testing
Test-Status: SUCCESS
http://dpdk.org/patch/157994

_Testing PASS_

Submitter: Patrick Robb <probb@iol.unh.edu>
Date: Thursday, October 23 2025 01:30:49 
DPDK git baseline: Repo:dpdk-next-dts
  Branch: master
  CommitID:c1abcee5a9656fb4890b733e6051aa604c60f146

157992-157994 --> testing pass

Upstream job id: Generic-Unit-Test-DPDK#384223

Test environment and result as below:

+------------------------------+---------------------------+------------------------------+--------------+----------------+
|         Environment          | cryptodev_sw_zuc_autotest | cryptodev_sw_snow3g_autotest | lpm_autotest | dpdk_unit_test |
+==============================+===========================+==============================+==============+================+
| Debian 12 (arm)              | PASS                      | PASS                         | SKIPPED      | SKIPPED        |
+------------------------------+---------------------------+------------------------------+--------------+----------------+
| Ubuntu 20.04                 | SKIPPED                   | SKIPPED                      | PASS         | PASS           |
+------------------------------+---------------------------+------------------------------+--------------+----------------+
| Fedora Linux 41              | SKIPPED                   | SKIPPED                      | SKIPPED      | PASS           |
+------------------------------+---------------------------+------------------------------+--------------+----------------+
| Debian GNU/Linux 12          | SKIPPED                   | SKIPPED                      | SKIPPED      | PASS           |
+------------------------------+---------------------------+------------------------------+--------------+----------------+
| Fedora Linux 42              | SKIPPED                   | SKIPPED                      | SKIPPED      | PASS           |
+------------------------------+---------------------------+------------------------------+--------------+----------------+
| Ubuntu 22.04                 | SKIPPED                   | SKIPPED                      | SKIPPED      | PASS           |
+------------------------------+---------------------------+------------------------------+--------------+----------------+
| CentOS Stream 10             | SKIPPED                   | SKIPPED                      | SKIPPED      | PASS           |
+------------------------------+---------------------------+------------------------------+--------------+----------------+
| CentOS Stream 9              | SKIPPED                   | SKIPPED                      | SKIPPED      | PASS           |
+------------------------------+---------------------------+------------------------------+--------------+----------------+
| Fedora Linux 40              | SKIPPED                   | SKIPPED                      | SKIPPED      | PASS           |
+------------------------------+---------------------------+------------------------------+--------------+----------------+
| Ubuntu 24.04                 | SKIPPED                   | SKIPPED                      | SKIPPED      | PASS           |
+------------------------------+---------------------------+------------------------------+--------------+----------------+
| Red Hat Enterprise Linux 9.5 | SKIPPED                   | SKIPPED                      | SKIPPED      | PASS           |
+------------------------------+---------------------------+------------------------------+--------------+----------------+


Debian 12 (arm)
	Kernel: Depends on container host
	Compiler: gcc (Debian 12.2.0-14) 12.2.0

Ubuntu 20.04
	Kernel: 5.4
	Compiler: gcc gcc (Ubuntu 9.4.0-1ubuntu1~20.04.2) 9.4.0

Fedora Linux 41
	Kernel: 5.4
	Compiler: clang gcc (GCC) 14.3.1 20250523 (Red Hat 14.3.1-1)

Debian GNU/Linux 12
	Kernel: 5.4
	Compiler: gcc gcc (Debian 12.2.0-14+deb12u1) 12.2.0

Fedora Linux 42
	Kernel: 5.4
	Compiler: clang gcc (GCC) 15.2.1 20250808 (Red Hat 15.2.1-1)

Ubuntu 22.04
	Kernel: 5.15
	Compiler: gcc gcc (Ubuntu 11.4.0-1ubuntu1~22.04.2) 11.4.0

CentOS Stream 10
	Kernel: 5.4
	Compiler: gcc gcc (GCC) 14.2.1 20250110 (Red Hat 14.2.1-8)

CentOS Stream 9
	Kernel: 5.4
	Compiler: gcc gcc (GCC) 11.5.0 20240719 (Red Hat 11.5.0-11)

Fedora Linux 40
	Kernel: 5.4
	Compiler: gcc gcc (GCC) 14.2.1 20240912 (Red Hat 14.2.1-3)

Ubuntu 24.04
	Kernel: 5.4
	Compiler: gcc gcc (Ubuntu 13.3.0-6ubuntu2~24.04) 13.3.0

Red Hat Enterprise Linux 9.5
	Kernel: 5.4
	Compiler: gcc gcc (GCC) 11.5.0 20240719 (Red Hat 11.5.0-2)

To view detailed results, visit:
https://lab.dpdk.org/results/dashboard/patchsets/34349/

UNH-IOL DPDK Community Lab

To manage your email subscriptions, visit: 
https://lab.dpdk.org/results/dashboard/preferences/subscriptions/

^ permalink raw reply	[flat|nested] 22+ messages in thread

* |SUCCESS| pw157992-157994 [PATCH] [v5,3/3] dts: add performance test
       [not found] <20251023013049.1368129-4-probb@iol.unh.edu>
                   ` (20 preceding siblings ...)
  2025-10-23  7:17 ` dpdklab
@ 2025-10-23  7:29 ` dpdklab
  21 siblings, 0 replies; 22+ messages in thread
From: dpdklab @ 2025-10-23  7:29 UTC (permalink / raw)
  To: Test Report, Ali Alnubani; +Cc: dpdk-test-reports

Test-Label: iol-mellanox-Performance
Test-Status: SUCCESS
http://dpdk.org/patch/157994

_Performance Testing PASS_

Submitter: Patrick Robb <probb@iol.unh.edu>
Date: Thursday, October 23 2025 01:30:49 
DPDK git baseline: Repo:dpdk-next-dts
  Branch: master
  CommitID:c1abcee5a9656fb4890b733e6051aa604c60f146

157992-157994 --> performance testing pass

Upstream job id: Template-DTS-Pipeline#250766

Test environment and result as below:

Ubuntu 24.04
Kernel: 6.8
Compiler: gcc gcc (Ubuntu 13.3.0-6ubuntu2~24.04) 13.3.0
NIC: Mellanox ConnectX-6 Lx 25000 Mbps
Fail/Total: 0/6

Detail performance results: 
+------------+---------+----------+-------------+------------------------------+
| frame_size | txd/rxd | num_cpus | num_threads |  throughput difference from  |
|            |         |          |             |           expected           |
+============+=========+==========+=============+==============================+
| 64         | 1024    | 1        | 1           | 0.1%                         |
+------------+---------+----------+-------------+------------------------------+
| 128        | 1024    | 1        | 1           | 0.2%                         |
+------------+---------+----------+-------------+------------------------------+
| 256        | 1024    | 1        | 1           | 0.0%                         |
+------------+---------+----------+-------------+------------------------------+
| 512        | 1024    | 1        | 1           | 0.2%                         |
+------------+---------+----------+-------------+------------------------------+
| 1024       | 1024    | 1        | 1           | 0.2%                         |
+------------+---------+----------+-------------+------------------------------+
| 1518       | 1024    | 1        | 1           | -0.1%                        |
+------------+---------+----------+-------------+------------------------------+

Ubuntu 24.04
Kernel: 6.8
Compiler: gcc gcc (Ubuntu 13.3.0-6ubuntu2~24.04) 13.3.0
NIC: NVIDIA Mellanox ConnectX-7 100000 Mbps
Fail/Total: 0/6

Detail performance results: 
+------------+---------+----------+-------------+------------------------------+
| frame_size | txd/rxd | num_cpus | num_threads |  throughput difference from  |
|            |         |          |             |           expected           |
+============+=========+==========+=============+==============================+
| 64         | 1024    | 1        | 1           | -0.2%                        |
+------------+---------+----------+-------------+------------------------------+
| 128        | 1024    | 1        | 1           | 0.8%                         |
+------------+---------+----------+-------------+------------------------------+
| 256        | 1024    | 1        | 1           | 1.0%                         |
+------------+---------+----------+-------------+------------------------------+
| 512        | 1024    | 1        | 1           | -0.1%                        |
+------------+---------+----------+-------------+------------------------------+
| 1024       | 1024    | 1        | 1           | -0.1%                        |
+------------+---------+----------+-------------+------------------------------+
| 1518       | 1024    | 1        | 1           | -0.1%                        |
+------------+---------+----------+-------------+------------------------------+

To view detailed results, visit:
https://lab.dpdk.org/results/dashboard/patchsets/34349/

UNH-IOL DPDK Community Lab

To manage your email subscriptions, visit: 
https://lab.dpdk.org/results/dashboard/preferences/subscriptions/

^ permalink raw reply	[flat|nested] 22+ messages in thread

end of thread, other threads:[~2025-10-23  7:29 UTC | newest]

Thread overview: 22+ messages (download: mbox.gz / follow: Atom feed)
-- links below jump to the message on this page --
     [not found] <20251023013049.1368129-4-probb@iol.unh.edu>
2025-10-23  1:33 ` |SUCCESS| pw157994 [PATCH v5 3/3] dts: add performance test functions to test suite API checkpatch
2025-10-23  1:57 ` |SUCCESS| pw157992-157994 [PATCH] [v5,3/3] dts: add performance test dpdklab
2025-10-23  2:00 ` |PENDING| " dpdklab
2025-10-23  2:05 ` dpdklab
2025-10-23  2:11 ` dpdklab
2025-10-23  2:13 ` |SUCCESS| " dpdklab
2025-10-23  2:16 ` |PENDING| " dpdklab
2025-10-23  2:16 ` |FAILURE| " dpdklab
2025-10-23  2:16 ` dpdklab
2025-10-23  2:16 ` dpdklab
2025-10-23  2:18 ` |PENDING| " dpdklab
2025-10-23  2:25 ` |SUCCESS| " dpdklab
2025-10-23  2:25 ` dpdklab
2025-10-23  2:25 ` dpdklab
2025-10-23  2:36 ` dpdklab
2025-10-23  2:36 ` dpdklab
2025-10-23  2:41 ` dpdklab
2025-10-23  2:42 ` dpdklab
2025-10-23  2:42 ` |WARNING| " dpdklab
2025-10-23  2:48 ` |SUCCESS| " dpdklab
2025-10-23  7:17 ` dpdklab
2025-10-23  7:29 ` dpdklab

This is a public inbox, see mirroring instructions
for how to clone and mirror all data and code used for this inbox;
as well as URLs for NNTP newsgroup(s).