From mboxrd@z Thu Jan 1 00:00:00 1970 Return-Path: Received: from mails.dpdk.org (mails.dpdk.org [217.70.189.124]) by inbox.dpdk.org (Postfix) with ESMTP id B25E1489AC for ; Thu, 23 Oct 2025 06:42:44 +0200 (CEST) Received: from mails.dpdk.org (localhost [127.0.0.1]) by mails.dpdk.org (Postfix) with ESMTP id 83B2C400D6; Thu, 23 Oct 2025 06:42:44 +0200 (CEST) Received: from mail-pf1-f226.google.com (mail-pf1-f226.google.com [209.85.210.226]) by mails.dpdk.org (Postfix) with ESMTP id DF17B400D6 for ; Thu, 23 Oct 2025 06:42:42 +0200 (CEST) Received: by mail-pf1-f226.google.com with SMTP id d2e1a72fcca58-7a2754a7f6aso456732b3a.1 for ; Wed, 22 Oct 2025 21:42:42 -0700 (PDT) DKIM-Signature: v=1; a=rsa-sha256; c=relaxed/relaxed; d=iol.unh.edu; s=unh-iol; t=1761194562; x=1761799362; darn=dpdk.org; h=cc:to:from:subject:message-id:date:from:to:cc:subject:date :message-id:reply-to; bh=wy+n930CbM9XaqlN0WH1OawXDA034x2xz7za8pMddaw=; b=EhEJ3o1AH8aseg2WFnh8kiDnk8fdejK00cGnbePJbC+3Kbe165Wv0Z2UN3yvUD3FOg CXbclsvbO33c2TCkIsSpOYGYDNAZccOZFOfBoDwdySFSgIWr39TdQ+vmv7kfKNmGXJTa cAtL9gVecKUe37etdkHik6qCa+Ks0qqrvTHVI= X-Google-DKIM-Signature: v=1; a=rsa-sha256; c=relaxed/relaxed; d=1e100.net; s=20230601; t=1761194562; x=1761799362; h=cc:to:from:subject:message-id:date:x-gm-message-state:from:to:cc :subject:date:message-id:reply-to; bh=wy+n930CbM9XaqlN0WH1OawXDA034x2xz7za8pMddaw=; b=lZBW8MOObk2+g7iSMX/G2rMv72WWPtV/o2LPbITJmTc6ZLoxrsaWoqJhL86ZVY8e1V LRpW5iZuzdxNahlRHuGx2lzz/iTs4alG6Jda5LmAy/NCzlTOd0P+bquN0n/2LHZU+2Pl 6mO0QlmxYfsWg0+00XMVhb9k+dJwDi52tVM3zVwK0lHHE0GBIBw0/hEcPTPIvGIAOKpB p3oTqEN3AJ/DRcn0+8ZiCqfrJzDawcPTatfEDYWEx+T1z2m45Re+YAMcTetRB0lkkIqD ga+NxsonZ+zfNyZ5l40+teSvj/efoB8SW9ByjpuxcMEOQovd37AajoBHIq1NtxXLHJiI veVw== X-Gm-Message-State: AOJu0YyatwWzq96Ke0KD0pqW+VuxzdVTsyKR6+o/qiMKCfOwECpLIyu0 ZxM9rK06ezl83MrCVHsYGdHg69K8gMI3+SPcoBaseaYrSFlxfOil7aOA/LW5DK3jJ57SKApU0b2 t1UbY3ub9ufzjOO8OGqTSI8HJEs1t28xJxCg3 X-Gm-Gg: ASbGnct1T/4Dd6r4TMzSTi2CZH9Va4muUneXaZPsWyOTzXCnJY61flIDD3bKC3Op8u1 1ejHxtXY9vm7/X7CfDUjThyh91bzKwo706A6tCiiL6kD/H/1EPRGTyMbhnSP8k52CPrBPItS8PR 4meSKUQ2l0AEWId546AUPvW+x/xnhb5bulouGL8zpXUDxsoQlt8x8vFiolaMTeHoBNT8Mj3fuWz GGDUmS00gB3ZKP/9SEOviJJdyH8poYWVIBy3vxOOG2TTOWN7FHQ2ngEWghspC6ijvMDLqGVDv9v t0aWZeQoBfgoVUXnKIUMg3Xs0qJkALY6FVPtTjkxZS5djLKFvypOfCM6xf3rIh1mZZiEj2+jCYC ulwzR2JiLoOo0q32L+p7TsRXDmKvoLE0= X-Google-Smtp-Source: AGHT+IH0NL6jnG5tXzGkkklNJyBD24MFWyW3y0djDdK2rrdPvhIRjLY+kiWKQXX54m/T8yD4tCGJFVI8VkXS X-Received: by 2002:a05:6a20:3ca5:b0:2ca:83e6:938b with SMTP id adf61e73a8af0-334a86383c7mr34685505637.45.1761194561894; Wed, 22 Oct 2025 21:42:41 -0700 (PDT) Received: from postal.iol.unh.edu (postal.iol.unh.edu. [132.177.123.84]) by smtp-relay.gmail.com with ESMTPS id 98e67ed59e1d1-33fafbbd31dsm100455a91.5.2025.10.22.21.42.41 (version=TLS1_2 cipher=ECDHE-ECDSA-AES128-GCM-SHA256 bits=128/128); Wed, 22 Oct 2025 21:42:41 -0700 (PDT) X-Relaying-Domain: iol.unh.edu Date: Wed, 22 Oct 2025 21:42:41 -0700 (PDT) Message-ID: <68f9b241.170a0220.338118.50bdSMTPIN_ADDED_MISSING@mx.google.com> Received: from [172.21.0.2] (unknown [172.18.0.240]) by postal.iol.unh.edu (Postfix) with ESMTP id 1AE0D6051830; Thu, 23 Oct 2025 00:42:41 -0400 (EDT) Subject: |FAILURE| [GIT MASTER] 62f583c49bf67dd4d6733ece14e55fe6839e66d1 From: dpdklab@iol.unh.edu To: Test Report Cc: dpdk-test-reports@iol.unh.edu, Xueming Li , Christian Ehrhardt , Kevin Traynor , Luca Boccassi Content-Type: text/plain X-BeenThere: test-report@dpdk.org X-Mailman-Version: 2.1.29 Precedence: list List-Id: automatic DPDK test reports List-Unsubscribe: , List-Archive: List-Post: List-Help: List-Subscribe: , Errors-To: test-report-bounces@dpdk.org _Testing issues_ Branch: tags/v23.11 62f583c49bf67dd4d6733ece14e55fe6839e66d1 --> testing issues Upstream job id: Windows-Compile-DPDK-Native#31823 Test environment and result as below: +-------------------------------+--------------------+-------------------+------------------+-------------------+-------------------------+ | Environment | dpdk_meson_compile | dpdk_compile_spdk | dpdk_compile_ovs | dpdk_msvc_compile | dpdk_llvm_clang_compile | +===============================+====================+===================+==================+===================+=========================+ | CentOS Stream 9 | PEND | PEND | SKIPPED | SKIPPED | SKIPPED | +-------------------------------+--------------------+-------------------+------------------+-------------------+-------------------------+ | Debian GNU/Linux 12 | PEND | PEND | SKIPPED | SKIPPED | SKIPPED | +-------------------------------+--------------------+-------------------+------------------+-------------------+-------------------------+ | CentOS Stream 10 | PEND | SKIPPED | SKIPPED | SKIPPED | SKIPPED | +-------------------------------+--------------------+-------------------+------------------+-------------------+-------------------------+ | Fedora Linux 42 | PEND | PEND | PEND | SKIPPED | SKIPPED | +-------------------------------+--------------------+-------------------+------------------+-------------------+-------------------------+ | Red Hat Enterprise Linux 8.10 | PEND | SKIPPED | SKIPPED | SKIPPED | SKIPPED | +-------------------------------+--------------------+-------------------+------------------+-------------------+-------------------------+ | Red Hat Enterprise Linux 9.5 | PEND | SKIPPED | SKIPPED | SKIPPED | SKIPPED | +-------------------------------+--------------------+-------------------+------------------+-------------------+-------------------------+ | Ubuntu 20.04 | PASS | SKIPPED | SKIPPED | SKIPPED | SKIPPED | +-------------------------------+--------------------+-------------------+------------------+-------------------+-------------------------+ | openSUSE Leap 15.6 | PEND | SKIPPED | SKIPPED | SKIPPED | SKIPPED | +-------------------------------+--------------------+-------------------+------------------+-------------------+-------------------------+ | Ubuntu 22.04 | PEND | PEND | SKIPPED | SKIPPED | SKIPPED | +-------------------------------+--------------------+-------------------+------------------+-------------------+-------------------------+ | Ubuntu 24.04 | PEND | PEND | PEND | SKIPPED | SKIPPED | +-------------------------------+--------------------+-------------------+------------------+-------------------+-------------------------+ | Alpine Linux 3.22.0 | PEND | SKIPPED | SKIPPED | SKIPPED | SKIPPED | +-------------------------------+--------------------+-------------------+------------------+-------------------+-------------------------+ | FreeBSD 14.2 | PASS | SKIPPED | SKIPPED | SKIPPED | SKIPPED | +-------------------------------+--------------------+-------------------+------------------+-------------------+-------------------------+ | Windows Server 2022 | SKIPPED | SKIPPED | SKIPPED | PASS | FAIL | +-------------------------------+--------------------+-------------------+------------------+-------------------+-------------------------+ ==== 20 line log output for Windows Server 2022 (dpdk_llvm_clang_compile): ==== Compiler for C supports arguments -mavx512f: YES (cached) Compiler for C supports arguments -mavx512bw: YES (cached) Compiler for C supports arguments -mavx512dq: YES (cached) Compiler for C supports arguments -march=skylake-avx512: YES Message: drivers/common/idpf: Defining dependency "common_idpf" Message: drivers/bus/auxiliary: Defining dependency "bus_auxiliary" Compiler for C supports arguments -Wno-cast-qual: YES (cached) Compiler for C supports arguments -Wno-pointer-arith: YES (cached) Message: drivers/bus/pci: Defining dependency "bus_pci" Message: drivers/bus/vdev: Defining dependency "bus_vdev" Compiler for C supports arguments -std=c11: YES Compiler for C supports arguments -Wno-strict-prototypes: YES Compiler for C supports arguments -D_BSD_SOURCE: YES Compiler for C supports arguments -D_DEFAULT_SOURCE: YES Compiler for C supports arguments -D_XOPEN_SOURCE=600: YES Has header "mlx5devx.h" : YES drivers\common\mlx5\windows\meson.build:10:13: ERROR: C shared or static library 'mlx5devx' not found A full log can be found at C:\Users\builder\jenkins\workspace\Windows-Compile-DPDK-Native\dpdk\build\meson-logs\meson-log.txt ==== End log output ==== CentOS Stream 9 Kernel: 5.15 Compiler: gcc gcc (GCC) 11.5.0 20240719 (Red Hat 11.5.0-11) Debian GNU/Linux 12 Kernel: 5.15 Compiler: gcc gcc (Debian 12.2.0-14+deb12u1) 12.2.0 CentOS Stream 10 Kernel: 5.15 Compiler: gcc gcc (GCC) 14.2.1 20250110 (Red Hat 14.2.1-8) Fedora Linux 42 Kernel: 5.15 Compiler: clang gcc (GCC) 15.2.1 20250808 (Red Hat 15.2.1-1) Red Hat Enterprise Linux 8.10 Kernel: 5.15 Compiler: gcc gcc (GCC) 8.5.0 20210514 (Red Hat 8.5.0-22) Red Hat Enterprise Linux 9.5 Kernel: 5.15 Compiler: gcc gcc (GCC) 11.5.0 20240719 (Red Hat 11.5.0-2) Ubuntu 20.04 Kernel: 5.15 Compiler: gcc gcc (Ubuntu 9.4.0-1ubuntu1~20.04.2) 9.4.0 openSUSE Leap 15.6 Kernel: 5.15 Compiler: gcc gcc (SUSE Linux) 7.5.0 Ubuntu 22.04 Kernel: 5.15 Compiler: gcc gcc (Ubuntu 11.4.0-1ubuntu1~22.04) 11.4.0 Ubuntu 24.04 Kernel: 5.15 Compiler: gcc gcc (Ubuntu 13.3.0-6ubuntu2~24.04) 13.3.0 Alpine Linux 3.22.0 Kernel: 5.15 Compiler: gcc gcc (Alpine 14.2.0) 14.2.0 FreeBSD 14.2 Kernel: 14.2-RELEASE Compiler: clang 18.1.6 Windows Server 2022 Kernel: 10.0.20348.2031 Compiler: clang 15.0.7, gcc 14.1.0 (MinGW), and MSVC VS 19.39.33521 To view detailed results, visit: https://lab.dpdk.org/results/dashboard/tarballs/35308/ UNH-IOL DPDK Community Lab To manage your email subscriptions, visit: https://lab.dpdk.org/results/dashboard/preferences/subscriptions/