From mboxrd@z Thu Jan 1 00:00:00 1970 Return-Path: Received: from mails.dpdk.org (mails.dpdk.org [217.70.189.124]) by inbox.dpdk.org (Postfix) with ESMTP id 68A94489AF for ; Thu, 23 Oct 2025 08:37:15 +0200 (CEST) Received: from mails.dpdk.org (localhost [127.0.0.1]) by mails.dpdk.org (Postfix) with ESMTP id 4ACF9400D6; Thu, 23 Oct 2025 08:37:15 +0200 (CEST) Received: from mail-ua1-f98.google.com (mail-ua1-f98.google.com [209.85.222.98]) by mails.dpdk.org (Postfix) with ESMTP id 33015400D6 for ; Thu, 23 Oct 2025 08:37:14 +0200 (CEST) Received: by mail-ua1-f98.google.com with SMTP id a1e0cc1a2514c-90f6d66e96dso177089241.0 for ; Wed, 22 Oct 2025 23:37:14 -0700 (PDT) DKIM-Signature: v=1; a=rsa-sha256; c=relaxed/relaxed; d=iol.unh.edu; s=unh-iol; t=1761201433; x=1761806233; darn=dpdk.org; h=cc:to:from:subject:message-id:date:from:to:cc:subject:date :message-id:reply-to; bh=zlkEIelqWK9rUWoHU0dEMTgFQREEhGHvnP/3rh+nH/Y=; b=eqMcAUTYZMkzRamlWDq5+rTKRSaCGdKaG9JO8yVCGXfdqEv6TyxCpgK+0BQ3loWiEE rejg6i4RPK3ne1mijScmKudQW7cwOxZimisAgTYoAxhDfDaQjLYiOeS37lxHS00jtIlG grsFCzrkGIA05yK7lzdw3loD7mpuRPjxHXGnw= X-Google-DKIM-Signature: v=1; a=rsa-sha256; c=relaxed/relaxed; d=1e100.net; s=20230601; t=1761201433; x=1761806233; h=cc:to:from:subject:message-id:date:x-gm-message-state:from:to:cc :subject:date:message-id:reply-to; bh=zlkEIelqWK9rUWoHU0dEMTgFQREEhGHvnP/3rh+nH/Y=; b=cgZxI+fynd5cX2+2eh8DnMt9UAAPzHXO0/tLKkBTqKCuarDQs5RIu9Ulb3jYcgUjJn SJJG53OQgWCsqnv7nBBWyWPrjbNU1IW7CL7SajH/I1zE4xosLkq695ywMzEdaDf/JxLP 2Px/qG8z3f3jBvIHJpoLFW3TU2allmNDfeTjgmET2GqJVRD6Q2pWI2vIWDP9q2hOfhqy Jv4MDdlrBjSVet9m2h7zBPZNKoBJN0TmpZvLYQz8zgppMu7Tf6KkMc+j9FRhpCHX9Hg8 vrFETTmwJOF+gu3UPM27+azovBkum+8tbvtX8PkMrMLpjSJVtdpDSnkyu5bTKH8FBXy+ v1ow== X-Gm-Message-State: AOJu0YydOSw5IIbkTNqn4oNgGv7rKY2IOrBkCBatlhZJbjXtCh1MyN3U vntgtWCHURW+awJJBoBx3W1RD/Zs0F9YQ5NjrM2Ymlzs7O9jQIxPm9cJibRqqfmDzyBcfi7WlLq EN34RLoKgRqJ/F+8+pKZAL8erCZW/Kxrka8z0 X-Gm-Gg: ASbGnctFVhJQ67s39/P+96vVpdYez7efLSYu4urUQWeM8q7/S4zM+hIQRZ6zL11diG7 tJHKuhVB09etMDBbD6ySw3NZnl3FA1gihdRGBQMUMAKA+quvYnYDOTLSTngXJRJ0fRYsrCyslvH Sqre0jRPSzi1yBonHiD+8Cqf+tJxQ61cuEw1+aDDqg6XF/I0+AXViecOzV6zeJUpYbf2AUxi6jd 1OodLWDbAhGdOs1LX8rfVZuXVCRgkKgyFS4dhI0RHDqE1EBPklGbPB7Ju4qIT0oEvk1aVLh21r6 VloqczdjFC5qhneIcEtzbpg75/1Dw30xNbreuVsky31KnZy5VT/zd459Z6jHf5RN8jqSjyfI+Cs GwPoIB4vJGeDaVca7LT6GUUUbAlRi1rQ= X-Google-Smtp-Source: AGHT+IG62ws1/oHyo8jz2W1KBX1JrGxhVvOqyrkmvQgJcgwclB3uN7xXGlOjBAn4+H3DYcdM0xp2ywCRKyIO X-Received: by 2002:a05:6122:d8e:b0:554:afee:9a83 with SMTP id 71dfb90a1353d-5564ee607c4mr6270596e0c.4.1761201433498; Wed, 22 Oct 2025 23:37:13 -0700 (PDT) Received: from postal.iol.unh.edu (postal.iol.unh.edu. [132.177.123.84]) by smtp-relay.gmail.com with ESMTPS id 71dfb90a1353d-557bdb32aa8sm105325e0c.4.2025.10.22.23.37.13 (version=TLS1_2 cipher=ECDHE-ECDSA-AES128-GCM-SHA256 bits=128/128); Wed, 22 Oct 2025 23:37:13 -0700 (PDT) X-Relaying-Domain: iol.unh.edu Date: Wed, 22 Oct 2025 23:37:13 -0700 (PDT) Message-ID: <68f9cd19.050a0220.33c71c.53e5SMTPIN_ADDED_MISSING@mx.google.com> Received: from [172.21.0.2] (unknown [172.18.0.240]) by postal.iol.unh.edu (Postfix) with ESMTP id 2F98960003F4; Thu, 23 Oct 2025 02:37:13 -0400 (EDT) Subject: |FAILURE| [GIT MASTER] 62f583c49bf67dd4d6733ece14e55fe6839e66d1 From: dpdklab@iol.unh.edu To: Test Report Cc: dpdk-test-reports@iol.unh.edu, Xueming Li , Christian Ehrhardt , Kevin Traynor , Luca Boccassi Content-Type: text/plain X-BeenThere: test-report@dpdk.org X-Mailman-Version: 2.1.29 Precedence: list List-Id: automatic DPDK test reports List-Unsubscribe: , List-Archive: List-Post: List-Help: List-Subscribe: , Errors-To: test-report-bounces@dpdk.org _Testing issues_ Branch: tags/v23.11 62f583c49bf67dd4d6733ece14e55fe6839e66d1 --> testing issues Upstream job id: Generic-Unit-Test-DPDK#384313 Test environment and result as below: +-------------------------------+----------------+ | Environment | dpdk_unit_test | +===============================+================+ | Debian GNU/Linux 12 | PASS | +-------------------------------+----------------+ | CentOS Stream 9 | PASS | +-------------------------------+----------------+ | Fedora Linux 40 | PASS | +-------------------------------+----------------+ | Fedora Linux 41 | PASS | +-------------------------------+----------------+ | CentOS Stream 10 | PASS | +-------------------------------+----------------+ | Fedora Linux 42 | PASS | +-------------------------------+----------------+ | Red Hat Enterprise Linux 8.10 | PASS | +-------------------------------+----------------+ | Red Hat Enterprise Linux 9.5 | PASS | +-------------------------------+----------------+ | Ubuntu 22.04 | PASS | +-------------------------------+----------------+ | Ubuntu 24.04 | PASS | +-------------------------------+----------------+ | Ubuntu 20.04 | PASS | +-------------------------------+----------------+ | Windows Server 2022 | FAIL | +-------------------------------+----------------+ ==== Unit test summary for Windows Server 2022 (dpdk_unit_test): ==== Failed to get the unit test results. Displaying the unit test results is not supported for some environments, such as our aarch32 testing, where meson is not used to run the tests. Download the logs available on our CI site. ==== End log output ==== Debian GNU/Linux 12 Kernel: 5.15 Compiler: gcc gcc (Debian 12.2.0-14+deb12u1) 12.2.0 CentOS Stream 9 Kernel: 5.15 Compiler: gcc gcc (GCC) 11.5.0 20240719 (Red Hat 11.5.0-11) Fedora Linux 40 Kernel: 5.15 Compiler: gcc gcc (GCC) 14.2.1 20240912 (Red Hat 14.2.1-3) Fedora Linux 41 Kernel: 5.15 Compiler: gcc gcc (GCC) 14.3.1 20250523 (Red Hat 14.3.1-1) CentOS Stream 10 Kernel: 5.15 Compiler: gcc gcc (GCC) 14.2.1 20250110 (Red Hat 14.2.1-8) Fedora Linux 42 Kernel: 5.15 Compiler: gcc gcc (GCC) 15.2.1 20250808 (Red Hat 15.2.1-1) Red Hat Enterprise Linux 8.10 Kernel: 5.15 Compiler: gcc gcc (GCC) 8.5.0 20210514 (Red Hat 8.5.0-22) Red Hat Enterprise Linux 9.5 Kernel: 5.15 Compiler: gcc gcc (GCC) 11.5.0 20240719 (Red Hat 11.5.0-2) Ubuntu 22.04 Kernel: 5.15 Compiler: gcc gcc (Ubuntu 11.4.0-1ubuntu1~22.04) 11.4.0 Ubuntu 24.04 Kernel: 5.15 Compiler: gcc gcc (Ubuntu 13.3.0-6ubuntu2~24.04) 13.3.0 Ubuntu 20.04 Kernel: 5.15 Compiler: gcc gcc (Ubuntu 9.4.0-1ubuntu1~20.04.2) 9.4.0 Windows Server 2022 Kernel: 10.0.20348.2031 Compiler: clang 15.0.7, gcc 14.1.0 (MinGW), and MSVC VS 19.39.33521 To view detailed results, visit: https://lab.dpdk.org/results/dashboard/tarballs/35308/ UNH-IOL DPDK Community Lab To manage your email subscriptions, visit: https://lab.dpdk.org/results/dashboard/preferences/subscriptions/