From: dpdklab@iol.unh.edu
To: Test Report <test-report@dpdk.org>
Cc: dpdk-test-reports@iol.unh.edu
Subject: |SUCCESS| pw158009 [PATCH] [v5] mbuf: optimize segment prefree
Date: Thu, 23 Oct 2025 02:42:08 -0700 (PDT) [thread overview]
Message-ID: <68f9f870.170a0220.1c7f97.77b5SMTPIN_ADDED_MISSING@mx.google.com> (raw)
In-Reply-To: <20251023080136.165513-1-mb@smartsharesystems.com>
Test-Label: iol-sample-apps-testing
Test-Status: SUCCESS
http://dpdk.org/patch/158009
_Testing PASS_
Submitter: Morten Brorup <mb@smartsharesystems.com>
Date: Thursday, October 23 2025 08:01:36
DPDK git baseline: Repo:dpdk
Branch: master
CommitID:2863cbd9ee6dabee2b183382d298f4054ba3e8a2
158009 --> testing pass
Upstream job id: ACVP-FIPS-testing#11528
Test environment and result as below:
+--------------+----------------------+----------------------+
| Environment | dpdk_fips_validation | compressdev_zlib_pmd |
+==============+======================+======================+
| Ubuntu 20.04 | PASS | SKIPPED |
+--------------+----------------------+----------------------+
| Ubuntu 22.04 | SKIPPED | PASS |
+--------------+----------------------+----------------------+
Ubuntu 20.04
Kernel: 5.15
Compiler: gcc gcc (Ubuntu 9.4.0-1ubuntu1~20.04.2) 9.4.0
Ubuntu 22.04
Kernel: 5.15
Compiler: gcc gcc (Ubuntu 11.4.0-1ubuntu1~22.04.2) 11.4.0
To view detailed results, visit:
https://lab.dpdk.org/results/dashboard/patchsets/34354/
UNH-IOL DPDK Community Lab
To manage your email subscriptions, visit:
https://lab.dpdk.org/results/dashboard/preferences/subscriptions/
next prev parent reply other threads:[~2025-10-23 9:42 UTC|newest]
Thread overview: 23+ messages / expand[flat|nested] mbox.gz Atom feed top
[not found] <20251023080136.165513-1-mb@smartsharesystems.com>
2025-10-23 7:33 ` |SUCCESS| pw158009 [PATCH v5] " qemudev
2025-10-23 7:38 ` qemudev
2025-10-23 8:01 ` checkpatch
2025-10-23 8:42 ` |SUCCESS| pw158009 [PATCH] [v5] " dpdklab
2025-10-23 8:42 ` |PENDING| " dpdklab
2025-10-23 8:44 ` |SUCCESS| " dpdklab
2025-10-23 9:07 ` dpdklab
2025-10-23 9:12 ` dpdklab
2025-10-23 9:23 ` |PENDING| " dpdklab
2025-10-23 9:32 ` dpdklab
2025-10-23 9:41 ` dpdklab
2025-10-23 9:42 ` dpdklab [this message]
2025-10-23 9:45 ` |SUCCESS| " dpdklab
2025-10-23 9:45 ` dpdklab
2025-10-23 10:28 ` |FAILURE| pw158009 [PATCH v5] " 0-day Robot
2025-10-23 10:29 ` |SUCCESS| pw158009 [PATCH] [v5] " dpdklab
2025-10-23 10:33 ` dpdklab
2025-10-23 10:42 ` dpdklab
2025-10-23 10:44 ` dpdklab
2025-10-23 10:44 ` |WARNING| " dpdklab
2025-10-23 10:51 ` |SUCCESS| " dpdklab
2025-10-23 11:48 ` |PENDING| " dpdklab
2025-10-23 12:08 ` |WARNING| " dpdklab
Reply instructions:
You may reply publicly to this message via plain-text email
using any one of the following methods:
* Save the following mbox file, import it into your mail client,
and reply-to-all from there: mbox
Avoid top-posting and favor interleaved quoting:
https://en.wikipedia.org/wiki/Posting_style#Interleaved_style
* Reply using the --to, --cc, and --in-reply-to
switches of git-send-email(1):
git send-email \
--in-reply-to=68f9f870.170a0220.1c7f97.77b5SMTPIN_ADDED_MISSING@mx.google.com \
--to=dpdklab@iol.unh.edu \
--cc=dpdk-test-reports@iol.unh.edu \
--cc=test-report@dpdk.org \
/path/to/YOUR_REPLY
https://kernel.org/pub/software/scm/git/docs/git-send-email.html
* If your mail client supports setting the In-Reply-To header
via mailto: links, try the mailto: link
Be sure your reply has a Subject: header at the top and a blank line
before the message body.
This is a public inbox, see mirroring instructions
for how to clone and mirror all data and code used for this inbox;
as well as URLs for NNTP newsgroup(s).