From mboxrd@z Thu Jan 1 00:00:00 1970 Return-Path: Received: from mails.dpdk.org (mails.dpdk.org [217.70.189.124]) by inbox.dpdk.org (Postfix) with ESMTP id C4CC8489B1 for ; Thu, 23 Oct 2025 11:50:04 +0200 (CEST) Received: from mails.dpdk.org (localhost [127.0.0.1]) by mails.dpdk.org (Postfix) with ESMTP id 9DB1C4025F; Thu, 23 Oct 2025 11:50:04 +0200 (CEST) Received: from mail-pf1-f228.google.com (mail-pf1-f228.google.com [209.85.210.228]) by mails.dpdk.org (Postfix) with ESMTP id A011F4025F for ; Thu, 23 Oct 2025 11:50:03 +0200 (CEST) Received: by mail-pf1-f228.google.com with SMTP id d2e1a72fcca58-77f5d497692so785650b3a.1 for ; Thu, 23 Oct 2025 02:50:03 -0700 (PDT) DKIM-Signature: v=1; a=rsa-sha256; c=relaxed/relaxed; d=iol.unh.edu; s=unh-iol; t=1761213003; x=1761817803; darn=dpdk.org; h=cc:to:from:subject:message-id:date:from:to:cc:subject:date :message-id:reply-to; bh=vZzco9PTT6LWyvz4HCPlp+n/6yywUkcVr90Ivnpx4JQ=; b=ck+/YF0b+pXK/Sw6saQCfsw83Pz2+ktkF/jyYsusDV6VfFCXaGrkkDnVhDKwUPZ91j gxRwkQanlwCWwbOmoJvC/N5dHg3XNfH2lMtfIhkTDsjx94SqrQKsd3TSswrgbOYR1KQd k3nDzQ0VmMeWccD2vnoDJqUo4B8brFStlmVIA= X-Google-DKIM-Signature: v=1; a=rsa-sha256; c=relaxed/relaxed; d=1e100.net; s=20230601; t=1761213003; x=1761817803; h=cc:to:from:subject:message-id:date:x-gm-message-state:from:to:cc :subject:date:message-id:reply-to; bh=vZzco9PTT6LWyvz4HCPlp+n/6yywUkcVr90Ivnpx4JQ=; b=IRokkJ9U0SixaEfbC50iNU2Dd2gso2itp7oraBRLY3l4rV6+nLabUOhpWdPFn8mn8V hIVOZtdBQT/X7MD1RnvNPg+JSBCjx72t2E6DYVIq4hJgyObYVuxLOIPRGQu1+YwvujyE dvuXGgjW7YqsJ0r0pyVx17LUxr2uv+e2ic4Nq+skU/8mc/e4zcH5mfeIZRJFHlvZQk3C HfoOjkzis/Oc+Rjgwr5KwdD9wx/pzv6aztDu0r9TYA6s0Er97YBEedC3rAoc87q5qzK+ 1CY19Yklwsw+cWhW8NYjExBp5jXgQci2WpMfFBNzY5fPg0EriP/3HGTABA0Xeip2+mJ5 /flg== X-Gm-Message-State: AOJu0YyR+QuEZ4gNXprpv74y6yr2CkFmviJOVr7nHZLKIpq6S3iOCyUz yqPIBn8pJYOvA+4htb2negL6sy2UlLWBPBz7Qnx9PnlTYnbVCKap5IyRWKWsHQiq4MbOkitPXTp fCJwzDYW1iK6SNjNOgDL/WjJVa5NlYW6+916y X-Gm-Gg: ASbGnctKk0MylcCVBkK7mhsuhXk5F4fWJsNAg/vFj5AhiwhajiEJOspSvSAbnaCBCmG Pah98qT0m3hbwit9on+EdqNZ3Xe9+7pfftQ24loI1sLTXvYzzGpaXvkNNDZrvnMUo+N1j+9QSyR y5Gcc2SIoinJzwuqlo2H5IDegf8DvllO24bqD8OKCr7vYPVANXph12k/+qf5MJ4X13un9djOR+h I0gW1OEvWf2W9PDXt9CB5WtZ+AM4UQ7Idhi1jjkWnggArlXXJ8kyRsA2gJfTxmGd1iix5AkEMy9 lsBVARXkflFK8EWQlXGTFnalm8+Y0zf0mgrLSUzlthW/PAg3Js/Am0/0nwdEIFXUqwzduXt1LBN glqVbBHTTeXJTwdAuJIwAJPedfVJ0IqM= X-Google-Smtp-Source: AGHT+IGB4t3nfGwpYARWT+mvjd1e2TqJIYWoE06XdJEtuADoJqCRSLx0tsOLfW8XsUy6yHMyxL8kaIFAkdpm X-Received: by 2002:a05:6a00:1895:b0:781:1a65:f230 with SMTP id d2e1a72fcca58-7a220b1e3bbmr25768675b3a.26.1761213002703; Thu, 23 Oct 2025 02:50:02 -0700 (PDT) Received: from postal.iol.unh.edu (postal.iol.unh.edu. [132.177.123.84]) by smtp-relay.gmail.com with ESMTPS id d2e1a72fcca58-7a274b30d34sm115812b3a.8.2025.10.23.02.50.02 (version=TLS1_2 cipher=ECDHE-ECDSA-AES128-GCM-SHA256 bits=128/128); Thu, 23 Oct 2025 02:50:02 -0700 (PDT) X-Relaying-Domain: iol.unh.edu Date: Thu, 23 Oct 2025 02:50:02 -0700 (PDT) Message-ID: <68f9fa4a.050a0220.fa498.5d3eSMTPIN_ADDED_MISSING@mx.google.com> Received: from [172.21.0.2] (unknown [172.18.0.240]) by postal.iol.unh.edu (Postfix) with ESMTP id EA67E6051830; Thu, 23 Oct 2025 05:50:01 -0400 (EDT) Subject: |FAILURE| [GIT MASTER] 62f583c49bf67dd4d6733ece14e55fe6839e66d1 From: dpdklab@iol.unh.edu To: Test Report Cc: dpdk-test-reports@iol.unh.edu, Xueming Li , Christian Ehrhardt , Kevin Traynor , Luca Boccassi Content-Type: text/plain X-BeenThere: test-report@dpdk.org X-Mailman-Version: 2.1.29 Precedence: list List-Id: automatic DPDK test reports List-Unsubscribe: , List-Archive: List-Post: List-Help: List-Subscribe: , Errors-To: test-report-bounces@dpdk.org _Testing issues_ Branch: tags/v23.11 62f583c49bf67dd4d6733ece14e55fe6839e66d1 --> testing issues Upstream job id: Generic-Unit-Test-DPDK#384303 Test environment and result as below: +------------------------------+----------------+------------------------------+---------------------------+--------------+ | Environment | dpdk_unit_test | cryptodev_sw_snow3g_autotest | cryptodev_sw_zuc_autotest | lpm_autotest | +==============================+================+==============================+===========================+==============+ | Fedora Linux 40 | PASS | SKIPPED | SKIPPED | SKIPPED | +------------------------------+----------------+------------------------------+---------------------------+--------------+ | CentOS Stream 9 | PASS | SKIPPED | SKIPPED | SKIPPED | +------------------------------+----------------+------------------------------+---------------------------+--------------+ | CentOS Stream 10 | PASS | SKIPPED | SKIPPED | SKIPPED | +------------------------------+----------------+------------------------------+---------------------------+--------------+ | Fedora Linux 41 | PEND | SKIPPED | SKIPPED | SKIPPED | +------------------------------+----------------+------------------------------+---------------------------+--------------+ | Fedora Linux 42 | PEND | SKIPPED | SKIPPED | SKIPPED | +------------------------------+----------------+------------------------------+---------------------------+--------------+ | Debian GNU/Linux 12 | PEND | SKIPPED | SKIPPED | SKIPPED | +------------------------------+----------------+------------------------------+---------------------------+--------------+ | Ubuntu 20.04 | PEND | SKIPPED | SKIPPED | PASS | +------------------------------+----------------+------------------------------+---------------------------+--------------+ | Ubuntu 22.04 | PASS | SKIPPED | SKIPPED | SKIPPED | +------------------------------+----------------+------------------------------+---------------------------+--------------+ | Ubuntu 24.04 | PEND | SKIPPED | SKIPPED | SKIPPED | +------------------------------+----------------+------------------------------+---------------------------+--------------+ | Red Hat Enterprise Linux 9.5 | PEND | SKIPPED | SKIPPED | SKIPPED | +------------------------------+----------------+------------------------------+---------------------------+--------------+ | Debian 12 (arm) | SKIPPED | PEND | PEND | SKIPPED | +------------------------------+----------------+------------------------------+---------------------------+--------------+ Fedora Linux 40 Kernel: 5.4 Compiler: clang gcc (GCC) 14.2.1 20240912 (Red Hat 14.2.1-3) CentOS Stream 9 Kernel: 5.4 Compiler: gcc gcc (GCC) 11.5.0 20240719 (Red Hat 11.5.0-11) CentOS Stream 10 Kernel: 5.4 Compiler: gcc gcc (GCC) 14.2.1 20250110 (Red Hat 14.2.1-8) Fedora Linux 41 Kernel: 5.4 Compiler: clang gcc (GCC) 14.3.1 20250523 (Red Hat 14.3.1-1) Fedora Linux 42 Kernel: 5.4 Compiler: gcc gcc (GCC) 15.2.1 20250808 (Red Hat 15.2.1-1) Debian GNU/Linux 12 Kernel: 5.4 Compiler: gcc gcc (Debian 12.2.0-14+deb12u1) 12.2.0 Ubuntu 20.04 Kernel: 5.4 Compiler: gcc gcc (Ubuntu 9.4.0-1ubuntu1~20.04.2) 9.4.0 Ubuntu 22.04 Kernel: 5.4 Compiler: gcc gcc (Ubuntu 11.4.0-1ubuntu1~22.04) 11.4.0 Ubuntu 24.04 Kernel: 5.4 Compiler: gcc gcc (Ubuntu 13.3.0-6ubuntu2~24.04) 13.3.0 Red Hat Enterprise Linux 9.5 Kernel: 5.4 Compiler: gcc gcc (GCC) 11.5.0 20240719 (Red Hat 11.5.0-2) Debian 12 (arm) Kernel: Depends on container host Compiler: gcc (Debian 12.2.0-14) 12.2.0 To view detailed results, visit: https://lab.dpdk.org/results/dashboard/tarballs/35308/ UNH-IOL DPDK Community Lab To manage your email subscriptions, visit: https://lab.dpdk.org/results/dashboard/preferences/subscriptions/