From: dpdklab@iol.unh.edu
To: Test Report <test-report@dpdk.org>
Cc: dpdk-test-reports@iol.unh.edu
Subject: |WARNING| pw158009 [PATCH] [v5] mbuf: optimize segment prefree
Date: Thu, 23 Oct 2025 03:44:51 -0700 (PDT) [thread overview]
Message-ID: <68fa0723.050a0220.2e4771.44faSMTPIN_ADDED_MISSING@mx.google.com> (raw)
In-Reply-To: <20251023080136.165513-1-mb@smartsharesystems.com>
Test-Label: iol-compile-amd64-testing
Test-Status: WARNING
http://dpdk.org/patch/158009
_Testing issues_
Submitter: Morten Brorup <mb@smartsharesystems.com>
Date: Thursday, October 23 2025 08:01:36
DPDK git baseline: Repo:dpdk
Branch: master
CommitID:2863cbd9ee6dabee2b183382d298f4054ba3e8a2
158009 --> testing issues
Upstream job id: Generic-DPDK-Compile-Meson#436996
Test environment and result as below:
+-------------------------------+--------------------+-------------------+-------------------------+-------------------+----------------------+------------------+
| Environment | dpdk_meson_compile | dpdk_msvc_compile | dpdk_llvm_clang_compile | dpdk_compile_spdk | dpdk_mingw64_compile | dpdk_compile_ovs |
+===============================+====================+===================+=========================+===================+======================+==================+
| Ubuntu 20.04 | PASS | SKIPPED | SKIPPED | SKIPPED | SKIPPED | SKIPPED |
+-------------------------------+--------------------+-------------------+-------------------------+-------------------+----------------------+------------------+
| FreeBSD 14.2 | PASS | SKIPPED | SKIPPED | SKIPPED | SKIPPED | SKIPPED |
+-------------------------------+--------------------+-------------------+-------------------------+-------------------+----------------------+------------------+
| CentOS Stream 9 | PASS | SKIPPED | SKIPPED | WARN | SKIPPED | SKIPPED |
+-------------------------------+--------------------+-------------------+-------------------------+-------------------+----------------------+------------------+
| CentOS Stream 10 | PASS | SKIPPED | SKIPPED | SKIPPED | SKIPPED | SKIPPED |
+-------------------------------+--------------------+-------------------+-------------------------+-------------------+----------------------+------------------+
| Debian GNU/Linux 12 | PEND | SKIPPED | SKIPPED | PEND | SKIPPED | SKIPPED |
+-------------------------------+--------------------+-------------------+-------------------------+-------------------+----------------------+------------------+
| Fedora Linux 42 | PEND | SKIPPED | SKIPPED | PEND | SKIPPED | PEND |
+-------------------------------+--------------------+-------------------+-------------------------+-------------------+----------------------+------------------+
| openSUSE Leap 15.6 | PEND | SKIPPED | SKIPPED | SKIPPED | SKIPPED | SKIPPED |
+-------------------------------+--------------------+-------------------+-------------------------+-------------------+----------------------+------------------+
| Red Hat Enterprise Linux 8.10 | PEND | SKIPPED | SKIPPED | SKIPPED | SKIPPED | SKIPPED |
+-------------------------------+--------------------+-------------------+-------------------------+-------------------+----------------------+------------------+
| Windows Server 2022 | SKIPPED | PASS | PASS | SKIPPED | PASS | SKIPPED |
+-------------------------------+--------------------+-------------------+-------------------------+-------------------+----------------------+------------------+
==== 20 line log output for CentOS Stream 9 (dpdk_compile_spdk): ====
--- Failed to get log output ---
==== End log output ====
Ubuntu 20.04
Kernel: 4.19
Compiler: gcc gcc (Ubuntu 9.4.0-1ubuntu1~20.04.2) 9.4.0
FreeBSD 14.2
Kernel: 14.2-RELEASE
Compiler: clang 18.1.6
CentOS Stream 9
Kernel: 5.15
Compiler: gcc gcc (GCC) 11.5.0 20240719 (Red Hat 11.5.0-11)
CentOS Stream 10
Kernel: 5.15
Compiler: gcc gcc (GCC) 14.2.1 20250110 (Red Hat 14.2.1-8)
Debian GNU/Linux 12
Kernel: 5.15
Compiler: gcc gcc (Debian 12.2.0-14+deb12u1) 12.2.0
Fedora Linux 42
Kernel: 5.15
Compiler: clang gcc (GCC) 15.2.1 20250808 (Red Hat 15.2.1-1)
openSUSE Leap 15.6
Kernel: 5.15
Compiler: gcc gcc (SUSE Linux) 7.5.0
Red Hat Enterprise Linux 8.10
Kernel: 5.15
Compiler: gcc gcc (GCC) 8.5.0 20210514 (Red Hat 8.5.0-22)
Windows Server 2022
Kernel: 10.0.20348.2031
Compiler: clang 15.0.7, gcc 14.1.0 (MinGW), and MSVC VS 19.39.33521
To view detailed results, visit:
https://lab.dpdk.org/results/dashboard/patchsets/34354/
UNH-IOL DPDK Community Lab
To manage your email subscriptions, visit:
https://lab.dpdk.org/results/dashboard/preferences/subscriptions/
next prev parent reply other threads:[~2025-10-23 10:44 UTC|newest]
Thread overview: 23+ messages / expand[flat|nested] mbox.gz Atom feed top
[not found] <20251023080136.165513-1-mb@smartsharesystems.com>
2025-10-23 7:33 ` |SUCCESS| pw158009 [PATCH v5] " qemudev
2025-10-23 7:38 ` qemudev
2025-10-23 8:01 ` checkpatch
2025-10-23 8:42 ` |SUCCESS| pw158009 [PATCH] [v5] " dpdklab
2025-10-23 8:42 ` |PENDING| " dpdklab
2025-10-23 8:44 ` |SUCCESS| " dpdklab
2025-10-23 9:07 ` dpdklab
2025-10-23 9:12 ` dpdklab
2025-10-23 9:23 ` |PENDING| " dpdklab
2025-10-23 9:32 ` dpdklab
2025-10-23 9:41 ` dpdklab
2025-10-23 9:42 ` |SUCCESS| " dpdklab
2025-10-23 9:45 ` dpdklab
2025-10-23 9:45 ` dpdklab
2025-10-23 10:28 ` |FAILURE| pw158009 [PATCH v5] " 0-day Robot
2025-10-23 10:29 ` |SUCCESS| pw158009 [PATCH] [v5] " dpdklab
2025-10-23 10:33 ` dpdklab
2025-10-23 10:42 ` dpdklab
2025-10-23 10:44 ` dpdklab
2025-10-23 10:44 ` dpdklab [this message]
2025-10-23 10:51 ` dpdklab
2025-10-23 11:48 ` |PENDING| " dpdklab
2025-10-23 12:08 ` |WARNING| " dpdklab
Reply instructions:
You may reply publicly to this message via plain-text email
using any one of the following methods:
* Save the following mbox file, import it into your mail client,
and reply-to-all from there: mbox
Avoid top-posting and favor interleaved quoting:
https://en.wikipedia.org/wiki/Posting_style#Interleaved_style
* Reply using the --to, --cc, and --in-reply-to
switches of git-send-email(1):
git send-email \
--in-reply-to=68fa0723.050a0220.2e4771.44faSMTPIN_ADDED_MISSING@mx.google.com \
--to=dpdklab@iol.unh.edu \
--cc=dpdk-test-reports@iol.unh.edu \
--cc=test-report@dpdk.org \
/path/to/YOUR_REPLY
https://kernel.org/pub/software/scm/git/docs/git-send-email.html
* If your mail client supports setting the In-Reply-To header
via mailto: links, try the mailto: link
Be sure your reply has a Subject: header at the top and a blank line
before the message body.
This is a public inbox, see mirroring instructions
for how to clone and mirror all data and code used for this inbox;
as well as URLs for NNTP newsgroup(s).