automatic DPDK test reports
 help / color / mirror / Atom feed
* |SUCCESS| pw158026 [PATCH v9 3/3] dts: add Rx Tx offload test suite
       [not found] <20251023123223.56924-4-abailey@iol.unh.edu>
@ 2025-10-23 12:33 ` checkpatch
  2025-10-23 12:57 ` |FAILURE| pw158024-158026 [PATCH] [v9,3/3] dts: add Rx Tx offload te dpdklab
                   ` (17 subsequent siblings)
  18 siblings, 0 replies; 19+ messages in thread
From: checkpatch @ 2025-10-23 12:33 UTC (permalink / raw)
  To: test-report

Test-Label: checkpatch
Test-Status: SUCCESS
http://dpdk.org/patch/158026

_coding style OK_



^ permalink raw reply	[flat|nested] 19+ messages in thread

* |FAILURE| pw158024-158026 [PATCH] [v9,3/3] dts: add Rx Tx offload te
       [not found] <20251023123223.56924-4-abailey@iol.unh.edu>
  2025-10-23 12:33 ` |SUCCESS| pw158026 [PATCH v9 3/3] dts: add Rx Tx offload test suite checkpatch
@ 2025-10-23 12:57 ` dpdklab
  2025-10-23 12:59 ` |PENDING| " dpdklab
                   ` (16 subsequent siblings)
  18 siblings, 0 replies; 19+ messages in thread
From: dpdklab @ 2025-10-23 12:57 UTC (permalink / raw)
  To: Test Report; +Cc: dpdk-test-reports, Andrew Bailey

Test-Label: iol-dts-check-format-testing
Test-Status: FAILURE
http://dpdk.org/patch/158026

_Testing issues_

Submitter: Andrew Bailey <abailey@iol.unh.edu>
Date: Thursday, October 23 2025 12:32:23 
DPDK git baseline: Repo:dpdk-next-dts
  Branch: master
  CommitID:c1abcee5a9656fb4890b733e6051aa604c60f146

158024-158026 --> testing issues

Upstream job id: DTS-Check-Format-Pipeline#112

Test environment and result as below:

+--------------+------------------+
| Environment  | dts-check-format |
+==============+==================+
| Ubuntu 24.04 | FAIL             |
+--------------+------------------+

==== 20 line log output for Ubuntu 24.04 (dts-check-format): ====
Formatting in ./
----------------
Formatting code with ruff:
72 files left unchanged

Linting in ./
-------------
All checks passed!

Checking types in ./
--------------------
api/testpmd/__init__.py:1371: error: f-string: expecting '}'  [syntax]
Found 1 error in 1 file (errors prevented further checking)

Summary for ./
--------------
Found 2 errors
==== End log output ====

Ubuntu 24.04
	Kernel: 5.15
	Compiler: gcc gcc (Ubuntu 13.3.0-6ubuntu2~24.04) 13.3.0

To view detailed results, visit:
https://lab.dpdk.org/results/dashboard/patchsets/34359/

UNH-IOL DPDK Community Lab

To manage your email subscriptions, visit: 
https://lab.dpdk.org/results/dashboard/preferences/subscriptions/

^ permalink raw reply	[flat|nested] 19+ messages in thread

* |PENDING| pw158024-158026 [PATCH] [v9,3/3] dts: add Rx Tx offload te
       [not found] <20251023123223.56924-4-abailey@iol.unh.edu>
  2025-10-23 12:33 ` |SUCCESS| pw158026 [PATCH v9 3/3] dts: add Rx Tx offload test suite checkpatch
  2025-10-23 12:57 ` |FAILURE| pw158024-158026 [PATCH] [v9,3/3] dts: add Rx Tx offload te dpdklab
@ 2025-10-23 12:59 ` dpdklab
  2025-10-23 13:03 ` |SUCCESS| " dpdklab
                   ` (15 subsequent siblings)
  18 siblings, 0 replies; 19+ messages in thread
From: dpdklab @ 2025-10-23 12:59 UTC (permalink / raw)
  To: Test Report; +Cc: dpdk-test-reports

Test-Label: iol-compile-amd64-testing
Test-Status: PENDING
http://dpdk.org/patch/158026

_Testing pending_

Submitter: Andrew Bailey <abailey@iol.unh.edu>
Date: Thursday, October 23 2025 12:32:23 
DPDK git baseline: Repo:dpdk-next-dts
  Branch: master
  CommitID:c1abcee5a9656fb4890b733e6051aa604c60f146

158024-158026 --> testing pending

Upstream job id: Generic-VM-DPDK-Compile-Meson#39204

Test environment and result as below:

+---------------------+--------------------+-------------------+
|     Environment     | dpdk_meson_compile | dpdk_msvc_compile |
+=====================+====================+===================+
| Ubuntu 20.04        | PASS               | SKIPPED           |
+---------------------+--------------------+-------------------+
| FreeBSD 14.2        | PEND               | SKIPPED           |
+---------------------+--------------------+-------------------+
| Windows Server 2022 | SKIPPED            | PEND              |
+---------------------+--------------------+-------------------+


Ubuntu 20.04
	Kernel: 4.19
	Compiler: gcc gcc (Ubuntu 9.4.0-1ubuntu1~20.04.2) 9.4.0

FreeBSD 14.2
	Kernel: 14.2-RELEASE
	Compiler: clang 18.1.6

Windows Server 2022
	Kernel: 10.0.20348.2031
	Compiler: clang 15.0.7, gcc 14.1.0 (MinGW), and MSVC VS 19.39.33521

To view detailed results, visit:
https://lab.dpdk.org/results/dashboard/patchsets/34359/

UNH-IOL DPDK Community Lab

To manage your email subscriptions, visit: 
https://lab.dpdk.org/results/dashboard/preferences/subscriptions/

^ permalink raw reply	[flat|nested] 19+ messages in thread

* |SUCCESS| pw158024-158026 [PATCH] [v9,3/3] dts: add Rx Tx offload te
       [not found] <20251023123223.56924-4-abailey@iol.unh.edu>
                   ` (2 preceding siblings ...)
  2025-10-23 12:59 ` |PENDING| " dpdklab
@ 2025-10-23 13:03 ` dpdklab
  2025-10-23 13:08 ` dpdklab
                   ` (14 subsequent siblings)
  18 siblings, 0 replies; 19+ messages in thread
From: dpdklab @ 2025-10-23 13:03 UTC (permalink / raw)
  To: Test Report; +Cc: dpdk-test-reports

Test-Label: iol-mellanox-Functional
Test-Status: SUCCESS
http://dpdk.org/patch/158026

_Functional Testing PASS_

Submitter: Andrew Bailey <abailey@iol.unh.edu>
Date: Thursday, October 23 2025 12:32:23 
DPDK git baseline: Repo:dpdk-next-dts
  Branch: master
  CommitID:c1abcee5a9656fb4890b733e6051aa604c60f146

158024-158026 --> functional testing pass

Upstream job id: Template-DPDK-DTS-Pipeline#2619

Test environment and result as below:

Ubuntu 24.04
Kernel: 6.8.0-55-generic
Compiler: gcc 13.3.0
NIC: Mellanox ConnectX-5 100000 Mbps

Aggregate Results by Test Suite
+---------------------------------+--------+
|           Test Suite            | Result |
+=================================+========+
| blocklist                       |  PASS  |
+---------------------------------+--------+
| promisc_support                 |  PASS  |
+---------------------------------+--------+
| uni_pkt                         |  PASS  |
+---------------------------------+--------+
| dynamic_config                  |  PASS  |
+---------------------------------+--------+
| hello_world                     |  PASS  |
+---------------------------------+--------+
| l2fwd                           |  PASS  |
+---------------------------------+--------+
| port_restart_config_persistency |  PASS  |
+---------------------------------+--------+
| softnic                         |  PASS  |
+---------------------------------+--------+
| vlan                            |  PASS  |
+---------------------------------+--------+


To view detailed results, visit:
https://lab.dpdk.org/results/dashboard/patchsets/34359/

UNH-IOL DPDK Community Lab

To manage your email subscriptions, visit: 
https://lab.dpdk.org/results/dashboard/preferences/subscriptions/

^ permalink raw reply	[flat|nested] 19+ messages in thread

* |SUCCESS| pw158024-158026 [PATCH] [v9,3/3] dts: add Rx Tx offload te
       [not found] <20251023123223.56924-4-abailey@iol.unh.edu>
                   ` (3 preceding siblings ...)
  2025-10-23 13:03 ` |SUCCESS| " dpdklab
@ 2025-10-23 13:08 ` dpdklab
  2025-10-23 13:12 ` |PENDING| " dpdklab
                   ` (13 subsequent siblings)
  18 siblings, 0 replies; 19+ messages in thread
From: dpdklab @ 2025-10-23 13:08 UTC (permalink / raw)
  To: Test Report; +Cc: dpdk-test-reports

Test-Label: iol-marvell-Functional
Test-Status: SUCCESS
http://dpdk.org/patch/158026

_Functional Testing PASS_

Submitter: Andrew Bailey <abailey@iol.unh.edu>
Date: Thursday, October 23 2025 12:32:23 
DPDK git baseline: Repo:dpdk-next-dts
  Branch: master
  CommitID:c1abcee5a9656fb4890b733e6051aa604c60f146

158024-158026 --> functional testing pass

Upstream job id: Template-DTS-Pipeline#250930

Test environment and result as below:

Ubuntu 20.04.6
Kernel: 5.4.105
Compiler: gcc 9.4
NIC: Marvell CN106XX 50000 Mbps
Target: arm64-native-linuxapp-gcc

Aggregate Results by Test Suite
+----------------+--------+
|   Test Suite   | Result |
+================+========+
| cmdline        |  PASS  |
+----------------+--------+
| rxtx_callbacks |  PASS  |
+----------------+--------+


To view detailed results, visit:
https://lab.dpdk.org/results/dashboard/patchsets/34359/

UNH-IOL DPDK Community Lab

To manage your email subscriptions, visit: 
https://lab.dpdk.org/results/dashboard/preferences/subscriptions/

^ permalink raw reply	[flat|nested] 19+ messages in thread

* |PENDING| pw158024-158026 [PATCH] [v9,3/3] dts: add Rx Tx offload te
       [not found] <20251023123223.56924-4-abailey@iol.unh.edu>
                   ` (4 preceding siblings ...)
  2025-10-23 13:08 ` dpdklab
@ 2025-10-23 13:12 ` dpdklab
  2025-10-23 13:14 ` dpdklab
                   ` (12 subsequent siblings)
  18 siblings, 0 replies; 19+ messages in thread
From: dpdklab @ 2025-10-23 13:12 UTC (permalink / raw)
  To: Test Report; +Cc: dpdk-test-reports

Test-Label: iol-sample-apps-testing
Test-Status: PENDING
http://dpdk.org/patch/158026

_Testing pending_

Submitter: Andrew Bailey <abailey@iol.unh.edu>
Date: Thursday, October 23 2025 12:32:23 
DPDK git baseline: Repo:dpdk-next-dts
  Branch: master
  CommitID:c1abcee5a9656fb4890b733e6051aa604c60f146

158024-158026 --> testing pending

Upstream job id: Template-DTS-Pipeline#250932

Test environment and result as below:

+--------------+----------------------+----------------------+
| Environment  | dpdk_fips_validation | compressdev_zlib_pmd |
+==============+======================+======================+
| Ubuntu 20.04 | PEND                 | SKIPPED              |
+--------------+----------------------+----------------------+
| Ubuntu 22.04 | SKIPPED              | PASS                 |
+--------------+----------------------+----------------------+


Ubuntu 20.04
	Kernel: 5.15
	Compiler: gcc gcc (Ubuntu 9.4.0-1ubuntu1~20.04.2) 9.4.0

Ubuntu 22.04
	Kernel: 5.15
	Compiler: gcc gcc (Ubuntu 11.4.0-1ubuntu1~22.04.2) 11.4.0

To view detailed results, visit:
https://lab.dpdk.org/results/dashboard/patchsets/34359/

UNH-IOL DPDK Community Lab

To manage your email subscriptions, visit: 
https://lab.dpdk.org/results/dashboard/preferences/subscriptions/

^ permalink raw reply	[flat|nested] 19+ messages in thread

* |PENDING| pw158024-158026 [PATCH] [v9,3/3] dts: add Rx Tx offload te
       [not found] <20251023123223.56924-4-abailey@iol.unh.edu>
                   ` (5 preceding siblings ...)
  2025-10-23 13:12 ` |PENDING| " dpdklab
@ 2025-10-23 13:14 ` dpdklab
  2025-10-23 13:22 ` |SUCCESS| " dpdklab
                   ` (11 subsequent siblings)
  18 siblings, 0 replies; 19+ messages in thread
From: dpdklab @ 2025-10-23 13:14 UTC (permalink / raw)
  To: Test Report; +Cc: dpdk-test-reports

Test-Label: iol-unit-amd64-testing
Test-Status: PENDING
http://dpdk.org/patch/158026

_Testing pending_

Submitter: Andrew Bailey <abailey@iol.unh.edu>
Date: Thursday, October 23 2025 12:32:23 
DPDK git baseline: Repo:dpdk-next-dts
  Branch: master
  CommitID:c1abcee5a9656fb4890b733e6051aa604c60f146

158024-158026 --> testing pending

Upstream job id: Generic-Unit-Test-DPDK#384528

Test environment and result as below:

+-------------------------------+----------------+
|          Environment          | dpdk_unit_test |
+===============================+================+
| CentOS Stream 9               | PASS           |
+-------------------------------+----------------+
| Fedora Linux 41               | PEND           |
+-------------------------------+----------------+
| CentOS Stream 10              | PEND           |
+-------------------------------+----------------+
| Red Hat Enterprise Linux 8.10 | PEND           |
+-------------------------------+----------------+
| Debian GNU/Linux 12           | PEND           |
+-------------------------------+----------------+
| Fedora Linux 42               | PEND           |
+-------------------------------+----------------+
| Fedora Linux 40               | PEND           |
+-------------------------------+----------------+
| Red Hat Enterprise Linux 9.5  | PEND           |
+-------------------------------+----------------+
| Ubuntu 20.04                  | PEND           |
+-------------------------------+----------------+
| Ubuntu 22.04                  | PEND           |
+-------------------------------+----------------+
| Ubuntu 24.04                  | PEND           |
+-------------------------------+----------------+


CentOS Stream 9
	Kernel: 5.15
	Compiler: gcc gcc (GCC) 11.5.0 20240719 (Red Hat 11.5.0-11)

Fedora Linux 41
	Kernel: 5.15
	Compiler: gcc gcc (GCC) 14.3.1 20250523 (Red Hat 14.3.1-1)

CentOS Stream 10
	Kernel: 5.15
	Compiler: gcc gcc (GCC) 14.2.1 20250110 (Red Hat 14.2.1-8)

Red Hat Enterprise Linux 8.10
	Kernel: 5.15
	Compiler: gcc gcc (GCC) 8.5.0 20210514 (Red Hat 8.5.0-22)

Debian GNU/Linux 12
	Kernel: 5.15
	Compiler: gcc gcc (Debian 12.2.0-14+deb12u1) 12.2.0

Fedora Linux 42
	Kernel: 5.15
	Compiler: gcc gcc (GCC) 15.2.1 20250808 (Red Hat 15.2.1-1)

Fedora Linux 40
	Kernel: 5.15
	Compiler: clang gcc (GCC) 14.2.1 20240912 (Red Hat 14.2.1-3)

Red Hat Enterprise Linux 9.5
	Kernel: 5.15
	Compiler: gcc gcc (GCC) 11.5.0 20240719 (Red Hat 11.5.0-2)

Ubuntu 20.04
	Kernel: 5.15
	Compiler: gcc gcc (Ubuntu 9.4.0-1ubuntu1~20.04.2) 9.4.0

Ubuntu 22.04
	Kernel: 5.15
	Compiler: gcc gcc (Ubuntu 11.4.0-1ubuntu1~22.04) 11.4.0

Ubuntu 24.04
	Kernel: 5.15
	Compiler: gcc gcc (Ubuntu 13.3.0-6ubuntu2~24.04) 13.3.0

To view detailed results, visit:
https://lab.dpdk.org/results/dashboard/patchsets/34359/

UNH-IOL DPDK Community Lab

To manage your email subscriptions, visit: 
https://lab.dpdk.org/results/dashboard/preferences/subscriptions/

^ permalink raw reply	[flat|nested] 19+ messages in thread

* |SUCCESS| pw158024-158026 [PATCH] [v9,3/3] dts: add Rx Tx offload te
       [not found] <20251023123223.56924-4-abailey@iol.unh.edu>
                   ` (6 preceding siblings ...)
  2025-10-23 13:14 ` dpdklab
@ 2025-10-23 13:22 ` dpdklab
  2025-10-23 13:24 ` dpdklab
                   ` (10 subsequent siblings)
  18 siblings, 0 replies; 19+ messages in thread
From: dpdklab @ 2025-10-23 13:22 UTC (permalink / raw)
  To: Test Report; +Cc: dpdk-test-reports

Test-Label: iol-intel-Functional
Test-Status: SUCCESS
http://dpdk.org/patch/158026

_Functional Testing PASS_

Submitter: Andrew Bailey <abailey@iol.unh.edu>
Date: Thursday, October 23 2025 12:32:23 
DPDK git baseline: Repo:dpdk-next-dts
  Branch: master
  CommitID:c1abcee5a9656fb4890b733e6051aa604c60f146

158024-158026 --> functional testing pass

Upstream job id: Template-DTS-Pipeline#250933

Test environment and result as below:

Ubuntu 24.04
Kernel: 6.8
Compiler: gcc gcc (Ubuntu 13.3.0-6ubuntu2~24.04) 13.3.0
NIC: Intel E810 (Arm Grace Server) 100000 Mbps

Aggregate Results by Test Suite
+------------+--------+
| Test Suite | Result |
+============+========+
| blocklist  |  PASS  |
+------------+--------+
| uni_pkt    |  PASS  |
+------------+--------+


Ubuntu 24.04 LTS
Kernel: 6.8.0-44-generic
Compiler: gcc 13.2.0
NIC: Intel Corporation Ethernet Controller XL710 for 40GbE QSFP+ 40 Mbps

Aggregate Results by Test Suite
+--------------------+--------+
|     Test Suite     | Result |
+====================+========+
| blocklist          |  PASS  |
+--------------------+--------+
| uni_pkt            |  PASS  |
+--------------------+--------+
| promisc_support    |  PASS  |
+--------------------+--------+
| dynamic_queue_conf |  PASS  |
+--------------------+--------+
| hello_world        |  PASS  |
+--------------------+--------+
| l2fwd              |  PASS  |
+--------------------+--------+
| softnic            |  PASS  |
+--------------------+--------+


Ubuntu 24.04
Kernel: 6.8
Compiler: gcc gcc (Ubuntu 13.3.0-6ubuntu2~24.04) 13.3.0
NIC: Intel Corporation 4xxx Series QAT 0 Mbps

Aggregate Results by Test Suite
+----------------------------+--------+
|         Test Suite         | Result |
+============================+========+
| crypto_perf_cryptodev_perf |  PASS  |
+----------------------------+--------+


To view detailed results, visit:
https://lab.dpdk.org/results/dashboard/patchsets/34359/

UNH-IOL DPDK Community Lab

To manage your email subscriptions, visit: 
https://lab.dpdk.org/results/dashboard/preferences/subscriptions/

^ permalink raw reply	[flat|nested] 19+ messages in thread

* |SUCCESS| pw158024-158026 [PATCH] [v9,3/3] dts: add Rx Tx offload te
       [not found] <20251023123223.56924-4-abailey@iol.unh.edu>
                   ` (7 preceding siblings ...)
  2025-10-23 13:22 ` |SUCCESS| " dpdklab
@ 2025-10-23 13:24 ` dpdklab
  2025-10-23 13:29 ` dpdklab
                   ` (9 subsequent siblings)
  18 siblings, 0 replies; 19+ messages in thread
From: dpdklab @ 2025-10-23 13:24 UTC (permalink / raw)
  To: Test Report; +Cc: dpdk-test-reports

Test-Label: iol-compile-amd64-testing
Test-Status: SUCCESS
http://dpdk.org/patch/158026

_Testing PASS_

Submitter: Andrew Bailey <abailey@iol.unh.edu>
Date: Thursday, October 23 2025 12:32:23 
DPDK git baseline: Repo:dpdk-next-dts
  Branch: master
  CommitID:c1abcee5a9656fb4890b733e6051aa604c60f146

158024-158026 --> testing pass

Upstream job id: Windows-Compile-DPDK-VS#7295

Test environment and result as below:

+---------------------+--------------------+-------------------+
|     Environment     | dpdk_meson_compile | dpdk_msvc_compile |
+=====================+====================+===================+
| Ubuntu 20.04        | PASS               | SKIPPED           |
+---------------------+--------------------+-------------------+
| FreeBSD 14.2        | PASS               | SKIPPED           |
+---------------------+--------------------+-------------------+
| Windows Server 2022 | SKIPPED            | PASS              |
+---------------------+--------------------+-------------------+


Ubuntu 20.04
	Kernel: 4.19
	Compiler: gcc gcc (Ubuntu 9.4.0-1ubuntu1~20.04.2) 9.4.0

FreeBSD 14.2
	Kernel: 14.2-RELEASE
	Compiler: clang 18.1.6

Windows Server 2022
	Kernel: 10.0.20348.2031
	Compiler: clang 15.0.7, gcc 14.1.0 (MinGW), and MSVC VS 19.39.33521

To view detailed results, visit:
https://lab.dpdk.org/results/dashboard/patchsets/34359/

UNH-IOL DPDK Community Lab

To manage your email subscriptions, visit: 
https://lab.dpdk.org/results/dashboard/preferences/subscriptions/

^ permalink raw reply	[flat|nested] 19+ messages in thread

* |SUCCESS| pw158024-158026 [PATCH] [v9,3/3] dts: add Rx Tx offload te
       [not found] <20251023123223.56924-4-abailey@iol.unh.edu>
                   ` (8 preceding siblings ...)
  2025-10-23 13:24 ` dpdklab
@ 2025-10-23 13:29 ` dpdklab
  2025-10-23 13:29 ` |PENDING| " dpdklab
                   ` (8 subsequent siblings)
  18 siblings, 0 replies; 19+ messages in thread
From: dpdklab @ 2025-10-23 13:29 UTC (permalink / raw)
  To: Ali Alnubani, Test Report; +Cc: dpdk-test-reports

Test-Label: iol-mellanox-Performance
Test-Status: SUCCESS
http://dpdk.org/patch/158026

_Performance Testing PASS_

Submitter: Andrew Bailey <abailey@iol.unh.edu>
Date: Thursday, October 23 2025 12:32:23 
DPDK git baseline: Repo:dpdk-next-dts
  Branch: master
  CommitID:c1abcee5a9656fb4890b733e6051aa604c60f146

158024-158026 --> performance testing pass

Upstream job id: Template-DTS-Pipeline#250921

Test environment and result as below:

Ubuntu 24.04
Kernel: 6.8
Compiler: gcc gcc (Ubuntu 13.3.0-6ubuntu2~24.04) 13.3.0
NIC: NVIDIA Mellanox ConnectX-7 100000 Mbps
Fail/Total: 0/6

Detail performance results: 
+------------+---------+----------+-------------+------------------------------+
| frame_size | txd/rxd | num_cpus | num_threads |  throughput difference from  |
|            |         |          |             |           expected           |
+============+=========+==========+=============+==============================+
| 64         | 1024    | 1        | 1           | -0.3%                        |
+------------+---------+----------+-------------+------------------------------+
| 128        | 1024    | 1        | 1           | 0.4%                         |
+------------+---------+----------+-------------+------------------------------+
| 256        | 1024    | 1        | 1           | 0.9%                         |
+------------+---------+----------+-------------+------------------------------+
| 512        | 1024    | 1        | 1           | -0.0%                        |
+------------+---------+----------+-------------+------------------------------+
| 1024       | 1024    | 1        | 1           | -0.0%                        |
+------------+---------+----------+-------------+------------------------------+
| 1518       | 1024    | 1        | 1           | 0.1%                         |
+------------+---------+----------+-------------+------------------------------+

Ubuntu 24.04
Kernel: 6.8
Compiler: gcc gcc (Ubuntu 13.3.0-6ubuntu2~24.04) 13.3.0
NIC: Mellanox ConnectX-6 Lx 25000 Mbps
Fail/Total: 0/6

Detail performance results: 
+------------+---------+----------+-------------+------------------------------+
| frame_size | txd/rxd | num_cpus | num_threads |  throughput difference from  |
|            |         |          |             |           expected           |
+============+=========+==========+=============+==============================+
| 64         | 1024    | 1        | 1           | 0.2%                         |
+------------+---------+----------+-------------+------------------------------+
| 128        | 1024    | 1        | 1           | 0.2%                         |
+------------+---------+----------+-------------+------------------------------+
| 256        | 1024    | 1        | 1           | 0.2%                         |
+------------+---------+----------+-------------+------------------------------+
| 512        | 1024    | 1        | 1           | 0.1%                         |
+------------+---------+----------+-------------+------------------------------+
| 1024       | 1024    | 1        | 1           | 0.1%                         |
+------------+---------+----------+-------------+------------------------------+
| 1518       | 1024    | 1        | 1           | -0.1%                        |
+------------+---------+----------+-------------+------------------------------+

To view detailed results, visit:
https://lab.dpdk.org/results/dashboard/patchsets/34359/

UNH-IOL DPDK Community Lab

To manage your email subscriptions, visit: 
https://lab.dpdk.org/results/dashboard/preferences/subscriptions/

^ permalink raw reply	[flat|nested] 19+ messages in thread

* |PENDING| pw158024-158026 [PATCH] [v9,3/3] dts: add Rx Tx offload te
       [not found] <20251023123223.56924-4-abailey@iol.unh.edu>
                   ` (9 preceding siblings ...)
  2025-10-23 13:29 ` dpdklab
@ 2025-10-23 13:29 ` dpdklab
  2025-10-23 13:33 ` |SUCCESS| " dpdklab
                   ` (7 subsequent siblings)
  18 siblings, 0 replies; 19+ messages in thread
From: dpdklab @ 2025-10-23 13:29 UTC (permalink / raw)
  To: Test Report; +Cc: dpdk-test-reports

Test-Label: iol-unit-arm64-testing
Test-Status: PENDING
http://dpdk.org/patch/158026

_Testing pending_

Submitter: Andrew Bailey <abailey@iol.unh.edu>
Date: Thursday, October 23 2025 12:32:23 
DPDK git baseline: Repo:dpdk-next-dts
  Branch: master
  CommitID:c1abcee5a9656fb4890b733e6051aa604c60f146

158024-158026 --> testing pending

Upstream job id: Aarch32-Unit-Test#7948

Test environment and result as below:

+------------------------------+----------------+--------------+---------------------------+------------------------------+
|         Environment          | dpdk_unit_test | lpm_autotest | cryptodev_sw_zuc_autotest | cryptodev_sw_snow3g_autotest |
+==============================+================+==============+===========================+==============================+
| Fedora Linux 40              | PEND           | SKIPPED      | SKIPPED                   | SKIPPED                      |
+------------------------------+----------------+--------------+---------------------------+------------------------------+
| CentOS Stream 9              | PEND           | SKIPPED      | SKIPPED                   | SKIPPED                      |
+------------------------------+----------------+--------------+---------------------------+------------------------------+
| CentOS Stream 10             | PEND           | SKIPPED      | SKIPPED                   | SKIPPED                      |
+------------------------------+----------------+--------------+---------------------------+------------------------------+
| Fedora Linux 42              | PEND           | SKIPPED      | SKIPPED                   | SKIPPED                      |
+------------------------------+----------------+--------------+---------------------------+------------------------------+
| Fedora Linux 41              | PEND           | SKIPPED      | SKIPPED                   | SKIPPED                      |
+------------------------------+----------------+--------------+---------------------------+------------------------------+
| Red Hat Enterprise Linux 9.5 | PEND           | SKIPPED      | SKIPPED                   | SKIPPED                      |
+------------------------------+----------------+--------------+---------------------------+------------------------------+
| Ubuntu 22.04                 | PASS           | SKIPPED      | SKIPPED                   | SKIPPED                      |
+------------------------------+----------------+--------------+---------------------------+------------------------------+
| Ubuntu 24.04                 | PEND           | SKIPPED      | SKIPPED                   | SKIPPED                      |
+------------------------------+----------------+--------------+---------------------------+------------------------------+
| Debian GNU/Linux 12          | PEND           | SKIPPED      | SKIPPED                   | SKIPPED                      |
+------------------------------+----------------+--------------+---------------------------+------------------------------+
| Ubuntu 20.04                 | PEND           | PEND         | SKIPPED                   | SKIPPED                      |
+------------------------------+----------------+--------------+---------------------------+------------------------------+
| Debian 12 (arm)              | SKIPPED        | SKIPPED      | PEND                      | PEND                         |
+------------------------------+----------------+--------------+---------------------------+------------------------------+


Fedora Linux 40
	Kernel: 5.4
	Compiler: gcc gcc (GCC) 14.2.1 20240912 (Red Hat 14.2.1-3)

CentOS Stream 9
	Kernel: 5.4
	Compiler: gcc gcc (GCC) 11.5.0 20240719 (Red Hat 11.5.0-11)

CentOS Stream 10
	Kernel: 5.4
	Compiler: gcc gcc (GCC) 14.2.1 20250110 (Red Hat 14.2.1-8)

Fedora Linux 42
	Kernel: 5.4
	Compiler: gcc gcc (GCC) 15.2.1 20250808 (Red Hat 15.2.1-1)

Fedora Linux 41
	Kernel: 5.4
	Compiler: clang gcc (GCC) 14.3.1 20250523 (Red Hat 14.3.1-1)

Red Hat Enterprise Linux 9.5
	Kernel: 5.4
	Compiler: gcc gcc (GCC) 11.5.0 20240719 (Red Hat 11.5.0-2)

Ubuntu 22.04
	Kernel: 5.4
	Compiler: gcc gcc (Ubuntu 11.4.0-1ubuntu1~22.04) 11.4.0

Ubuntu 24.04
	Kernel: 5.4
	Compiler: gcc gcc (Ubuntu 13.3.0-6ubuntu2~24.04) 13.3.0

Debian GNU/Linux 12
	Kernel: 5.4
	Compiler: gcc gcc (Debian 12.2.0-14+deb12u1) 12.2.0

Ubuntu 20.04
	Kernel: 5.4
	Compiler: gcc gcc (Ubuntu 9.4.0-1ubuntu1~20.04.2) 9.4.0

Debian 12 (arm)
	Kernel: Depends on container host
	Compiler: gcc (Debian 12.2.0-14) 12.2.0

To view detailed results, visit:
https://lab.dpdk.org/results/dashboard/patchsets/34359/

UNH-IOL DPDK Community Lab

To manage your email subscriptions, visit: 
https://lab.dpdk.org/results/dashboard/preferences/subscriptions/

^ permalink raw reply	[flat|nested] 19+ messages in thread

* |SUCCESS| pw158024-158026 [PATCH] [v9,3/3] dts: add Rx Tx offload te
       [not found] <20251023123223.56924-4-abailey@iol.unh.edu>
                   ` (10 preceding siblings ...)
  2025-10-23 13:29 ` |PENDING| " dpdklab
@ 2025-10-23 13:33 ` dpdklab
  2025-10-23 13:49 ` dpdklab
                   ` (6 subsequent siblings)
  18 siblings, 0 replies; 19+ messages in thread
From: dpdklab @ 2025-10-23 13:33 UTC (permalink / raw)
  To: Test Report; +Cc: dpdk-test-reports

Test-Label: iol-sample-apps-testing
Test-Status: SUCCESS
http://dpdk.org/patch/158026

_Testing PASS_

Submitter: Andrew Bailey <abailey@iol.unh.edu>
Date: Thursday, October 23 2025 12:32:23 
DPDK git baseline: Repo:dpdk-next-dts
  Branch: master
  CommitID:c1abcee5a9656fb4890b733e6051aa604c60f146

158024-158026 --> testing pass

Upstream job id: ACVP-FIPS-testing#11532

Test environment and result as below:

+--------------+----------------------+----------------------+
| Environment  | dpdk_fips_validation | compressdev_zlib_pmd |
+==============+======================+======================+
| Ubuntu 20.04 | PASS                 | SKIPPED              |
+--------------+----------------------+----------------------+
| Ubuntu 22.04 | SKIPPED              | PASS                 |
+--------------+----------------------+----------------------+


Ubuntu 20.04
	Kernel: 5.15
	Compiler: gcc gcc (Ubuntu 9.4.0-1ubuntu1~20.04.2) 9.4.0

Ubuntu 22.04
	Kernel: 5.15
	Compiler: gcc gcc (Ubuntu 11.4.0-1ubuntu1~22.04.2) 11.4.0

To view detailed results, visit:
https://lab.dpdk.org/results/dashboard/patchsets/34359/

UNH-IOL DPDK Community Lab

To manage your email subscriptions, visit: 
https://lab.dpdk.org/results/dashboard/preferences/subscriptions/

^ permalink raw reply	[flat|nested] 19+ messages in thread

* |SUCCESS| pw158024-158026 [PATCH] [v9,3/3] dts: add Rx Tx offload te
       [not found] <20251023123223.56924-4-abailey@iol.unh.edu>
                   ` (11 preceding siblings ...)
  2025-10-23 13:33 ` |SUCCESS| " dpdklab
@ 2025-10-23 13:49 ` dpdklab
  2025-10-23 13:57 ` dpdklab
                   ` (5 subsequent siblings)
  18 siblings, 0 replies; 19+ messages in thread
From: dpdklab @ 2025-10-23 13:49 UTC (permalink / raw)
  To: Test Report; +Cc: dpdk-test-reports

Test-Label: iol-unit-amd64-testing
Test-Status: SUCCESS
http://dpdk.org/patch/158026

_Testing PASS_

Submitter: Andrew Bailey <abailey@iol.unh.edu>
Date: Thursday, October 23 2025 12:32:23 
DPDK git baseline: Repo:dpdk-next-dts
  Branch: master
  CommitID:c1abcee5a9656fb4890b733e6051aa604c60f146

158024-158026 --> testing pass

Upstream job id: Generic-VM-Unit-Test-DPDK#32009

Test environment and result as below:

+-------------------------------+----------------+
|          Environment          | dpdk_unit_test |
+===============================+================+
| CentOS Stream 9               | PASS           |
+-------------------------------+----------------+
| Fedora Linux 41               | PASS           |
+-------------------------------+----------------+
| CentOS Stream 10              | PASS           |
+-------------------------------+----------------+
| Red Hat Enterprise Linux 8.10 | PASS           |
+-------------------------------+----------------+
| Debian GNU/Linux 12           | PASS           |
+-------------------------------+----------------+
| Fedora Linux 42               | PASS           |
+-------------------------------+----------------+
| Fedora Linux 40               | PASS           |
+-------------------------------+----------------+
| Red Hat Enterprise Linux 9.5  | PASS           |
+-------------------------------+----------------+
| Ubuntu 20.04                  | PASS           |
+-------------------------------+----------------+
| Ubuntu 22.04                  | PASS           |
+-------------------------------+----------------+
| Ubuntu 24.04                  | PASS           |
+-------------------------------+----------------+
| Windows Server 2022           | PASS           |
+-------------------------------+----------------+


CentOS Stream 9
	Kernel: 5.15
	Compiler: gcc gcc (GCC) 11.5.0 20240719 (Red Hat 11.5.0-11)

Fedora Linux 41
	Kernel: 5.15
	Compiler: gcc gcc (GCC) 14.3.1 20250523 (Red Hat 14.3.1-1)

CentOS Stream 10
	Kernel: 5.15
	Compiler: gcc gcc (GCC) 14.2.1 20250110 (Red Hat 14.2.1-8)

Red Hat Enterprise Linux 8.10
	Kernel: 5.15
	Compiler: gcc gcc (GCC) 8.5.0 20210514 (Red Hat 8.5.0-22)

Debian GNU/Linux 12
	Kernel: 5.15
	Compiler: gcc gcc (Debian 12.2.0-14+deb12u1) 12.2.0

Fedora Linux 42
	Kernel: 5.15
	Compiler: gcc gcc (GCC) 15.2.1 20250808 (Red Hat 15.2.1-1)

Fedora Linux 40
	Kernel: 5.15
	Compiler: clang gcc (GCC) 14.2.1 20240912 (Red Hat 14.2.1-3)

Red Hat Enterprise Linux 9.5
	Kernel: 5.15
	Compiler: gcc gcc (GCC) 11.5.0 20240719 (Red Hat 11.5.0-2)

Ubuntu 20.04
	Kernel: 5.15
	Compiler: gcc gcc (Ubuntu 9.4.0-1ubuntu1~20.04.2) 9.4.0

Ubuntu 22.04
	Kernel: 5.15
	Compiler: gcc gcc (Ubuntu 11.4.0-1ubuntu1~22.04) 11.4.0

Ubuntu 24.04
	Kernel: 5.15
	Compiler: gcc gcc (Ubuntu 13.3.0-6ubuntu2~24.04) 13.3.0

Windows Server 2022
	Kernel: 10.0.20348.2031
	Compiler: clang 15.0.7, gcc 14.1.0 (MinGW), and MSVC VS 19.39.33521

To view detailed results, visit:
https://lab.dpdk.org/results/dashboard/patchsets/34359/

UNH-IOL DPDK Community Lab

To manage your email subscriptions, visit: 
https://lab.dpdk.org/results/dashboard/preferences/subscriptions/

^ permalink raw reply	[flat|nested] 19+ messages in thread

* |SUCCESS| pw158024-158026 [PATCH] [v9,3/3] dts: add Rx Tx offload te
       [not found] <20251023123223.56924-4-abailey@iol.unh.edu>
                   ` (12 preceding siblings ...)
  2025-10-23 13:49 ` dpdklab
@ 2025-10-23 13:57 ` dpdklab
  2025-10-23 14:00 ` dpdklab
                   ` (4 subsequent siblings)
  18 siblings, 0 replies; 19+ messages in thread
From: dpdklab @ 2025-10-23 13:57 UTC (permalink / raw)
  To: Test Report; +Cc: dpdk-test-reports

Test-Label: iol-sample-apps-testing
Test-Status: SUCCESS
http://dpdk.org/patch/158026

_Testing PASS_

Submitter: Andrew Bailey <abailey@iol.unh.edu>
Date: Thursday, October 23 2025 12:32:23 
DPDK git baseline: Repo:dpdk-next-dts
  Branch: master
  CommitID:c1abcee5a9656fb4890b733e6051aa604c60f146

158024-158026 --> testing pass

Upstream job id: Template-DTS-Pipeline#250931

Test environment and result as below:

+--------------+----------------------+----------------------+
| Environment  | dpdk_fips_validation | compressdev_zlib_pmd |
+==============+======================+======================+
| Ubuntu 20.04 | PASS                 | SKIPPED              |
+--------------+----------------------+----------------------+
| Ubuntu 22.04 | SKIPPED              | PASS                 |
+--------------+----------------------+----------------------+


Ubuntu 20.04
	Kernel: 5.15
	Compiler: gcc gcc (Ubuntu 9.4.0-1ubuntu1~20.04.2) 9.4.0

Ubuntu 22.04
	Kernel: 5.15
	Compiler: gcc gcc (Ubuntu 11.4.0-1ubuntu1~22.04.2) 11.4.0

To view detailed results, visit:
https://lab.dpdk.org/results/dashboard/patchsets/34359/

UNH-IOL DPDK Community Lab

To manage your email subscriptions, visit: 
https://lab.dpdk.org/results/dashboard/preferences/subscriptions/

^ permalink raw reply	[flat|nested] 19+ messages in thread

* |SUCCESS| pw158024-158026 [PATCH] [v9,3/3] dts: add Rx Tx offload te
       [not found] <20251023123223.56924-4-abailey@iol.unh.edu>
                   ` (13 preceding siblings ...)
  2025-10-23 13:57 ` dpdklab
@ 2025-10-23 14:00 ` dpdklab
  2025-10-23 14:00 ` dpdklab
                   ` (3 subsequent siblings)
  18 siblings, 0 replies; 19+ messages in thread
From: dpdklab @ 2025-10-23 14:00 UTC (permalink / raw)
  To: Test Report; +Cc: dpdk-test-reports

Test-Label: iol-intel-Functional
Test-Status: SUCCESS
http://dpdk.org/patch/158026

_Functional Testing PASS_

Submitter: Andrew Bailey <abailey@iol.unh.edu>
Date: Thursday, October 23 2025 12:32:23 
DPDK git baseline: Repo:dpdk-next-dts
  Branch: master
  CommitID:c1abcee5a9656fb4890b733e6051aa604c60f146

158024-158026 --> functional testing pass

Upstream job id: Template-DTS-Pipeline#250927

Test environment and result as below:

Ubuntu 24.04
Kernel: 6.8
Compiler: gcc gcc (Ubuntu 13.3.0-6ubuntu2~24.04) 13.3.0
NIC: Intel E810 (Arm Grace Server) 100000 Mbps

Aggregate Results by Test Suite
+------------+--------+
| Test Suite | Result |
+============+========+
| blocklist  |  PASS  |
+------------+--------+
| uni_pkt    |  PASS  |
+------------+--------+


Ubuntu 24.04 LTS
Kernel: 6.8.0-44-generic
Compiler: gcc 13.2.0
NIC: Intel Corporation Ethernet Controller XL710 for 40GbE QSFP+ 40 Mbps

Aggregate Results by Test Suite
+--------------------+--------+
|     Test Suite     | Result |
+====================+========+
| blocklist          |  PASS  |
+--------------------+--------+
| uni_pkt            |  PASS  |
+--------------------+--------+
| promisc_support    |  PASS  |
+--------------------+--------+
| dynamic_queue_conf |  PASS  |
+--------------------+--------+
| hello_world        |  PASS  |
+--------------------+--------+
| l2fwd              |  PASS  |
+--------------------+--------+
| softnic            |  PASS  |
+--------------------+--------+


Ubuntu 24.04
Kernel: 6.8
Compiler: gcc gcc (Ubuntu 13.3.0-6ubuntu2~24.04) 13.3.0
NIC: Intel Corporation 4xxx Series QAT 0 Mbps

Aggregate Results by Test Suite
+----------------------------+--------+
|         Test Suite         | Result |
+============================+========+
| crypto_perf_cryptodev_perf |  PASS  |
+----------------------------+--------+


Ubuntu 20.04
Kernel: 5.4
Compiler: gcc gcc (Ubuntu 9.4.0-1ubuntu1~20.04.1) 9.4.0
NIC: Intel Corporation Ethernet Converged Network Adapter XL710-QDA2 40000 Mbps

Aggregate Results by Test Suite
+-----------------------------+--------+
|         Test Suite          | Result |
+=============================+========+
| unit_tests_mbuf             |  PASS  |
+-----------------------------+--------+
| vhost_virtio_user_interrupt |  PASS  |
+-----------------------------+--------+
| virtio_smoke                |  PASS  |
+-----------------------------+--------+


To view detailed results, visit:
https://lab.dpdk.org/results/dashboard/patchsets/34359/

UNH-IOL DPDK Community Lab

To manage your email subscriptions, visit: 
https://lab.dpdk.org/results/dashboard/preferences/subscriptions/

^ permalink raw reply	[flat|nested] 19+ messages in thread

* |SUCCESS| pw158024-158026 [PATCH] [v9,3/3] dts: add Rx Tx offload te
       [not found] <20251023123223.56924-4-abailey@iol.unh.edu>
                   ` (14 preceding siblings ...)
  2025-10-23 14:00 ` dpdklab
@ 2025-10-23 14:00 ` dpdklab
  2025-10-23 14:03 ` dpdklab
                   ` (2 subsequent siblings)
  18 siblings, 0 replies; 19+ messages in thread
From: dpdklab @ 2025-10-23 14:00 UTC (permalink / raw)
  To: Test Report; +Cc: dpdk-test-reports

Test-Label: iol-intel-Performance
Test-Status: SUCCESS
http://dpdk.org/patch/158026

_Performance Testing PASS_

Submitter: Andrew Bailey <abailey@iol.unh.edu>
Date: Thursday, October 23 2025 12:32:23 
DPDK git baseline: Repo:dpdk-next-dts
  Branch: master
  CommitID:c1abcee5a9656fb4890b733e6051aa604c60f146

158024-158026 --> performance testing pass

Upstream job id: Template-DTS-Pipeline#250923

Test environment and result as below:

Ubuntu 22.04
Kernel: 5.15
Compiler: gcc gcc (Ubuntu 11.4.0-1ubuntu1~22.04.2) 11.4.0
NIC: Intel E810 100000 Mbps
Fail/Total: 0/2

Detail performance results: 
+------------+---------+----------+-------------+------------------------------+
| frame_size | txd/rxd | num_cpus | num_threads |  throughput difference from  |
|            |         |          |             |           expected           |
+============+=========+==========+=============+==============================+
| 64         | 512     | 1        | 1           | 0.3%                         |
+------------+---------+----------+-------------+------------------------------+
| 64         | 2048    | 1        | 1           | -0.0%                        |
+------------+---------+----------+-------------+------------------------------+

Ubuntu 20.04
Kernel: 5.4
Compiler: gcc gcc (Ubuntu 9.4.0-1ubuntu1~20.04.1) 9.4.0
NIC: Intel Corporation Ethernet Converged Network Adapter XL710-QDA2 40000 Mbps
Fail/Total: 0/4

Detail performance results: 
+----------+-------------+---------+------------+------------------------------+
| num_cpus | num_threads | txd/rxd | frame_size |  throughput difference from  |
|          |             |         |            |           expected           |
+==========+=============+=========+============+==============================+
| 1        | 2           | 512     | 64         | -0.2%                        |
+----------+-------------+---------+------------+------------------------------+
| 1        | 2           | 2048    | 64         | 1.1%                         |
+----------+-------------+---------+------------+------------------------------+
| 1        | 1           | 512     | 64         | 4.2%                         |
+----------+-------------+---------+------------+------------------------------+
| 1        | 1           | 2048    | 64         | 4.3%                         |
+----------+-------------+---------+------------+------------------------------+

Ubuntu 24.04
Kernel: 6.8
Compiler: gcc gcc (Ubuntu 13.3.0-6ubuntu2~24.04) 13.3.0
NIC: Intel E810 (Arm Grace Server) 100000 Mbps
Fail/Total: 0/2

Detail performance results: 
+------------+---------+----------+-------------+------------------------------+
| frame_size | txd/rxd | num_cpus | num_threads |  throughput difference from  |
|            |         |          |             |           expected           |
+============+=========+==========+=============+==============================+
| 64         | 512     | 1        | 1           | -0.4%                        |
+------------+---------+----------+-------------+------------------------------+
| 64         | 2048    | 1        | 1           | -0.2%                        |
+------------+---------+----------+-------------+------------------------------+

To view detailed results, visit:
https://lab.dpdk.org/results/dashboard/patchsets/34359/

UNH-IOL DPDK Community Lab

To manage your email subscriptions, visit: 
https://lab.dpdk.org/results/dashboard/preferences/subscriptions/

^ permalink raw reply	[flat|nested] 19+ messages in thread

* |SUCCESS| pw158024-158026 [PATCH] [v9,3/3] dts: add Rx Tx offload te
       [not found] <20251023123223.56924-4-abailey@iol.unh.edu>
                   ` (15 preceding siblings ...)
  2025-10-23 14:00 ` dpdklab
@ 2025-10-23 14:03 ` dpdklab
  2025-10-23 14:26 ` dpdklab
  2025-10-23 14:45 ` dpdklab
  18 siblings, 0 replies; 19+ messages in thread
From: dpdklab @ 2025-10-23 14:03 UTC (permalink / raw)
  To: Test Report; +Cc: dpdk-test-reports

Test-Label: iol-compile-amd64-testing
Test-Status: SUCCESS
http://dpdk.org/patch/158026

_Testing PASS_

Submitter: Andrew Bailey <abailey@iol.unh.edu>
Date: Thursday, October 23 2025 12:32:23 
DPDK git baseline: Repo:dpdk-next-dts
  Branch: master
  CommitID:c1abcee5a9656fb4890b733e6051aa604c60f146

158024-158026 --> testing pass

Upstream job id: Windows-Compile-DPDK-Native#31840

Test environment and result as below:

+---------------------+--------------------+-------------------+-------------------------+----------------------+
|     Environment     | dpdk_meson_compile | dpdk_msvc_compile | dpdk_llvm_clang_compile | dpdk_mingw64_compile |
+=====================+====================+===================+=========================+======================+
| Ubuntu 20.04        | PASS               | SKIPPED           | SKIPPED                 | SKIPPED              |
+---------------------+--------------------+-------------------+-------------------------+----------------------+
| FreeBSD 14.2        | PASS               | SKIPPED           | SKIPPED                 | SKIPPED              |
+---------------------+--------------------+-------------------+-------------------------+----------------------+
| Windows Server 2022 | SKIPPED            | PASS              | PASS                    | PASS                 |
+---------------------+--------------------+-------------------+-------------------------+----------------------+


Ubuntu 20.04
	Kernel: 4.19
	Compiler: gcc gcc (Ubuntu 9.4.0-1ubuntu1~20.04.2) 9.4.0

FreeBSD 14.2
	Kernel: 14.2-RELEASE
	Compiler: clang 18.1.6

Windows Server 2022
	Kernel: 10.0.20348.2031
	Compiler: clang 15.0.7, gcc 14.1.0 (MinGW), and MSVC VS 19.39.33521

To view detailed results, visit:
https://lab.dpdk.org/results/dashboard/patchsets/34359/

UNH-IOL DPDK Community Lab

To manage your email subscriptions, visit: 
https://lab.dpdk.org/results/dashboard/preferences/subscriptions/

^ permalink raw reply	[flat|nested] 19+ messages in thread

* |SUCCESS| pw158024-158026 [PATCH] [v9,3/3] dts: add Rx Tx offload te
       [not found] <20251023123223.56924-4-abailey@iol.unh.edu>
                   ` (16 preceding siblings ...)
  2025-10-23 14:03 ` dpdklab
@ 2025-10-23 14:26 ` dpdklab
  2025-10-23 14:45 ` dpdklab
  18 siblings, 0 replies; 19+ messages in thread
From: dpdklab @ 2025-10-23 14:26 UTC (permalink / raw)
  To: Test Report; +Cc: dpdk-test-reports

Test-Label: iol-broadcom-Performance
Test-Status: SUCCESS
http://dpdk.org/patch/158026

_Performance Testing PASS_

Submitter: Andrew Bailey <abailey@iol.unh.edu>
Date: Thursday, October 23 2025 12:32:23 
DPDK git baseline: Repo:dpdk-next-dts
  Branch: master
  CommitID:c1abcee5a9656fb4890b733e6051aa604c60f146

158024-158026 --> performance testing pass

Upstream job id: Template-DTS-Pipeline#250925

Test environment and result as below:

Ubuntu 22.04
Kernel: 5.15
Compiler: gcc gcc (Ubuntu 11.4.0-1ubuntu1~22.04.2) 11.4.0
NIC: Arm Broadcom Inc. brcm_57414 25000 Mbps
Fail/Total: 0/2

Detail performance results: 
+------------+---------+----------+-------------+------------------------------+
| frame_size | txd/rxd | num_cpus | num_threads |  throughput difference from  |
|            |         |          |             |           expected           |
+============+=========+==========+=============+==============================+
| 64         | 512     | 1        | 1           | 0.0%                         |
+------------+---------+----------+-------------+------------------------------+
| 64         | 2048    | 1        | 1           | -0.2%                        |
+------------+---------+----------+-------------+------------------------------+

Ubuntu 22.04
Kernel: 5.15
Compiler: gcc gcc (Ubuntu 11.4.0-1ubuntu1~22.04) 11.4.0
NIC: Broadcom Inc. and subsidiaries BCM57414 NetXtreme-E 10Gb/25Gb RDMA Ethernet Controller 16d7 25 Mbps
Fail/Total: 0/3

Detail performance results: 
+------------+---------+----------+-------------+------------------------------+
| frame_size | txd/rxd | num_cpus | num_threads |  throughput difference from  |
|            |         |          |             |           expected           |
+============+=========+==========+=============+==============================+
| 64         | 128     | 1        | 1           | -1.6%                        |
+------------+---------+----------+-------------+------------------------------+
| 64         | 512     | 1        | 1           | 0.1%                         |
+------------+---------+----------+-------------+------------------------------+
| 64         | 2048    | 1        | 1           | 0.6%                         |
+------------+---------+----------+-------------+------------------------------+

To view detailed results, visit:
https://lab.dpdk.org/results/dashboard/patchsets/34359/

UNH-IOL DPDK Community Lab

To manage your email subscriptions, visit: 
https://lab.dpdk.org/results/dashboard/preferences/subscriptions/

^ permalink raw reply	[flat|nested] 19+ messages in thread

* |SUCCESS| pw158024-158026 [PATCH] [v9,3/3] dts: add Rx Tx offload te
       [not found] <20251023123223.56924-4-abailey@iol.unh.edu>
                   ` (17 preceding siblings ...)
  2025-10-23 14:26 ` dpdklab
@ 2025-10-23 14:45 ` dpdklab
  18 siblings, 0 replies; 19+ messages in thread
From: dpdklab @ 2025-10-23 14:45 UTC (permalink / raw)
  To: Test Report; +Cc: dpdk-test-reports

Test-Label: iol-intel-Functional
Test-Status: SUCCESS
http://dpdk.org/patch/158026

_Functional Testing PASS_

Submitter: Andrew Bailey <abailey@iol.unh.edu>
Date: Thursday, October 23 2025 12:32:23 
DPDK git baseline: Repo:dpdk-next-dts
  Branch: master
  CommitID:c1abcee5a9656fb4890b733e6051aa604c60f146

158024-158026 --> functional testing pass

Upstream job id: Template-DTS-Pipeline#250929

Test environment and result as below:

Ubuntu 24.04
Kernel: 6.8
Compiler: gcc gcc (Ubuntu 13.3.0-6ubuntu2~24.04) 13.3.0
NIC: Intel E810 (Arm Grace Server) 100000 Mbps

Aggregate Results by Test Suite
+------------+--------+
| Test Suite | Result |
+============+========+
| blocklist  |  PASS  |
+------------+--------+
| uni_pkt    |  PASS  |
+------------+--------+


Ubuntu 24.04 LTS
Kernel: 6.8.0-44-generic
Compiler: gcc 13.2.0
NIC: Intel Corporation Ethernet Controller XL710 for 40GbE QSFP+ 40 Mbps

Aggregate Results by Test Suite
+--------------------+--------+
|     Test Suite     | Result |
+====================+========+
| blocklist          |  PASS  |
+--------------------+--------+
| uni_pkt            |  PASS  |
+--------------------+--------+
| promisc_support    |  PASS  |
+--------------------+--------+
| dynamic_queue_conf |  PASS  |
+--------------------+--------+
| hello_world        |  PASS  |
+--------------------+--------+
| l2fwd              |  PASS  |
+--------------------+--------+
| softnic            |  PASS  |
+--------------------+--------+


Ubuntu 24.04
Kernel: 6.8
Compiler: gcc gcc (Ubuntu 13.3.0-6ubuntu2~24.04) 13.3.0
NIC: Intel Corporation 4xxx Series QAT 0 Mbps

Aggregate Results by Test Suite
+----------------------------+--------+
|         Test Suite         | Result |
+============================+========+
| crypto_perf_cryptodev_perf |  PASS  |
+----------------------------+--------+


Ubuntu 22.04
Kernel: 5.15
Compiler: gcc gcc (Ubuntu 11.4.0-1ubuntu1~22.04.2) 11.4.0
NIC: Intel Corporation QAT 8970 0 Mbps

Aggregate Results by Test Suite
+----------------------------+--------+
|         Test Suite         | Result |
+============================+========+
| crypto_perf_cryptodev_perf |  PASS  |
+----------------------------+--------+


Ubuntu 20.04
Kernel: 5.4
Compiler: gcc gcc (Ubuntu 9.4.0-1ubuntu1~20.04.1) 9.4.0
NIC: Intel Corporation Ethernet Converged Network Adapter XL710-QDA2 40000 Mbps

Aggregate Results by Test Suite
+-----------------------------+--------+
|         Test Suite          | Result |
+=============================+========+
| unit_tests_mbuf             |  PASS  |
+-----------------------------+--------+
| vhost_virtio_user_interrupt |  PASS  |
+-----------------------------+--------+
| virtio_smoke                |  PASS  |
+-----------------------------+--------+


To view detailed results, visit:
https://lab.dpdk.org/results/dashboard/patchsets/34359/

UNH-IOL DPDK Community Lab

To manage your email subscriptions, visit: 
https://lab.dpdk.org/results/dashboard/preferences/subscriptions/

^ permalink raw reply	[flat|nested] 19+ messages in thread

end of thread, other threads:[~2025-10-23 14:45 UTC | newest]

Thread overview: 19+ messages (download: mbox.gz / follow: Atom feed)
-- links below jump to the message on this page --
     [not found] <20251023123223.56924-4-abailey@iol.unh.edu>
2025-10-23 12:33 ` |SUCCESS| pw158026 [PATCH v9 3/3] dts: add Rx Tx offload test suite checkpatch
2025-10-23 12:57 ` |FAILURE| pw158024-158026 [PATCH] [v9,3/3] dts: add Rx Tx offload te dpdklab
2025-10-23 12:59 ` |PENDING| " dpdklab
2025-10-23 13:03 ` |SUCCESS| " dpdklab
2025-10-23 13:08 ` dpdklab
2025-10-23 13:12 ` |PENDING| " dpdklab
2025-10-23 13:14 ` dpdklab
2025-10-23 13:22 ` |SUCCESS| " dpdklab
2025-10-23 13:24 ` dpdklab
2025-10-23 13:29 ` dpdklab
2025-10-23 13:29 ` |PENDING| " dpdklab
2025-10-23 13:33 ` |SUCCESS| " dpdklab
2025-10-23 13:49 ` dpdklab
2025-10-23 13:57 ` dpdklab
2025-10-23 14:00 ` dpdklab
2025-10-23 14:00 ` dpdklab
2025-10-23 14:03 ` dpdklab
2025-10-23 14:26 ` dpdklab
2025-10-23 14:45 ` dpdklab

This is a public inbox, see mirroring instructions
for how to clone and mirror all data and code used for this inbox;
as well as URLs for NNTP newsgroup(s).