From: dpdklab@iol.unh.edu
To: Test Report <test-report@dpdk.org>
Cc: dpdk-test-reports@iol.unh.edu
Subject: |SUCCESS| pw158024-158026 [PATCH] [v9,3/3] dts: add Rx Tx offload te
Date: Thu, 23 Oct 2025 07:03:10 -0700 (PDT) [thread overview]
Message-ID: <68fa359e.c80a0220.37eda3.77ffSMTPIN_ADDED_MISSING@mx.google.com> (raw)
In-Reply-To: <20251023123223.56924-4-abailey@iol.unh.edu>
Test-Label: iol-compile-amd64-testing
Test-Status: SUCCESS
http://dpdk.org/patch/158026
_Testing PASS_
Submitter: Andrew Bailey <abailey@iol.unh.edu>
Date: Thursday, October 23 2025 12:32:23
DPDK git baseline: Repo:dpdk-next-dts
Branch: master
CommitID:c1abcee5a9656fb4890b733e6051aa604c60f146
158024-158026 --> testing pass
Upstream job id: Windows-Compile-DPDK-Native#31840
Test environment and result as below:
+---------------------+--------------------+-------------------+-------------------------+----------------------+
| Environment | dpdk_meson_compile | dpdk_msvc_compile | dpdk_llvm_clang_compile | dpdk_mingw64_compile |
+=====================+====================+===================+=========================+======================+
| Ubuntu 20.04 | PASS | SKIPPED | SKIPPED | SKIPPED |
+---------------------+--------------------+-------------------+-------------------------+----------------------+
| FreeBSD 14.2 | PASS | SKIPPED | SKIPPED | SKIPPED |
+---------------------+--------------------+-------------------+-------------------------+----------------------+
| Windows Server 2022 | SKIPPED | PASS | PASS | PASS |
+---------------------+--------------------+-------------------+-------------------------+----------------------+
Ubuntu 20.04
Kernel: 4.19
Compiler: gcc gcc (Ubuntu 9.4.0-1ubuntu1~20.04.2) 9.4.0
FreeBSD 14.2
Kernel: 14.2-RELEASE
Compiler: clang 18.1.6
Windows Server 2022
Kernel: 10.0.20348.2031
Compiler: clang 15.0.7, gcc 14.1.0 (MinGW), and MSVC VS 19.39.33521
To view detailed results, visit:
https://lab.dpdk.org/results/dashboard/patchsets/34359/
UNH-IOL DPDK Community Lab
To manage your email subscriptions, visit:
https://lab.dpdk.org/results/dashboard/preferences/subscriptions/
next prev parent reply other threads:[~2025-10-23 14:03 UTC|newest]
Thread overview: 24+ messages / expand[flat|nested] mbox.gz Atom feed top
[not found] <20251023123223.56924-4-abailey@iol.unh.edu>
2025-10-23 12:33 ` |SUCCESS| pw158026 [PATCH v9 3/3] dts: add Rx Tx offload test suite checkpatch
2025-10-23 12:57 ` |FAILURE| pw158024-158026 [PATCH] [v9,3/3] dts: add Rx Tx offload te dpdklab
2025-10-23 12:59 ` |PENDING| " dpdklab
2025-10-23 13:03 ` |SUCCESS| " dpdklab
2025-10-23 13:08 ` dpdklab
2025-10-23 13:12 ` |PENDING| " dpdklab
2025-10-23 13:14 ` dpdklab
2025-10-23 13:22 ` |SUCCESS| " dpdklab
2025-10-23 13:24 ` dpdklab
2025-10-23 13:29 ` dpdklab
2025-10-23 13:29 ` |PENDING| " dpdklab
2025-10-23 13:33 ` |SUCCESS| " dpdklab
2025-10-23 13:49 ` dpdklab
2025-10-23 13:57 ` dpdklab
2025-10-23 14:00 ` dpdklab
2025-10-23 14:00 ` dpdklab
2025-10-23 14:03 ` dpdklab [this message]
2025-10-23 14:26 ` dpdklab
2025-10-23 14:45 ` dpdklab
2025-10-23 20:57 ` |WARNING| " dpdklab
2025-10-23 20:58 ` |PENDING| " dpdklab
2025-10-23 21:01 ` |WARNING| " dpdklab
2025-10-24 2:59 ` |SUCCESS| " dpdklab
2025-10-24 8:48 ` dpdklab
Reply instructions:
You may reply publicly to this message via plain-text email
using any one of the following methods:
* Save the following mbox file, import it into your mail client,
and reply-to-all from there: mbox
Avoid top-posting and favor interleaved quoting:
https://en.wikipedia.org/wiki/Posting_style#Interleaved_style
* Reply using the --to, --cc, and --in-reply-to
switches of git-send-email(1):
git send-email \
--in-reply-to=68fa359e.c80a0220.37eda3.77ffSMTPIN_ADDED_MISSING@mx.google.com \
--to=dpdklab@iol.unh.edu \
--cc=dpdk-test-reports@iol.unh.edu \
--cc=test-report@dpdk.org \
/path/to/YOUR_REPLY
https://kernel.org/pub/software/scm/git/docs/git-send-email.html
* If your mail client supports setting the In-Reply-To header
via mailto: links, try the mailto: link
Be sure your reply has a Subject: header at the top and a blank line
before the message body.
This is a public inbox, see mirroring instructions
for how to clone and mirror all data and code used for this inbox;
as well as URLs for NNTP newsgroup(s).