From mboxrd@z Thu Jan 1 00:00:00 1970 Return-Path: Received: from mails.dpdk.org (mails.dpdk.org [217.70.189.124]) by inbox.dpdk.org (Postfix) with ESMTP id 2281C489B5 for ; Thu, 23 Oct 2025 18:24:54 +0200 (CEST) Received: from mails.dpdk.org (localhost [127.0.0.1]) by mails.dpdk.org (Postfix) with ESMTP id 1B7BA40151; Thu, 23 Oct 2025 18:24:54 +0200 (CEST) Received: from mail-pg1-f226.google.com (mail-pg1-f226.google.com [209.85.215.226]) by mails.dpdk.org (Postfix) with ESMTP id 6242D40151 for ; Thu, 23 Oct 2025 18:24:53 +0200 (CEST) Received: by mail-pg1-f226.google.com with SMTP id 41be03b00d2f7-b62e7221351so888318a12.1 for ; Thu, 23 Oct 2025 09:24:53 -0700 (PDT) DKIM-Signature: v=1; a=rsa-sha256; c=relaxed/relaxed; d=iol.unh.edu; s=unh-iol; t=1761236692; x=1761841492; darn=dpdk.org; h=references:in-reply-to:cc:to:from:subject:message-id:date:from:to :cc:subject:date:message-id:reply-to; bh=OxxDQc+/ki2nFvr36L67ziBi+WOQtb2+ewjJFz+ToQA=; b=jakPoxtuWRK9i1WWilJpmTr3y7j7Fc09QpHDPsXrH06bo/XD0FCMZ/t6AYwEADL5kV mAo7+j0S5MWgfX32CL+YdEi6Xe1rYRi40An3e+8L2vZ1n+jwLGLD+3bm4D1+i/z03pJU mmu6SIjc65BLdqfrTOD+fJo7RyUt9uaUfKi60= X-Google-DKIM-Signature: v=1; a=rsa-sha256; c=relaxed/relaxed; d=1e100.net; s=20230601; t=1761236692; x=1761841492; h=references:in-reply-to:cc:to:from:subject:message-id:date :x-gm-message-state:from:to:cc:subject:date:message-id:reply-to; bh=OxxDQc+/ki2nFvr36L67ziBi+WOQtb2+ewjJFz+ToQA=; b=YzAW+Jm36IVGDPTAcU0qFGH8xmen+lZ0CsVENyGMx4Cej20ybvifmgSeMzhTyb/Slp FnDz4Q3IoJ6KepMDaR5gJe+NaFEI/4XQjyv9IlIEL38EUXmWQk4o0rLjmIIfkcMUejji YjfMPF1gVZ17iI0mBfxZY1aopdRPc9ftVNzvyN18YfS7jF2DibThKeZIn9tEaESJgTtl I1Nr2vKaolaWjRJOKskvS1vdXNJ2OY2utZ1k86Et5r/1mbZqnoGlyyDboK4JPNEqIqrN NQESTgOpKaVNyXIFMCVdQ+6cWVT2/SZ8iTP9PTgEg5ENliyB6tdNlIIht7PbEG9/aQxO oVYg== X-Gm-Message-State: AOJu0YxNnKj72pVa2+OzG5PWE12JIOZaq/YolzXxuUYzzUS9FQl9Qj6g LtAtui0V2Ye0GXXDdjgwPTzkmTTAEj23BQ8jzWcTPl6NsXbvMdvikNyQjl66wnL69ZcxfgS5dVf zboFB1I6gmN//dKsjL7Nf5m0qaipbjCkzxzVVcgYf/hEX2lvqi0CiUJPB9HZS X-Gm-Gg: ASbGncv7KRBt/lFOvV4qkGpFbmZXKoSPaW19VzA9uL0WlZCp/R4ArYx7Nw+fF1pGllR rwbmx2fAHV+IeMkyiagr34foqL86p+BGyJIKtxO07O2CRkOF+Ak3cgxtb6dS55ZJ3TzlDxOUsIF 1bM5sP9Y4/AhYf6jw3w/x40bBhxwfn6txjBID5dT1F0CXk2237Iz7nCzXIEiYmNo5o6zhkv/nxG WlTMV5DRSj7W+OsTkWnq7lhYeJUeFI8555M9t3llIfinxajM9H3Eg5zf7uDcJQWVDQu4R+jioYF jZanKB+6ZJh0Uz4oh3Vpu86mvzqQdPBiFPjo5DFl71vRI5Mf+k+7WSxfQyBI78inwul3DNrnu/i vEP6iT9yT X-Google-Smtp-Source: AGHT+IGBwjws0UNwXsFnNhVnN0yGC25Tlc67grhWQX5c34rUdAgVJiNdCmEWb0kOGh+gcIRuMN+Bem2QGJJ8 X-Received: by 2002:a17:902:ced0:b0:256:9c51:d752 with SMTP id d9443c01a7336-290cb65f0e5mr353699475ad.56.1761236692381; Thu, 23 Oct 2025 09:24:52 -0700 (PDT) Received: from postal.iol.unh.edu (postal.iol.unh.edu. [2606:4100:3880:1234::84]) by smtp-relay.gmail.com with ESMTPS id d9443c01a7336-2946dfd0a59sm2776265ad.58.2025.10.23.09.24.52 (version=TLS1_2 cipher=ECDHE-ECDSA-AES128-GCM-SHA256 bits=128/128); Thu, 23 Oct 2025 09:24:52 -0700 (PDT) X-Relaying-Domain: iol.unh.edu Date: Thu, 23 Oct 2025 09:24:52 -0700 (PDT) Message-ID: <68fa56d4.170a0220.d1fb4.d955SMTPIN_ADDED_MISSING@mx.google.com> Received: from [172.21.0.2] (unknown [172.18.0.240]) by postal.iol.unh.edu (Postfix) with ESMTP id DA534604D420; Thu, 23 Oct 2025 12:24:51 -0400 (EDT) Subject: |FAILURE| pw158029-158036 [PATCH] [v4,8/8] doc: update documentation From: dpdklab@iol.unh.edu To: Test Report Cc: dpdk-test-reports@iol.unh.edu, Stephen Hemminger In-Reply-To: <20251023154748.38535-9-stephen@networkplumber.org> References: <20251023154748.38535-9-stephen@networkplumber.org> Content-Type: text/plain X-BeenThere: test-report@dpdk.org X-Mailman-Version: 2.1.29 Precedence: list List-Id: automatic DPDK test reports List-Unsubscribe: , List-Archive: List-Post: List-Help: List-Subscribe: , Errors-To: test-report-bounces@dpdk.org Test-Label: iol-unit-amd64-testing Test-Status: FAILURE http://dpdk.org/patch/158036 _Testing issues_ Submitter: Stephen Hemminger Date: Thursday, October 23 2025 15:46:29 DPDK git baseline: Repo:dpdk Branch: master CommitID:7c744b9a08cf3dd6bdd215689bb6d2beb8a8a4ef 158029-158036 --> testing issues Upstream job id: Generic-Unit-Test-DPDK#384600 Test environment and result as below: +-------------------------------+----------------+ | Environment | dpdk_unit_test | +===============================+================+ | CentOS Stream 9 | WARN | +-------------------------------+----------------+ | Fedora Linux 40 | PEND | +-------------------------------+----------------+ | Debian GNU/Linux 12 | WARN | +-------------------------------+----------------+ | CentOS Stream 10 | WARN | +-------------------------------+----------------+ | Fedora Linux 42 | PEND | +-------------------------------+----------------+ | Ubuntu 20.04 | WARN | +-------------------------------+----------------+ | Red Hat Enterprise Linux 9.5 | WARN | +-------------------------------+----------------+ | Red Hat Enterprise Linux 8.10 | WARN | +-------------------------------+----------------+ | Fedora Linux 41 | WARN | +-------------------------------+----------------+ | Ubuntu 24.04 | WARN | +-------------------------------+----------------+ | Ubuntu 22.04 | WARN | +-------------------------------+----------------+ | Windows Server 2022 | PEND | +-------------------------------+----------------+ ==== 20 line log output for Ubuntu 22.04 (dpdk_unit_test): ==== In file included from ../lib/eal/common/eal_export.h:8, from ../lib/pdump/rte_pdump.c:7: ../lib/pdump/rte_pdump.c: In function 'pdump_copy': ../lib/eal/include/rte_common.h:799:20: error: comparison of integer expressions of different signedness: 'unsigned int' and 'int' [-Werror=sign-compare] 799 | _a < _b ? _a : _b; \ | ^ ../lib/pdump/rte_pdump.c:211:34: note: in expansion of macro 'RTE_MIN' 211 | unsigned int n = RTE_MIN(nb_pkts - offs, PDUMP_BURST_SIZE); | ^~~~~~~ ../lib/eal/include/rte_common.h:799:32: error: operand of '?:' changes signedness from 'int' to 'unsigned int' due to unsignedness of other operand [-Werror=sign-compare] 799 | _a < _b ? _a : _b; \ | ^~ ../lib/pdump/rte_pdump.c:211:34: note: in expansion of macro 'RTE_MIN' 211 | unsigned int n = RTE_MIN(nb_pkts - offs, PDUMP_BURST_SIZE); | ^~~~~~~ cc1: all warnings being treated as errors [558/3592] Generating vhost.sym_chk with a custom command (wrapped by meson to capture output) [559/3592] Generating table.sym_chk with a custom command (wrapped by meson to capture output) [560/3592] Compiling C object lib/librte_pipeline.a.p/pipeline_rte_table_action.c.o ninja: build stopped: subcommand failed. ==== End log output ==== CentOS Stream 9 Kernel: 5.15 Compiler: gcc gcc (GCC) 11.5.0 20240719 (Red Hat 11.5.0-11) Fedora Linux 40 Kernel: 5.15 Compiler: gcc gcc (GCC) 14.2.1 20240912 (Red Hat 14.2.1-3) Debian GNU/Linux 12 Kernel: 5.15 Compiler: gcc gcc (Debian 12.2.0-14+deb12u1) 12.2.0 CentOS Stream 10 Kernel: 5.15 Compiler: gcc gcc (GCC) 14.2.1 20250110 (Red Hat 14.2.1-8) Fedora Linux 42 Kernel: 5.15 Compiler: gcc gcc (GCC) 15.2.1 20250808 (Red Hat 15.2.1-1) Ubuntu 20.04 Kernel: 5.15 Compiler: gcc gcc (Ubuntu 9.4.0-1ubuntu1~20.04.2) 9.4.0 Red Hat Enterprise Linux 9.5 Kernel: 5.15 Compiler: gcc gcc (GCC) 11.5.0 20240719 (Red Hat 11.5.0-2) Red Hat Enterprise Linux 8.10 Kernel: 5.15 Compiler: gcc gcc (GCC) 8.5.0 20210514 (Red Hat 8.5.0-22) Fedora Linux 41 Kernel: 5.15 Compiler: clang gcc (GCC) 14.3.1 20250523 (Red Hat 14.3.1-1) Ubuntu 24.04 Kernel: 5.15 Compiler: gcc gcc (Ubuntu 13.3.0-6ubuntu2~24.04) 13.3.0 Ubuntu 22.04 Kernel: 5.15 Compiler: gcc gcc (Ubuntu 11.4.0-1ubuntu1~22.04) 11.4.0 Windows Server 2022 Kernel: 10.0.20348.2031 Compiler: clang 15.0.7, gcc 14.1.0 (MinGW), and MSVC VS 19.39.33521 To view detailed results, visit: https://lab.dpdk.org/results/dashboard/patchsets/34362/ UNH-IOL DPDK Community Lab To manage your email subscriptions, visit: https://lab.dpdk.org/results/dashboard/preferences/subscriptions/