From mboxrd@z Thu Jan 1 00:00:00 1970 Return-Path: Received: from mails.dpdk.org (mails.dpdk.org [217.70.189.124]) by inbox.dpdk.org (Postfix) with ESMTP id E299E489B9 for ; Thu, 23 Oct 2025 18:45:13 +0200 (CEST) Received: from mails.dpdk.org (localhost [127.0.0.1]) by mails.dpdk.org (Postfix) with ESMTP id DD7F840144; Thu, 23 Oct 2025 18:45:13 +0200 (CEST) Received: from mail-ot1-f100.google.com (mail-ot1-f100.google.com [209.85.210.100]) by mails.dpdk.org (Postfix) with ESMTP id C5CFD40144 for ; Thu, 23 Oct 2025 18:45:12 +0200 (CEST) Received: by mail-ot1-f100.google.com with SMTP id 46e09a7af769-7c280d27ea7so586782a34.0 for ; Thu, 23 Oct 2025 09:45:12 -0700 (PDT) DKIM-Signature: v=1; a=rsa-sha256; c=relaxed/relaxed; d=iol.unh.edu; s=unh-iol; t=1761237912; x=1761842712; darn=dpdk.org; h=references:in-reply-to:cc:to:from:subject:message-id:date:from:to :cc:subject:date:message-id:reply-to; bh=wvp/JiMPoWKC19OnZj6y2Pa+3wZC9o9i5FIy3VQ3O6A=; b=Kgt4qkpE+tF3ZyAMWEYcXkbxmsvzbHb+UaIoUGRtSUniCmyn6Lz2fPHowMQpdmNy1O AyduIR6Tqu/aAeWixKsY1ZZLdWisfxiQb+NCd8WKS2xdd3VNjDzhCNxI1PVs8plWgIn4 5z8NM52pXn24qtW4E18UAjJnvSyDi4HeGwUjo= X-Google-DKIM-Signature: v=1; a=rsa-sha256; c=relaxed/relaxed; d=1e100.net; s=20230601; t=1761237912; x=1761842712; h=references:in-reply-to:cc:to:from:subject:message-id:date :x-gm-message-state:from:to:cc:subject:date:message-id:reply-to; bh=wvp/JiMPoWKC19OnZj6y2Pa+3wZC9o9i5FIy3VQ3O6A=; b=BCQD2CbG+oD8fiwPVmElLa/fyFZoBxnyxjJZ7R3ziuz6I3hC4cwMdDvDMDyDVyn1kX t+YcZPj6ghac4cowHbGPvBVb1jSmuUWhfyrTDRB64iuyco7PIjeOZZyS8Bwtmg8Progh DypR2FOHR8oU+NLpp0ZJmaVXDYJL3qcjwdxG+8AG9Vf+JBK5oPYHt9/656nShe9IsO8m JMuj4Ai/i8atg6WHXLkMjbENKJ9M1toJ1X1dmNe1mdH4HcU6pRxxWT5OGLHCoh5vp5Ch FsU0oKxxTs8/T1MCop1TMY+mXiFZQ0SBoHNZjQ8526qAYMHlbRctNCb5BVrffqnRjBZw Vbww== X-Gm-Message-State: AOJu0Yy/URU2YHB4iIq+wrplnucNksAJMkxLh9qC53BJqPzSlbf7XnAq aDAFfdji1bLajp/BMTkNypObzoAuIy7cSqRKQ/cSic+ihPzfIa9G4OTK762bx6ao/5uXWuAmu5u CAmt945KN4gd26UPxp0wwYinG0DOxyLSUbkIDDtOcfKEV X-Gm-Gg: ASbGnctluzuS8TY/niTU3afsOmn3iPKhqYASEKLgB2827OFJUOToP/Ru/rN2Q/xkJUU XJ8cURw+plqH/AdKh/bOWip58OeC3RfsFDDlKqYN6NS/MYEG5pzzitWmVQVXc3AMym4shtCIzwM 1y16WVEguPJB7llH1z86ZhCBptGXpohngJ2+doUHE6wubBItP78PCzB4N6LIidwcoBfGKkFYAvD UKibOha+kKh8o1uwWfou1Fiw0DFATx24HtfOLoJRHjUJ1cytn2VTIs5kgH61IJiaRoCbLPSo29M 97jO8Zi/+uVnnwt5SRY+GNn4KOPFOPXUfRuWGGuxmogd6yHpcisdsXoOfBBxjc7YhB0I6Hh5J32 3yi7CVFQ+S0t7B5fWUeTwQHt0+7UkkSQ= X-Google-Smtp-Source: AGHT+IEzy4jFDistAARb4Av2a4Bo/jgmSmM21dddt4ZXJHTOavISgKQHzC8jAgYV4AdBPi2KDaMIym9wQW2A X-Received: by 2002:a05:6830:4901:b0:759:19:a328 with SMTP id 46e09a7af769-7c27ca51324mr13194249a34.16.1761237911964; Thu, 23 Oct 2025 09:45:11 -0700 (PDT) Received: from postal.iol.unh.edu (postal.iol.unh.edu. [132.177.123.84]) by smtp-relay.gmail.com with ESMTPS id 46e09a7af769-7c51b03cb45sm211261a34.6.2025.10.23.09.45.11 (version=TLS1_2 cipher=ECDHE-ECDSA-AES128-GCM-SHA256 bits=128/128); Thu, 23 Oct 2025 09:45:11 -0700 (PDT) X-Relaying-Domain: iol.unh.edu Date: Thu, 23 Oct 2025 09:45:11 -0700 (PDT) Message-ID: <68fa5b97.050a0220.2d1baa.b4b3SMTPIN_ADDED_MISSING@mx.google.com> Received: from [172.21.0.2] (unknown [172.18.0.240]) by postal.iol.unh.edu (Postfix) with ESMTP id 79A246050A61; Thu, 23 Oct 2025 12:45:11 -0400 (EDT) Subject: |FAILURE| pw158029-158036 [PATCH] [v4,8/8] doc: update documentation From: dpdklab@iol.unh.edu To: Test Report Cc: dpdk-test-reports@iol.unh.edu, Stephen Hemminger In-Reply-To: <20251023154748.38535-9-stephen@networkplumber.org> References: <20251023154748.38535-9-stephen@networkplumber.org> Content-Type: text/plain X-BeenThere: test-report@dpdk.org X-Mailman-Version: 2.1.29 Precedence: list List-Id: automatic DPDK test reports List-Unsubscribe: , List-Archive: List-Post: List-Help: List-Subscribe: , Errors-To: test-report-bounces@dpdk.org Test-Label: iol-unit-amd64-testing Test-Status: FAILURE http://dpdk.org/patch/158036 _Testing issues_ Submitter: Stephen Hemminger Date: Thursday, October 23 2025 15:46:29 DPDK git baseline: Repo:dpdk Branch: master CommitID:7c744b9a08cf3dd6bdd215689bb6d2beb8a8a4ef 158029-158036 --> testing issues Upstream job id: Generic-VM-Unit-Test-DPDK#32013 Test environment and result as below: +-------------------------------+----------------+ | Environment | dpdk_unit_test | +===============================+================+ | CentOS Stream 9 | WARN | +-------------------------------+----------------+ | Fedora Linux 40 | PASS | +-------------------------------+----------------+ | Debian GNU/Linux 12 | WARN | +-------------------------------+----------------+ | CentOS Stream 10 | WARN | +-------------------------------+----------------+ | Fedora Linux 42 | PASS | +-------------------------------+----------------+ | Ubuntu 20.04 | FAIL | +-------------------------------+----------------+ | Red Hat Enterprise Linux 9.5 | WARN | +-------------------------------+----------------+ | Red Hat Enterprise Linux 8.10 | WARN | +-------------------------------+----------------+ | Fedora Linux 41 | WARN | +-------------------------------+----------------+ | Ubuntu 24.04 | WARN | +-------------------------------+----------------+ | Ubuntu 22.04 | WARN | +-------------------------------+----------------+ | Windows Server 2022 | PASS | +-------------------------------+----------------+ ==== 20 line log output for Ubuntu 22.04 (dpdk_unit_test): ==== In file included from ../lib/eal/common/eal_export.h:8, from ../lib/pdump/rte_pdump.c:7: ../lib/pdump/rte_pdump.c: In function 'pdump_copy': ../lib/eal/include/rte_common.h:799:20: error: comparison of integer expressions of different signedness: 'unsigned int' and 'int' [-Werror=sign-compare] 799 | _a < _b ? _a : _b; \ | ^ ../lib/pdump/rte_pdump.c:211:34: note: in expansion of macro 'RTE_MIN' 211 | unsigned int n = RTE_MIN(nb_pkts - offs, PDUMP_BURST_SIZE); | ^~~~~~~ ../lib/eal/include/rte_common.h:799:32: error: operand of '?:' changes signedness from 'int' to 'unsigned int' due to unsignedness of other operand [-Werror=sign-compare] 799 | _a < _b ? _a : _b; \ | ^~ ../lib/pdump/rte_pdump.c:211:34: note: in expansion of macro 'RTE_MIN' 211 | unsigned int n = RTE_MIN(nb_pkts - offs, PDUMP_BURST_SIZE); | ^~~~~~~ cc1: all warnings being treated as errors [558/3592] Generating vhost.sym_chk with a custom command (wrapped by meson to capture output) [559/3592] Generating table.sym_chk with a custom command (wrapped by meson to capture output) [560/3592] Compiling C object lib/librte_pipeline.a.p/pipeline_rte_table_action.c.o ninja: build stopped: subcommand failed. ==== End log output ==== CentOS Stream 9 Kernel: 5.15 Compiler: gcc gcc (GCC) 11.5.0 20240719 (Red Hat 11.5.0-11) Fedora Linux 40 Kernel: 5.15 Compiler: gcc gcc (GCC) 14.2.1 20240912 (Red Hat 14.2.1-3) Debian GNU/Linux 12 Kernel: 5.15 Compiler: gcc gcc (Debian 12.2.0-14+deb12u1) 12.2.0 CentOS Stream 10 Kernel: 5.15 Compiler: gcc gcc (GCC) 14.2.1 20250110 (Red Hat 14.2.1-8) Fedora Linux 42 Kernel: 5.15 Compiler: gcc gcc (GCC) 15.2.1 20250808 (Red Hat 15.2.1-1) Ubuntu 20.04 Kernel: 5.15 Compiler: gcc gcc (Ubuntu 9.4.0-1ubuntu1~20.04.2) 9.4.0 Red Hat Enterprise Linux 9.5 Kernel: 5.15 Compiler: gcc gcc (GCC) 11.5.0 20240719 (Red Hat 11.5.0-2) Red Hat Enterprise Linux 8.10 Kernel: 5.15 Compiler: gcc gcc (GCC) 8.5.0 20210514 (Red Hat 8.5.0-22) Fedora Linux 41 Kernel: 5.15 Compiler: clang gcc (GCC) 14.3.1 20250523 (Red Hat 14.3.1-1) Ubuntu 24.04 Kernel: 5.15 Compiler: gcc gcc (Ubuntu 13.3.0-6ubuntu2~24.04) 13.3.0 Ubuntu 22.04 Kernel: 5.15 Compiler: gcc gcc (Ubuntu 11.4.0-1ubuntu1~22.04) 11.4.0 Windows Server 2022 Kernel: 10.0.20348.2031 Compiler: clang 15.0.7, gcc 14.1.0 (MinGW), and MSVC VS 19.39.33521 To view detailed results, visit: https://lab.dpdk.org/results/dashboard/patchsets/34362/ UNH-IOL DPDK Community Lab To manage your email subscriptions, visit: https://lab.dpdk.org/results/dashboard/preferences/subscriptions/