From: dpdklab@iol.unh.edu
To: Test Report <test-report@dpdk.org>
Cc: dpdk-test-reports@iol.unh.edu
Subject: |WARNING| pw158012-158017 [PATCH] [v6,6/6] net/cnxk: report link mod
Date: Thu, 23 Oct 2025 09:57:14 -0700 (PDT) [thread overview]
Message-ID: <68fa5e6a.170a0220.27b064.d9d9SMTPIN_ADDED_MISSING@mx.google.com> (raw)
In-Reply-To: <20251023110332.6231-6-skori@marvell.com>
Test-Label: iol-compile-amd64-testing
Test-Status: WARNING
http://dpdk.org/patch/158017
_Testing issues_
Submitter: Sunil Kumar Kori <skori@marvell.com>
Date: Thursday, October 23 2025 11:02:06
DPDK git baseline: Repo:dpdk-next-net-mrvl
Branch: master
CommitID:2863cbd9ee6dabee2b183382d298f4054ba3e8a2
158012-158017 --> testing issues
Upstream job id: Generic-DPDK-Compile-Meson#437050
Test environment and result as below:
+---------------------+--------------------+-------------------------+-------------------+----------------------+-------------------+------------------+
| Environment | dpdk_meson_compile | dpdk_llvm_clang_compile | dpdk_msvc_compile | dpdk_mingw64_compile | dpdk_compile_spdk | dpdk_compile_ovs |
+=====================+====================+=========================+===================+======================+===================+==================+
| Ubuntu 20.04 | PASS | SKIPPED | SKIPPED | SKIPPED | SKIPPED | SKIPPED |
+---------------------+--------------------+-------------------------+-------------------+----------------------+-------------------+------------------+
| FreeBSD 14.2 | PASS | SKIPPED | SKIPPED | SKIPPED | SKIPPED | SKIPPED |
+---------------------+--------------------+-------------------------+-------------------+----------------------+-------------------+------------------+
| Alpine Linux 3.22.0 | PASS | SKIPPED | SKIPPED | SKIPPED | SKIPPED | SKIPPED |
+---------------------+--------------------+-------------------------+-------------------+----------------------+-------------------+------------------+
| CentOS Stream 9 | PASS | SKIPPED | SKIPPED | SKIPPED | WARN | SKIPPED |
+---------------------+--------------------+-------------------------+-------------------+----------------------+-------------------+------------------+
| CentOS Stream 10 | PEND | SKIPPED | SKIPPED | SKIPPED | SKIPPED | SKIPPED |
+---------------------+--------------------+-------------------------+-------------------+----------------------+-------------------+------------------+
| Debian GNU/Linux 12 | PEND | SKIPPED | SKIPPED | SKIPPED | PEND | SKIPPED |
+---------------------+--------------------+-------------------------+-------------------+----------------------+-------------------+------------------+
| Fedora Linux 42 | PEND | SKIPPED | SKIPPED | SKIPPED | PEND | PEND |
+---------------------+--------------------+-------------------------+-------------------+----------------------+-------------------+------------------+
| Windows Server 2022 | SKIPPED | PASS | PASS | PASS | SKIPPED | SKIPPED |
+---------------------+--------------------+-------------------------+-------------------+----------------------+-------------------+------------------+
==== 20 line log output for CentOS Stream 9 (dpdk_compile_spdk): ====
--- Failed to get log output ---
==== End log output ====
Ubuntu 20.04
Kernel: 4.19
Compiler: gcc gcc (Ubuntu 9.4.0-1ubuntu1~20.04.2) 9.4.0
FreeBSD 14.2
Kernel: 14.2-RELEASE
Compiler: clang 18.1.6
Alpine Linux 3.22.0
Kernel: 5.15
Compiler: gcc gcc (Alpine 14.2.0) 14.2.0
CentOS Stream 9
Kernel: 5.15
Compiler: gcc gcc (GCC) 11.5.0 20240719 (Red Hat 11.5.0-11)
CentOS Stream 10
Kernel: 5.15
Compiler: gcc gcc (GCC) 14.2.1 20250110 (Red Hat 14.2.1-8)
Debian GNU/Linux 12
Kernel: 5.15
Compiler: gcc gcc (Debian 12.2.0-14+deb12u1) 12.2.0
Fedora Linux 42
Kernel: 5.15
Compiler: clang gcc (GCC) 15.2.1 20250808 (Red Hat 15.2.1-1)
Windows Server 2022
Kernel: 10.0.20348.2031
Compiler: clang 15.0.7, gcc 14.1.0 (MinGW), and MSVC VS 19.39.33521
To view detailed results, visit:
https://lab.dpdk.org/results/dashboard/patchsets/34357/
UNH-IOL DPDK Community Lab
To manage your email subscriptions, visit:
https://lab.dpdk.org/results/dashboard/preferences/subscriptions/
next prev parent reply other threads:[~2025-10-23 16:57 UTC|newest]
Thread overview: 23+ messages / expand[flat|nested] mbox.gz Atom feed top
[not found] <20251023110332.6231-6-skori@marvell.com>
2025-10-23 10:31 ` |SUCCESS| pw158012-158017 [PATCH v6 6/6] net/cnxk: report link mode qemudev
2025-10-23 10:36 ` qemudev
2025-10-23 11:06 ` |SUCCESS| pw158017 " checkpatch
2025-10-23 11:29 ` |PENDING| pw158012-158017 [PATCH] [v6,6/6] net/cnxk: report link mod dpdklab
2025-10-23 11:33 ` |SUCCESS| " dpdklab
2025-10-23 11:37 ` dpdklab
2025-10-23 11:38 ` |PENDING| " dpdklab
2025-10-23 11:41 ` dpdklab
2025-10-23 11:42 ` dpdklab
2025-10-23 11:49 ` |SUCCESS| " dpdklab
2025-10-23 11:52 ` dpdklab
2025-10-23 11:55 ` dpdklab
2025-10-23 11:55 ` dpdklab
2025-10-23 11:55 ` dpdklab
2025-10-23 11:58 ` dpdklab
2025-10-23 12:08 ` dpdklab
2025-10-23 12:14 ` dpdklab
2025-10-23 12:14 ` dpdklab
2025-10-23 12:17 ` dpdklab
2025-10-23 16:01 ` |FAILURE| pw158017 [PATCH v6 6/6] net/cnxk: report link mode 0-day Robot
2025-10-23 16:57 ` dpdklab [this message]
2025-10-23 18:07 ` |WARNING| pw158012-158017 [PATCH] [v6,6/6] net/cnxk: report link mod dpdklab
2025-10-23 18:29 ` |PENDING| " dpdklab
Reply instructions:
You may reply publicly to this message via plain-text email
using any one of the following methods:
* Save the following mbox file, import it into your mail client,
and reply-to-all from there: mbox
Avoid top-posting and favor interleaved quoting:
https://en.wikipedia.org/wiki/Posting_style#Interleaved_style
* Reply using the --to, --cc, and --in-reply-to
switches of git-send-email(1):
git send-email \
--in-reply-to=68fa5e6a.170a0220.27b064.d9d9SMTPIN_ADDED_MISSING@mx.google.com \
--to=dpdklab@iol.unh.edu \
--cc=dpdk-test-reports@iol.unh.edu \
--cc=test-report@dpdk.org \
/path/to/YOUR_REPLY
https://kernel.org/pub/software/scm/git/docs/git-send-email.html
* If your mail client supports setting the In-Reply-To header
via mailto: links, try the mailto: link
Be sure your reply has a Subject: header at the top and a blank line
before the message body.
This is a public inbox, see mirroring instructions
for how to clone and mirror all data and code used for this inbox;
as well as URLs for NNTP newsgroup(s).