From mboxrd@z Thu Jan 1 00:00:00 1970 Return-Path: Received: from mails.dpdk.org (mails.dpdk.org [217.70.189.124]) by inbox.dpdk.org (Postfix) with ESMTP id 06C66489B9 for ; Thu, 23 Oct 2025 19:09:06 +0200 (CEST) Received: from mails.dpdk.org (localhost [127.0.0.1]) by mails.dpdk.org (Postfix) with ESMTP id D75CF40144; Thu, 23 Oct 2025 19:09:05 +0200 (CEST) Received: from mail-qk1-f228.google.com (mail-qk1-f228.google.com [209.85.222.228]) by mails.dpdk.org (Postfix) with ESMTP id D9A8440144 for ; Thu, 23 Oct 2025 19:09:03 +0200 (CEST) Received: by mail-qk1-f228.google.com with SMTP id af79cd13be357-8906eb94264so118513385a.0 for ; Thu, 23 Oct 2025 10:09:03 -0700 (PDT) DKIM-Signature: v=1; a=rsa-sha256; c=relaxed/relaxed; d=iol.unh.edu; s=unh-iol; t=1761239343; x=1761844143; darn=dpdk.org; h=cc:to:from:subject:message-id:date:from:to:cc:subject:date :message-id:reply-to; bh=2yjdZqNOBwAPnr5rZmsvmnEIGMjNneha6NsdK9k9N/I=; b=hmrspKyv0INOIxgSbNg62G8XCjJXiEoWUNGG8Df14qbiaoMe3gIxj7LJKS0IkQ9KSd AR/r3w2GSPxQ6yzI1GxKkVjRf2jdS5VufAgnRhmKbR36fV5V/icR/dGeyw74f2AwLv0/ rhEsXMr25TJUvJfHIuDtkOIcZ56QokWuP8oUY= X-Google-DKIM-Signature: v=1; a=rsa-sha256; c=relaxed/relaxed; d=1e100.net; s=20230601; t=1761239343; x=1761844143; h=cc:to:from:subject:message-id:date:x-gm-message-state:from:to:cc :subject:date:message-id:reply-to; bh=2yjdZqNOBwAPnr5rZmsvmnEIGMjNneha6NsdK9k9N/I=; b=if31ZE8DFXBKHqphnQjRpmFSVNTYVvfH9U7X4qGmwpEIzL0gQVyhxYOsQB0A9iK9Vv jIp18EbaqFvRyv4Ms3Ni44NXKCdFK53ssZl3BBr2bPFbbY0heg1N8aZMiUCdr85qZqfE LIqCDo/nUQ1aA7FpyEJh2fW3i1kOjhHu58b9Fwk+AcIa4yLb7IdD8c4ajcD6QK569GED a+BuzCE+LaT14OSphQke1IdjLQuku1fuqCQVV+ULNc9YZ9XyvAt7LI83/IeR+BI5hFj1 uGyuqPCyP7wxbv7lbJxl7SwCG+JbNu84B3O6kxGBO9MAwv9WMh7DQsXjS8CMuRSgoA8H pEzQ== X-Gm-Message-State: AOJu0YykWgLLHEmqqrdy9aShrs2Dix7gbmdxcsGPO3vAs2uregpLQyZw JLm4LqEXu+Z7ofw9BwK1dV8cM8qa7BB35wOpQcRn6zy0/otzx3WJhPwUtusQguH7OAvSJY4mgnr 6LvSbQE2UDDn+epZ0CV2gUPMKGJjjjb1LPzB5xbAR7dJIrdNeueOX X-Gm-Gg: ASbGncuUn1G8z+/Ul3puQhIr29HZIY8cmAXl0AaYr2Rdj7MtcVSIcTKQWqv8M4B5Gnx GoLlZ1b1V5szOgwcsMrMWOBPgddYw89k0N0uMb6+gX1jo4w/njboy8h/wogZ4WFn9eN2d/AE0qD an+RTrqjBbLae/0+ARyW6dXrqifJz176HbKcSVJ+2y5BfvtSa/s+eDNKMqvNkVv83TSADRAH5tF qGu7S+IEOJ/a6My1dw/yBV4UTyhnUV2VdZk0P8ZOkzbih+F0t8Yd3MYhx8AmnwW2Qao4O8ZSsxa F42Pga6b2xZdkVE1tUvwMnhunKhWypA3WYwcZtBTvcMQh6ymDsHnQgoSeQ/HvskNkb8xjSY1m9m Lx/cN/htp X-Google-Smtp-Source: AGHT+IG+/LueZF/BVgC7EO5wBTXAJy94Jvyn/pEtnvRjaROjRthMGTXF2R2DAVBKYyxlLrkn738fiLNZtm8v X-Received: by 2002:a05:620a:394b:b0:85e:5fef:86fa with SMTP id af79cd13be357-8906e9a4759mr3495258785a.28.1761239343081; Thu, 23 Oct 2025 10:09:03 -0700 (PDT) Received: from postal.iol.unh.edu (postal.iol.unh.edu. [2606:4100:3880:1234::84]) by smtp-relay.gmail.com with ESMTPS id af79cd13be357-89c10b73992sm21649085a.4.2025.10.23.10.09.02 (version=TLS1_2 cipher=ECDHE-ECDSA-AES128-GCM-SHA256 bits=128/128); Thu, 23 Oct 2025 10:09:03 -0700 (PDT) X-Relaying-Domain: iol.unh.edu Date: Thu, 23 Oct 2025 10:09:03 -0700 (PDT) Message-ID: <68fa612f.050a0220.233802.a818SMTPIN_ADDED_MISSING@mx.google.com> Received: from [172.21.0.2] (unknown [172.18.0.240]) by postal.iol.unh.edu (Postfix) with ESMTP id B9A996050A61; Thu, 23 Oct 2025 13:09:02 -0400 (EDT) Subject: |FAILURE| [GIT MASTER] 62f583c49bf67dd4d6733ece14e55fe6839e66d1 From: dpdklab@iol.unh.edu To: Test Report Cc: dpdk-test-reports@iol.unh.edu, Xueming Li , Christian Ehrhardt , Kevin Traynor , Luca Boccassi Content-Type: text/plain X-BeenThere: test-report@dpdk.org X-Mailman-Version: 2.1.29 Precedence: list List-Id: automatic DPDK test reports List-Unsubscribe: , List-Archive: List-Post: List-Help: List-Subscribe: , Errors-To: test-report-bounces@dpdk.org _Testing issues_ Branch: tags/v23.11 62f583c49bf67dd4d6733ece14e55fe6839e66d1 --> testing issues Upstream job id: Generic-DPDK-Compile-Meson#436910 Test environment and result as below: +------------------------------+--------------------+ | Environment | dpdk_meson_compile | +==============================+====================+ | Ubuntu 20.04 | PASS | +------------------------------+--------------------+ | Red Hat Enterprise Linux 9.5 | PASS | +------------------------------+--------------------+ | Debian GNU/Linux 12 | PASS | +------------------------------+--------------------+ | Fedora Linux 42 | PASS | +------------------------------+--------------------+ | Ubuntu 22.04 | PASS | +------------------------------+--------------------+ | CentOS Stream 9 | PASS | +------------------------------+--------------------+ | Ubuntu 24.04 | PASS | +------------------------------+--------------------+ | CentOS Stream 10 | PASS | +------------------------------+--------------------+ Ubuntu 20.04 Kernel: 5.15 Compiler: aarch64-linux-gnu-gcc gcc (Ubuntu 9.4.0-1ubuntu1~20.04.2) 9.4.0 Red Hat Enterprise Linux 9.5 Kernel: 5.4 Compiler: gcc gcc (GCC) 11.5.0 20240719 (Red Hat 11.5.0-2) Debian GNU/Linux 12 Kernel: 5.4 Compiler: gcc gcc (Debian 12.2.0-14+deb12u1) 12.2.0 Fedora Linux 42 Kernel: 5.4 Compiler: gcc gcc (GCC) 15.2.1 20250808 (Red Hat 15.2.1-1) Ubuntu 22.04 Kernel: 5.4 Compiler: gcc gcc (Ubuntu 11.4.0-1ubuntu1~22.04) 11.4.0 CentOS Stream 9 Kernel: 5.4 Compiler: gcc gcc (GCC) 11.5.0 20240719 (Red Hat 11.5.0-11) Ubuntu 24.04 Kernel: 5.4 Compiler: gcc gcc (Ubuntu 13.3.0-6ubuntu2~24.04) 13.3.0 CentOS Stream 10 Kernel: 5.4 Compiler: gcc gcc (GCC) 14.2.1 20250110 (Red Hat 14.2.1-8) To view detailed results, visit: https://lab.dpdk.org/results/dashboard/tarballs/35308/ UNH-IOL DPDK Community Lab To manage your email subscriptions, visit: https://lab.dpdk.org/results/dashboard/preferences/subscriptions/