From mboxrd@z Thu Jan 1 00:00:00 1970 Return-Path: Received: from mails.dpdk.org (mails.dpdk.org [217.70.189.124]) by inbox.dpdk.org (Postfix) with ESMTP id B82BA489BD for ; Fri, 24 Oct 2025 04:58:54 +0200 (CEST) Received: from mails.dpdk.org (localhost [127.0.0.1]) by mails.dpdk.org (Postfix) with ESMTP id B3D9A40144; Fri, 24 Oct 2025 04:58:54 +0200 (CEST) Received: from mail-yx1-f99.google.com (mail-yx1-f99.google.com [74.125.224.99]) by mails.dpdk.org (Postfix) with ESMTP id 0BD4C40144 for ; Fri, 24 Oct 2025 04:58:54 +0200 (CEST) Received: by mail-yx1-f99.google.com with SMTP id 956f58d0204a3-63d8788b18dso1779470d50.2 for ; Thu, 23 Oct 2025 19:58:53 -0700 (PDT) DKIM-Signature: v=1; a=rsa-sha256; c=relaxed/relaxed; d=iol.unh.edu; s=unh-iol; t=1761274733; x=1761879533; darn=dpdk.org; h=references:in-reply-to:cc:to:from:subject:message-id:date:from:to :cc:subject:date:message-id:reply-to; bh=Sz96wIYk10O0tY+EYIli1r0IfjxvFnj1jGK7HrUFYVk=; b=jPVATuvM41wQiRI2d7pH1Dbt/AIFuFKuqstWWp1LjQ/3ckXj9XV8N3YHaNqSos/lt9 ajlKOj3NeEkCREThI0FZTXyVuHd4YIw6SylVOsd0El3L2hm1ZLRmH30imncoXYhmmhuI IBHcuV3P5Z2bK9PQybZW1O2XJhIHny14zG3Is= X-Google-DKIM-Signature: v=1; a=rsa-sha256; c=relaxed/relaxed; d=1e100.net; s=20230601; t=1761274733; x=1761879533; h=references:in-reply-to:cc:to:from:subject:message-id:date :x-gm-message-state:from:to:cc:subject:date:message-id:reply-to; bh=Sz96wIYk10O0tY+EYIli1r0IfjxvFnj1jGK7HrUFYVk=; b=PoYXZZovJWGZVsCZo3w63mmK3HcTbOodkgN8h1EBFprQxMzaU7Jr8eI7MO5VIUzion pqvJ7y+H9sF/1GYd/N8TBH1usJsvwJd7L0Z/7V75etFobqScpzT3iCem4iAbvNVOe8UY 5hn3oUpFIl4UtdoPjXVKPm1jpI+AEM399Xl2+9q38JrUJS3KH+TU+S7TOSyxOx+Hu1eD VkTpD+AI4VpEqR0ZQgiFNQHneV++CjccTZ7jhrRn9bZogEwAmuj/LhPzoF9haSlCAF04 5byxuXf9WJgoJJ1gLP2BhjVtmFAggka+RnZkaDtyhL5v2Y2y00xrLoegmDKrhwDMeKtC veNA== X-Gm-Message-State: AOJu0YwF9MKqbuo99hKZ/xzAArMmBcuFsJC+FnRR6sYQAurTVasoiZw8 qJFGIBxCXun2tYMAYOWU3Kkb9McG0Dj8IN+zgH/ojB7XcC3PUqN4LQVP7LZZ/4KiHwWf9o2e5lo 8P0269aC3LvrRtPFRyQsv1Z2GDxdAwb4tXqXTYscVQZleOfEAF2vRWLNlkBe1 X-Gm-Gg: ASbGnctyH96qYIBpkEyjFLGCkpmoJbfmOT5FWi3XcX2AUjNw6cECqb07A0uN5ElbnCt T2N8Wch35x/70w0bczIhdnZXi7/atbKskcztT5DcRcsBoQ4kLnRTojnUcRF3KnEk+d18EBOuvhG CKVzFncvmUXp5R/6bsIRRoYCEY1bNhxLsMhoUMoBvKq5m99Kyd1yaaGH+X0TBY9rUxXp356Yx08 YtuDhcU9IfNZ7JQFL21yA7bM+kc0LHSC4PGumivJY8KQj8xV3HW1QzsWN04m3opecGS058uof6a y3GIU97S9GO6Aokh93YxuQE5N3OM1Rsb9jItVOr49HimAOj17RL8d7r55fzDLA2Lr7F8ESSz+qz 2+YL2+sX/ X-Google-Smtp-Source: AGHT+IGE+ZTyiupuDU3rrp1/5ud0V28oLoZeTbhaJ3aVIyXtmeH/oCVm6a9GhJAn491Fy+QjZeZgjWpaqp6G X-Received: by 2002:a05:690e:4193:b0:63f:1e74:6b15 with SMTP id 956f58d0204a3-63f1e746cedmr8866987d50.53.1761274733416; Thu, 23 Oct 2025 19:58:53 -0700 (PDT) Received: from postal.iol.unh.edu (postal.iol.unh.edu. [2606:4100:3880:1234::84]) by smtp-relay.gmail.com with ESMTPS id 956f58d0204a3-63f3791375fsm230409d50.7.2025.10.23.19.58.53 (version=TLS1_2 cipher=ECDHE-ECDSA-AES128-GCM-SHA256 bits=128/128); Thu, 23 Oct 2025 19:58:53 -0700 (PDT) X-Relaying-Domain: iol.unh.edu Date: Thu, 23 Oct 2025 19:58:53 -0700 (PDT) Message-ID: <68faeb6d.530a0220.1d5b02.b766SMTPIN_ADDED_MISSING@mx.google.com> Received: from [172.21.0.3] (unknown [172.18.0.240]) by postal.iol.unh.edu (Postfix) with ESMTP id CC0436051830; Thu, 23 Oct 2025 22:58:52 -0400 (EDT) Subject: |FAILURE| pw158029-158036 [PATCH] [v4,8/8] doc: update documentation From: dpdklab@iol.unh.edu To: Test Report Cc: dpdk-test-reports@iol.unh.edu, Stephen Hemminger In-Reply-To: <20251023154748.38535-9-stephen@networkplumber.org> References: <20251023154748.38535-9-stephen@networkplumber.org> Content-Type: text/plain X-BeenThere: test-report@dpdk.org X-Mailman-Version: 2.1.29 Precedence: list List-Id: automatic DPDK test reports List-Unsubscribe: , List-Archive: List-Post: List-Help: List-Subscribe: , Errors-To: test-report-bounces@dpdk.org Test-Label: iol-compile-arm64-testing Test-Status: FAILURE http://dpdk.org/patch/158036 _Testing issues_ Submitter: Stephen Hemminger Date: Thursday, October 23 2025 15:46:29 DPDK git baseline: Repo:dpdk Branch: master CommitID:7c744b9a08cf3dd6bdd215689bb6d2beb8a8a4ef 158029-158036 --> testing issues Upstream job id: Generic-DPDK-Compile-Meson#437165 Test environment and result as below: +------------------------------+--------------------+ | Environment | dpdk_meson_compile | +==============================+====================+ | Red Hat Enterprise Linux 9.5 | FAIL | +------------------------------+--------------------+ | Ubuntu 20.04 | FAIL | +------------------------------+--------------------+ | Debian GNU/Linux 12 | PEND | +------------------------------+--------------------+ | Fedora Linux 42 | PEND | +------------------------------+--------------------+ | Ubuntu 22.04 | FAIL | +------------------------------+--------------------+ | Ubuntu 24.04 | FAIL | +------------------------------+--------------------+ | CentOS Stream 9 | PEND | +------------------------------+--------------------+ | CentOS Stream 10 | FAIL | +------------------------------+--------------------+ ==== 20 line log output for CentOS Stream 10 (dpdk_meson_compile): ==== [539/3834] Compiling C object lib/librte_pdump.a.p/pdump_rte_pdump.c.o FAILED: lib/librte_pdump.a.p/pdump_rte_pdump.c.o ccache cc -Ilib/librte_pdump.a.p -Ilib -I../lib -Ilib/pdump -I../lib/pdump -Ilib/eal/common -I../lib/eal/common -I. -I.. -Iconfig -I../config -Ilib/eal/include -I../lib/eal/include -Ilib/eal/linux/include -I../lib/eal/linux/include -Ilib/eal/arm/include -I../lib/eal/arm/include -I../kernel/linux -Ilib/eal -I../lib/eal -Ilib/kvargs -I../lib/kvargs -Ilib/log -I../lib/log -Ilib/metrics -I../lib/metrics -Ilib/telemetry -I../lib/telemetry -Ilib/argparse -I../lib/argparse -Ilib/ethdev -I../lib/ethdev -Ilib/net -I../lib/net -Ilib/mbuf -I../lib/mbuf -Ilib/mempool -I../lib/mempool -Ilib/ring -I../lib/ring -Ilib/meter -I../lib/meter -Ilib/bpf -I../lib/bpf -Ilib/pcapng -I../lib/pcapng -fdiagnostics-color=always -pipe -D_FILE_OFFSET_BITS=64 -Wall -Winvalid-pch -Wextra -Werror -std=c11 -O3 -include rte_config.h -Wvla -Wcast-qual -Wdeprecated -Wformat -Wformat-nonliteral -Wformat-security -Wmissing-declarations -Wmissing-prototypes -Wnested-externs -Wold-style-definition -Wpointer-arith -Wsign-com pare -Wstrict-prototypes -Wundef -Wwrite-strings -Wno-packed-not-aligned -Wno-missing-field-initializers -D_GNU_SOURCE -fPIC -DWITH_GZFILEOP -march=armv8.1-a+crc+crypto -DALLOW_EXPERIMENTAL_API -DALLOW_INTERNAL_API -Wno-format-truncation -DRTE_LOG_DEFAULT_LOGTYPE=lib.pdump -MD -MQ lib/librte_pdump.a.p/pdump_rte_pdump.c.o -MF lib/librte_pdump.a.p/pdump_rte_pdump.c.o.d -o lib/librte_pdump.a.p/pdump_rte_pdump.c.o -c ../lib/pdump/rte_pdump.c In file included from ../lib/eal/common/eal_export.h:8, from ../lib/pdump/rte_pdump.c:7: ../lib/pdump/rte_pdump.c: In function 'pdump_copy': ../lib/eal/include/rte_common.h:799:20: error: comparison of integer expressions of different signedness: 'unsigned int' and 'int' [-Werror=sign-compare] 799 | _a < _b ? _a : _b; \ | ^ ../lib/pdump/rte_pdump.c:211:34: note: in expansion of macro 'RTE_MIN' 211 | unsigned int n = RTE_MIN(nb_pkts - offs, PDUMP_BURST_SIZE); | ^~~~~~~ ../lib/eal/include/rte_common.h:799:32: error: operand of '?:' changes signedness from 'int' to 'unsigned int' due to unsignedness of other operand [-Werror=sign-compare] 799 | _a < _b ? _a : _b; \ | ^~ ../lib/pdump/rte_pdump.c:211:34: note: in expansion of macro 'RTE_MIN' 211 | unsigned int n = RTE_MIN(nb_pkts - offs, PDUMP_BURST_SIZE); | ^~~~~~~ cc1: all warnings being treated as errors ninja: build stopped: subcommand failed. ==== End log output ==== Red Hat Enterprise Linux 9.5 Kernel: 5.4 Compiler: gcc gcc (GCC) 11.5.0 20240719 (Red Hat 11.5.0-2) Ubuntu 20.04 Kernel: 5.4 Compiler: gcc gcc (Ubuntu 9.4.0-1ubuntu1~20.04.2) 9.4.0 Debian GNU/Linux 12 Kernel: 5.4 Compiler: gcc gcc (Debian 12.2.0-14+deb12u1) 12.2.0 Fedora Linux 42 Kernel: 5.4 Compiler: gcc gcc (GCC) 15.2.1 20250808 (Red Hat 15.2.1-1) Ubuntu 22.04 Kernel: 5.4 Compiler: gcc gcc (Ubuntu 11.4.0-1ubuntu1~22.04) 11.4.0 Ubuntu 24.04 Kernel: 5.4 Compiler: gcc gcc (Ubuntu 13.3.0-6ubuntu2~24.04) 13.3.0 CentOS Stream 9 Kernel: 5.4 Compiler: gcc gcc (GCC) 11.5.0 20240719 (Red Hat 11.5.0-11) CentOS Stream 10 Kernel: 5.4 Compiler: gcc gcc (GCC) 14.2.1 20250110 (Red Hat 14.2.1-8) To view detailed results, visit: https://lab.dpdk.org/results/dashboard/patchsets/34362/ UNH-IOL DPDK Community Lab To manage your email subscriptions, visit: https://lab.dpdk.org/results/dashboard/preferences/subscriptions/