From mboxrd@z Thu Jan 1 00:00:00 1970 Return-Path: Received: from mails.dpdk.org (mails.dpdk.org [217.70.189.124]) by inbox.dpdk.org (Postfix) with ESMTP id D1A84489BD for ; Fri, 24 Oct 2025 04:59:22 +0200 (CEST) Received: from mails.dpdk.org (localhost [127.0.0.1]) by mails.dpdk.org (Postfix) with ESMTP id CD6A240144; Fri, 24 Oct 2025 04:59:22 +0200 (CEST) Received: from mail-pl1-f225.google.com (mail-pl1-f225.google.com [209.85.214.225]) by mails.dpdk.org (Postfix) with ESMTP id E4D9740144 for ; Fri, 24 Oct 2025 04:59:21 +0200 (CEST) Received: by mail-pl1-f225.google.com with SMTP id d9443c01a7336-27eceb38eb1so17593705ad.3 for ; Thu, 23 Oct 2025 19:59:21 -0700 (PDT) DKIM-Signature: v=1; a=rsa-sha256; c=relaxed/relaxed; d=iol.unh.edu; s=unh-iol; t=1761274761; x=1761879561; darn=dpdk.org; h=references:in-reply-to:cc:to:from:subject:message-id:date:from:to :cc:subject:date:message-id:reply-to; bh=BdQpPDnFJDbV0F2Ytp//XcUAq3OXiJ9Ev6ILqeZEaYk=; b=LLFWmszD0usDaTqv+sS3nqR9EafOzKfR3Ol7IOWB/zJif/SpVlYKimX21yvIsFFFx6 Gkbip5kmnBbhCszq5OXS5XSPn2QOtPQ9TSPixPVbDB/llZnINO+y67P4+Z+2yienmU3J s5kb82nIyG67CzBGEqmf3iry18vnjMK9G3oiU= X-Google-DKIM-Signature: v=1; a=rsa-sha256; c=relaxed/relaxed; d=1e100.net; s=20230601; t=1761274761; x=1761879561; h=references:in-reply-to:cc:to:from:subject:message-id:date :x-gm-message-state:from:to:cc:subject:date:message-id:reply-to; bh=BdQpPDnFJDbV0F2Ytp//XcUAq3OXiJ9Ev6ILqeZEaYk=; b=kT7l+gR/tnk8XCbZnVwOD7Bu9wsxH/c0otOWDVWfwPk5Jrs5OGe6RQ9t8ImAO5gdDs j1MARH2r1vbFOow64H221wwRhKU1R324gjPPEJXIjppDiD7lg9cLp7OnY5sKESSdrOdR com/uMRNoMvv24exz7HRPe9QvmaCuj38MLlTi5PrN1M+C5bqDPmc8kowLTMx7YzPuLn3 XfCqwQjoyFqmajPw/WTCnyyeF7rU6ybqopQd+gKZ7P27VAOk4RdccImWY9isDklC1rKr qNTiDxBkzxgjJZ7md4iwA9PetMLnPR6xMB/laUHAeB6b8hx3cP0PisugDoXvr5xvxVoL OJcA== X-Gm-Message-State: AOJu0YyCBDKEiNR0/xIDBhqB0SIilrpSomh57kns5qZnhxKod64czvmN DTcShfeoStm79JBEMLYWehO1gy2OWrYuh/BFzlr1G70lRmj1xt7KNKUtzDWfqCA4ZggDROJcVqn PFvKFjYlJAxk3NESAq+8svtoLZMgQXzNTq76pBCd53zRD X-Gm-Gg: ASbGncv9ILrbSO7XEg+UyeNl5a6SOwSTtj9y5lBRtmzmpjVDE3ihU2pPNVioDxll+hy HzaWqsENubel9b2aK8Oi9i56bsh6vUDVuCdmNiSZAAQK/WssHkknUXzVFjpgq6IttS1TROTyW54 O0dM/+utmEVTNqpecmoQcpHUg+2BBsz3pmO1X7yOLGM2kJUxzo1expP4Ad3zv/YXb9pWoWhzao8 BVmaAidIMDucx0fp5b2whITWxevp+6FEqrJdEtSorLNmmuRvQibrqjuFi/l5wqqkxREFOgJlD+m hM/wMpO4WgtaAQmFpkzC1DMIBxYlTKioajFTz4MqFcPH0A6Un5Wg3Og+FWy6GahttLoet/qELGZ 7j/268CNh+X5VBUK+S6HCgUlNaJfQaVo= X-Google-Smtp-Source: AGHT+IEiAcxO1qQjkJauxA/aBuPCH5WvdZlIio+duFzSB8kuxEsdK56gKHAmt29h+Cp8rfekfB1sYsab0JVN X-Received: by 2002:a17:902:d60d:b0:28e:acf2:a782 with SMTP id d9443c01a7336-290cba4edf7mr280622395ad.37.1761274761177; Thu, 23 Oct 2025 19:59:21 -0700 (PDT) Received: from postal.iol.unh.edu (postal.iol.unh.edu. [132.177.123.84]) by smtp-relay.gmail.com with ESMTPS id d9443c01a7336-2946dee70desm4062495ad.40.2025.10.23.19.59.21 (version=TLS1_2 cipher=ECDHE-ECDSA-AES128-GCM-SHA256 bits=128/128); Thu, 23 Oct 2025 19:59:21 -0700 (PDT) X-Relaying-Domain: iol.unh.edu Date: Thu, 23 Oct 2025 19:59:21 -0700 (PDT) Message-ID: <68faeb89.170a0220.18e758.3d3bSMTPIN_ADDED_MISSING@mx.google.com> Received: from [172.21.0.3] (unknown [172.18.0.240]) by postal.iol.unh.edu (Postfix) with ESMTP id 98B8B6051830; Thu, 23 Oct 2025 22:59:20 -0400 (EDT) Subject: |FAILURE| pw158029-158036 [PATCH] [v4,8/8] doc: update documentation From: dpdklab@iol.unh.edu To: Test Report Cc: dpdk-test-reports@iol.unh.edu, Stephen Hemminger In-Reply-To: <20251023154748.38535-9-stephen@networkplumber.org> References: <20251023154748.38535-9-stephen@networkplumber.org> Content-Type: text/plain X-BeenThere: test-report@dpdk.org X-Mailman-Version: 2.1.29 Precedence: list List-Id: automatic DPDK test reports List-Unsubscribe: , List-Archive: List-Post: List-Help: List-Subscribe: , Errors-To: test-report-bounces@dpdk.org Test-Label: iol-compile-arm64-testing Test-Status: FAILURE http://dpdk.org/patch/158036 _Testing issues_ Submitter: Stephen Hemminger Date: Thursday, October 23 2025 15:46:29 DPDK git baseline: Repo:dpdk Branch: master CommitID:7c744b9a08cf3dd6bdd215689bb6d2beb8a8a4ef 158029-158036 --> testing issues Upstream job id: Generic-DPDK-Compile-Meson#437167 Test environment and result as below: +------------------------------+--------------------+ | Environment | dpdk_meson_compile | +==============================+====================+ | Red Hat Enterprise Linux 9.5 | FAIL | +------------------------------+--------------------+ | Ubuntu 20.04 | FAIL | +------------------------------+--------------------+ | Debian GNU/Linux 12 | PEND | +------------------------------+--------------------+ | Fedora Linux 42 | PEND | +------------------------------+--------------------+ | Ubuntu 22.04 | FAIL | +------------------------------+--------------------+ | Ubuntu 24.04 | FAIL | +------------------------------+--------------------+ | CentOS Stream 9 | PEND | +------------------------------+--------------------+ | CentOS Stream 10 | FAIL | +------------------------------+--------------------+ ==== 20 line log output for CentOS Stream 10 (dpdk_meson_compile): ==== [539/3834] Compiling C object lib/librte_pdump.a.p/pdump_rte_pdump.c.o FAILED: lib/librte_pdump.a.p/pdump_rte_pdump.c.o ccache cc -Ilib/librte_pdump.a.p -Ilib -I../lib -Ilib/pdump -I../lib/pdump -Ilib/eal/common -I../lib/eal/common -I. -I.. -Iconfig -I../config -Ilib/eal/include -I../lib/eal/include -Ilib/eal/linux/include -I../lib/eal/linux/include -Ilib/eal/arm/include -I../lib/eal/arm/include -I../kernel/linux -Ilib/eal -I../lib/eal -Ilib/kvargs -I../lib/kvargs -Ilib/log -I../lib/log -Ilib/metrics -I../lib/metrics -Ilib/telemetry -I../lib/telemetry -Ilib/argparse -I../lib/argparse -Ilib/ethdev -I../lib/ethdev -Ilib/net -I../lib/net -Ilib/mbuf -I../lib/mbuf -Ilib/mempool -I../lib/mempool -Ilib/ring -I../lib/ring -Ilib/meter -I../lib/meter -Ilib/bpf -I../lib/bpf -Ilib/pcapng -I../lib/pcapng -fdiagnostics-color=always -pipe -D_FILE_OFFSET_BITS=64 -Wall -Winvalid-pch -Wextra -Werror -std=c11 -O3 -include rte_config.h -Wvla -Wcast-qual -Wdeprecated -Wformat -Wformat-nonliteral -Wformat-security -Wmissing-declarations -Wmissing-prototypes -Wnested-externs -Wold-style-definition -Wpointer-arith -Wsign-com pare -Wstrict-prototypes -Wundef -Wwrite-strings -Wno-packed-not-aligned -Wno-missing-field-initializers -D_GNU_SOURCE -fPIC -DWITH_GZFILEOP -march=armv8.1-a+crc+crypto -DALLOW_EXPERIMENTAL_API -DALLOW_INTERNAL_API -Wno-format-truncation -DRTE_LOG_DEFAULT_LOGTYPE=lib.pdump -MD -MQ lib/librte_pdump.a.p/pdump_rte_pdump.c.o -MF lib/librte_pdump.a.p/pdump_rte_pdump.c.o.d -o lib/librte_pdump.a.p/pdump_rte_pdump.c.o -c ../lib/pdump/rte_pdump.c In file included from ../lib/eal/common/eal_export.h:8, from ../lib/pdump/rte_pdump.c:7: ../lib/pdump/rte_pdump.c: In function 'pdump_copy': ../lib/eal/include/rte_common.h:799:20: error: comparison of integer expressions of different signedness: 'unsigned int' and 'int' [-Werror=sign-compare] 799 | _a < _b ? _a : _b; \ | ^ ../lib/pdump/rte_pdump.c:211:34: note: in expansion of macro 'RTE_MIN' 211 | unsigned int n = RTE_MIN(nb_pkts - offs, PDUMP_BURST_SIZE); | ^~~~~~~ ../lib/eal/include/rte_common.h:799:32: error: operand of '?:' changes signedness from 'int' to 'unsigned int' due to unsignedness of other operand [-Werror=sign-compare] 799 | _a < _b ? _a : _b; \ | ^~ ../lib/pdump/rte_pdump.c:211:34: note: in expansion of macro 'RTE_MIN' 211 | unsigned int n = RTE_MIN(nb_pkts - offs, PDUMP_BURST_SIZE); | ^~~~~~~ cc1: all warnings being treated as errors ninja: build stopped: subcommand failed. ==== End log output ==== Red Hat Enterprise Linux 9.5 Kernel: 5.4 Compiler: gcc gcc (GCC) 11.5.0 20240719 (Red Hat 11.5.0-2) Ubuntu 20.04 Kernel: 5.4 Compiler: gcc gcc (Ubuntu 9.4.0-1ubuntu1~20.04.2) 9.4.0 Debian GNU/Linux 12 Kernel: 5.4 Compiler: gcc gcc (Debian 12.2.0-14+deb12u1) 12.2.0 Fedora Linux 42 Kernel: 5.4 Compiler: gcc gcc (GCC) 15.2.1 20250808 (Red Hat 15.2.1-1) Ubuntu 22.04 Kernel: 5.4 Compiler: gcc gcc (Ubuntu 11.4.0-1ubuntu1~22.04) 11.4.0 Ubuntu 24.04 Kernel: 5.4 Compiler: gcc gcc (Ubuntu 13.3.0-6ubuntu2~24.04) 13.3.0 CentOS Stream 9 Kernel: 5.4 Compiler: gcc gcc (GCC) 11.5.0 20240719 (Red Hat 11.5.0-11) CentOS Stream 10 Kernel: 5.4 Compiler: gcc gcc (GCC) 14.2.1 20250110 (Red Hat 14.2.1-8) To view detailed results, visit: https://lab.dpdk.org/results/dashboard/patchsets/34362/ UNH-IOL DPDK Community Lab To manage your email subscriptions, visit: https://lab.dpdk.org/results/dashboard/preferences/subscriptions/