From mboxrd@z Thu Jan 1 00:00:00 1970 Return-Path: Received: from mails.dpdk.org (mails.dpdk.org [217.70.189.124]) by inbox.dpdk.org (Postfix) with ESMTP id 47926489BE for ; Fri, 24 Oct 2025 06:13:45 +0200 (CEST) Received: from mails.dpdk.org (localhost [127.0.0.1]) by mails.dpdk.org (Postfix) with ESMTP id 260EB40144; Fri, 24 Oct 2025 06:13:45 +0200 (CEST) Received: from mail-qt1-f227.google.com (mail-qt1-f227.google.com [209.85.160.227]) by mails.dpdk.org (Postfix) with ESMTP id 4DAA340144 for ; Fri, 24 Oct 2025 06:13:44 +0200 (CEST) Received: by mail-qt1-f227.google.com with SMTP id d75a77b69052e-4e4d9fc4316so16324411cf.2 for ; Thu, 23 Oct 2025 21:13:44 -0700 (PDT) DKIM-Signature: v=1; a=rsa-sha256; c=relaxed/relaxed; d=iol.unh.edu; s=unh-iol; t=1761279223; x=1761884023; darn=dpdk.org; h=cc:to:from:subject:message-id:date:from:to:cc:subject:date :message-id:reply-to; bh=pLs1pYIJyAMevBAgEDHCv/hT+2/l8rn5YT51VBfLC+k=; b=Sb+bTq+QIoxB8kAtMKj0XhyjRxKTPosaq7kS+E2YqRU1/CXzavJ33+HYDkJPi/b7aP rdMPaWOHGX4rN2AdgqWntoPp2MRDV0jHLOxFtXBOJp2Cc9JOH1lHOhVNXYyzck2v6l/M uV/73ZQeLoY/09XP0RHCBEHm+7L3LVDMdaNe4= X-Google-DKIM-Signature: v=1; a=rsa-sha256; c=relaxed/relaxed; d=1e100.net; s=20230601; t=1761279223; x=1761884023; h=cc:to:from:subject:message-id:date:x-gm-message-state:from:to:cc :subject:date:message-id:reply-to; bh=pLs1pYIJyAMevBAgEDHCv/hT+2/l8rn5YT51VBfLC+k=; b=L6cOBCpVdYhKG2RxDFT+NLt2EbB/BooYD2c8iCVZYOvPLmsjRrOgM0wE33piW08gIR lrx6rxKnyKRGcIRkB7pd8FjKRsW2E7eSugmxOkVTnAFV/wIaOpPHbMEGwfVORbsctXSg xsIMOxcrK+QIDH5TZZy/VsjFJgGReLRTGeUPXJdQZphd5FxNb/KWySxrCtSRCXqAXFvY Vf+Ef8aXjIp4joL10nFC41gocy0e2x8Y7sGf5Tnmy9bRmEzq636jHqrqz86Ii07zC1b6 WVtwTvr0q6J7npAV5uUSi5rBCxKIKdT9gTw929Ua+3+8xkCF0fOyFZr3Y+66pHlDyPE3 /43w== X-Gm-Message-State: AOJu0Yzm9rc6+Mw2BjVwQx7gg0Mw2W4z9ztQa9Pr2q0BQP9PArF/Ohlb XP/9iXW02Yc58DIVCWwOAQb7U4kxrgvEEIE379QuagfHpoQC7Bwerhb5EhZila2ajjO0EEUujbc u63lDgC2Eyy87vFmO7mxqYdh1zotpxIQraBtc X-Gm-Gg: ASbGncuTdvvETQHo5vdxSPt1aPGzUJaOScxbl/s/4YeIpaoWjpwNDuibPbwYi9GOa00 knRH1njWQ7D+n83sOQi4AVx/27Zyu9LJRFSagNZpi4aolOPSz2t5lq9pAnUAbCBEiQy8fGYqkW6 2/owfbHSV7LIJhecEkxo7Xj7ex47YZjrG1TNWCNVWiNzGtGeD1HaNA5kxgacPfCdWmip88127Ho thqtkTc2SVtIoK8DrXrLNrW2t0LUsHQcYex9hK0y+mL4YfP+5Lp6c8NzbX+np5R7uiz/eNZAQ3+ OPLplBmL4ooa+UTysMWL4YJ+A6+MQOyfOQk1b9tlGnCmz2f7OJlmsV1QjJgIpJ88MKdpeBYRunk UXD7q+ujxY5xISMFoCkS53By3suSrevg= X-Google-Smtp-Source: AGHT+IF/2TMKHOjGOe3+Rn4RUy0HMNOeDqne2cflg7KETRNfhc+SVxBMUpKYG8L5tgIGXmG8f3iFAyaWaJSq X-Received: by 2002:a05:622a:1341:b0:4e8:b980:4792 with SMTP id d75a77b69052e-4e8b9804bbdmr222162011cf.37.1761279223539; Thu, 23 Oct 2025 21:13:43 -0700 (PDT) Received: from postal.iol.unh.edu (postal.iol.unh.edu. [132.177.123.84]) by smtp-relay.gmail.com with ESMTPS id d75a77b69052e-4eb8060a097sm2584691cf.3.2025.10.23.21.13.43 (version=TLS1_2 cipher=ECDHE-ECDSA-AES128-GCM-SHA256 bits=128/128); Thu, 23 Oct 2025 21:13:43 -0700 (PDT) X-Relaying-Domain: iol.unh.edu Date: Thu, 23 Oct 2025 21:13:43 -0700 (PDT) Message-ID: <68fafcf7.c80a0220.ab81c.c9fbSMTPIN_ADDED_MISSING@mx.google.com> Received: from [172.21.0.2] (unknown [172.18.0.240]) by postal.iol.unh.edu (Postfix) with ESMTP id 0BC286051835; Fri, 24 Oct 2025 00:13:43 -0400 (EDT) Subject: |FAILURE| [GIT MASTER] 62f583c49bf67dd4d6733ece14e55fe6839e66d1 From: dpdklab@iol.unh.edu To: Test Report Cc: dpdk-test-reports@iol.unh.edu, Xueming Li , Christian Ehrhardt , Kevin Traynor , Luca Boccassi Content-Type: text/plain X-BeenThere: test-report@dpdk.org X-Mailman-Version: 2.1.29 Precedence: list List-Id: automatic DPDK test reports List-Unsubscribe: , List-Archive: List-Post: List-Help: List-Subscribe: , Errors-To: test-report-bounces@dpdk.org _Testing issues_ Branch: tags/v23.11 62f583c49bf67dd4d6733ece14e55fe6839e66d1 --> testing issues Upstream job id: Windows-Compile-DPDK-Native#31857 Test environment and result as below: +---------------------+--------------------+-------------------+-------------------------+ | Environment | dpdk_meson_compile | dpdk_msvc_compile | dpdk_llvm_clang_compile | +=====================+====================+===================+=========================+ | Ubuntu 20.04 | PASS | SKIPPED | SKIPPED | +---------------------+--------------------+-------------------+-------------------------+ | FreeBSD 14.2 | PEND | SKIPPED | SKIPPED | +---------------------+--------------------+-------------------+-------------------------+ | Windows Server 2022 | SKIPPED | PASS | FAIL | +---------------------+--------------------+-------------------+-------------------------+ ==== 20 line log output for Windows Server 2022 (dpdk_llvm_clang_compile): ==== Compiler for C supports arguments -mavx512f: YES (cached) Compiler for C supports arguments -mavx512bw: YES (cached) Compiler for C supports arguments -mavx512dq: YES (cached) Compiler for C supports arguments -march=skylake-avx512: YES Message: drivers/common/idpf: Defining dependency "common_idpf" Message: drivers/bus/auxiliary: Defining dependency "bus_auxiliary" Compiler for C supports arguments -Wno-cast-qual: YES (cached) Compiler for C supports arguments -Wno-pointer-arith: YES (cached) Message: drivers/bus/pci: Defining dependency "bus_pci" Message: drivers/bus/vdev: Defining dependency "bus_vdev" Compiler for C supports arguments -std=c11: YES Compiler for C supports arguments -Wno-strict-prototypes: YES Compiler for C supports arguments -D_BSD_SOURCE: YES Compiler for C supports arguments -D_DEFAULT_SOURCE: YES Compiler for C supports arguments -D_XOPEN_SOURCE=600: YES Has header "mlx5devx.h" : YES drivers\common\mlx5\windows\meson.build:10:13: ERROR: C shared or static library 'mlx5devx' not found A full log can be found at C:\Users\builder\jenkins\workspace\Windows-Compile-DPDK-Native\dpdk\build\meson-logs\meson-log.txt ==== End log output ==== Ubuntu 20.04 Kernel: 4.19 Compiler: gcc gcc (Ubuntu 9.4.0-1ubuntu1~20.04.2) 9.4.0 FreeBSD 14.2 Kernel: 14.2-RELEASE Compiler: clang 18.1.6 Windows Server 2022 Kernel: 10.0.20348.2031 Compiler: clang 15.0.7, gcc 14.1.0 (MinGW), and MSVC VS 19.39.33521 To view detailed results, visit: https://lab.dpdk.org/results/dashboard/tarballs/35325/ UNH-IOL DPDK Community Lab To manage your email subscriptions, visit: https://lab.dpdk.org/results/dashboard/preferences/subscriptions/