From mboxrd@z Thu Jan 1 00:00:00 1970 Return-Path: Received: from mails.dpdk.org (mails.dpdk.org [217.70.189.124]) by inbox.dpdk.org (Postfix) with ESMTP id 9485C489BE for ; Fri, 24 Oct 2025 07:37:09 +0200 (CEST) Received: from mails.dpdk.org (localhost [127.0.0.1]) by mails.dpdk.org (Postfix) with ESMTP id 7BAB440267; Fri, 24 Oct 2025 07:37:09 +0200 (CEST) Received: from mail-pg1-f228.google.com (mail-pg1-f228.google.com [209.85.215.228]) by mails.dpdk.org (Postfix) with ESMTP id 6DE6840267 for ; Fri, 24 Oct 2025 07:37:08 +0200 (CEST) Received: by mail-pg1-f228.google.com with SMTP id 41be03b00d2f7-b6cdba2663dso1195903a12.2 for ; Thu, 23 Oct 2025 22:37:08 -0700 (PDT) DKIM-Signature: v=1; a=rsa-sha256; c=relaxed/relaxed; d=iol.unh.edu; s=unh-iol; t=1761284227; x=1761889027; darn=dpdk.org; h=cc:to:from:subject:message-id:date:from:to:cc:subject:date :message-id:reply-to; bh=VpngnXKF8CGPSlQQwxcf1n9M3CTIw0cin4aVV1wf4Gk=; b=TrISSyjKOOUy1WyMiglLb0dd4B+5P//XXDZI2eAvkGnIS8dntyetN3jA++sO+jBxQr Ew8O1/kFeeEhVDBF4vl8eZh5rGMEi0q9H8Wk96BkQahuWJYKBgw4cmVCqEW/3qYvykq9 W0BaBx+1yQyvFr2Kh76SHPFlsgnCBECO+5haU= X-Google-DKIM-Signature: v=1; a=rsa-sha256; c=relaxed/relaxed; d=1e100.net; s=20230601; t=1761284227; x=1761889027; h=cc:to:from:subject:message-id:date:x-gm-message-state:from:to:cc :subject:date:message-id:reply-to; bh=VpngnXKF8CGPSlQQwxcf1n9M3CTIw0cin4aVV1wf4Gk=; b=szaO9cBMUFTu62fluWtEcmrrDYxwBEzzON0Ro9BdIQxEO7B+aHUiL/yo8mM/S61Qsa QD2rrAq9BBuAIr0yHZfey7iD3Gl1qUnY/st25/XbrSuQMwYcrv4FaDndGAkgRwo3N9xE iOzhYog5USizWIqnZzzrSdNb/iUYNWvs+nQ0c2kLBRWhJsqmlzlxI2HGTT/5MAgF8NYp DzT8I6J0OfACjmhRb67w4Qxs2CBKTx1kGT1s3BJf2p6sGwyjkzAdeEo1DahnIdWujWId TSQs0qOmYcy6UGNN40eVhZMiN105YMAZShTi/t4Y+HyclAxDXlXZ5DKubNmbThriZ8lf g2xg== X-Gm-Message-State: AOJu0YzLtdbHTWqL4SBbCcQVX8/BBWkHdlvlU4hrS7f1hnb1YWDkWgV3 1QiNgWC8pMKEXQLQgFB7rakepiuuil5/nMeaDWRKUOwHBoHmjYIXirt9h2+c5jZCcCxKgh1I7a1 bWN7BE50Fs/DPLEGJheVOzFlshS5TI1HnPPeIWr5dQRk6dT6210Hx X-Gm-Gg: ASbGnct8rEP6wOSmFXy45odD3hZqd+GnuFVl23lFQCnih7fPUpSZ1dolLIdS96wyDju +OqjzAf+zrZxqhRBGVldIwWmKTdACZwU7JnJ435heIhDOGswFEUPGux6xAK7HVriMprz3G6xYUT YPIpmvCkNoR8mfdeYje25wKiji2SHoiOGMxcf2zGh1WNk2LiYJHgeN0E6p7nBLQ0t7BB5ZjVGU8 phClRiOYRhVZjOI/4lreVt0ERJice4LAm3J4HlE9fP9VZbyRT15oHwQN4ULPgfvc3W6/LAV87UK 5CUi3Lb6gnFWOAUAbYfsPYFVh+CCEga1wFG/dZxn/VYy21BWqImkBr3a70QK8hZ4ti06SmesoYV EZRP0DErl X-Google-Smtp-Source: AGHT+IFN96EBP0+y2st7+Y8RGAQZzAAl07a+QB7x/nNRQ6RYeQTsGc9DqWYabq6SfuDrNjIA9m5iXL57Kodl X-Received: by 2002:a17:902:c942:b0:26a:8171:daf7 with SMTP id d9443c01a7336-290c9cbc095mr352785225ad.16.1761284227412; Thu, 23 Oct 2025 22:37:07 -0700 (PDT) Received: from postal.iol.unh.edu (postal.iol.unh.edu. [2606:4100:3880:1234::84]) by smtp-relay.gmail.com with ESMTPS id d9443c01a7336-2946dee715asm4260575ad.43.2025.10.23.22.37.07 (version=TLS1_2 cipher=ECDHE-ECDSA-AES128-GCM-SHA256 bits=128/128); Thu, 23 Oct 2025 22:37:07 -0700 (PDT) X-Relaying-Domain: iol.unh.edu Date: Thu, 23 Oct 2025 22:37:07 -0700 (PDT) Message-ID: <68fb1083.170a0220.1ae2fb.513cSMTPIN_ADDED_MISSING@mx.google.com> Received: from [172.21.0.2] (unknown [172.18.0.240]) by postal.iol.unh.edu (Postfix) with ESMTP id C8C2660003E8; Fri, 24 Oct 2025 01:37:06 -0400 (EDT) Subject: |FAILURE| [GIT MASTER] 62f583c49bf67dd4d6733ece14e55fe6839e66d1 From: dpdklab@iol.unh.edu To: Test Report Cc: dpdk-test-reports@iol.unh.edu, Xueming Li , Christian Ehrhardt , Kevin Traynor , Luca Boccassi Content-Type: text/plain X-BeenThere: test-report@dpdk.org X-Mailman-Version: 2.1.29 Precedence: list List-Id: automatic DPDK test reports List-Unsubscribe: , List-Archive: List-Post: List-Help: List-Subscribe: , Errors-To: test-report-bounces@dpdk.org _Testing issues_ Branch: tags/v23.11 62f583c49bf67dd4d6733ece14e55fe6839e66d1 --> testing issues Upstream job id: Generic-Unit-Test-DPDK#384812 Test environment and result as below: +-------------------------------+----------------+ | Environment | dpdk_unit_test | +===============================+================+ | CentOS Stream 9 | PASS | +-------------------------------+----------------+ | Debian GNU/Linux 12 | PASS | +-------------------------------+----------------+ | CentOS Stream 10 | PASS | +-------------------------------+----------------+ | Red Hat Enterprise Linux 8.10 | PASS | +-------------------------------+----------------+ | Fedora Linux 40 | PASS | +-------------------------------+----------------+ | Fedora Linux 42 | WARN | +-------------------------------+----------------+ | Fedora Linux 41 | PASS | +-------------------------------+----------------+ | Red Hat Enterprise Linux 9.5 | PASS | +-------------------------------+----------------+ | Ubuntu 20.04 | PASS | +-------------------------------+----------------+ | Ubuntu 24.04 | PASS | +-------------------------------+----------------+ | Ubuntu 22.04 | PASS | +-------------------------------+----------------+ | Windows Server 2022 | FAIL | +-------------------------------+----------------+ ==== Unit test summary for Windows Server 2022 (dpdk_unit_test): ==== Failed to get the unit test results. Displaying the unit test results is not supported for some environments, such as our aarch32 testing, where meson is not used to run the tests. Download the logs available on our CI site. ==== End log output ==== CentOS Stream 9 Kernel: 5.15 Compiler: gcc gcc (GCC) 11.5.0 20240719 (Red Hat 11.5.0-11) Debian GNU/Linux 12 Kernel: 5.15 Compiler: gcc gcc (Debian 12.2.0-14+deb12u1) 12.2.0 CentOS Stream 10 Kernel: 5.15 Compiler: gcc gcc (GCC) 14.2.1 20250110 (Red Hat 14.2.1-8) Red Hat Enterprise Linux 8.10 Kernel: 5.15 Compiler: gcc gcc (GCC) 8.5.0 20210514 (Red Hat 8.5.0-22) Fedora Linux 40 Kernel: 5.15 Compiler: gcc gcc (GCC) 14.2.1 20240912 (Red Hat 14.2.1-3) Fedora Linux 42 Kernel: 5.15 Compiler: clang gcc (GCC) 15.2.1 20250808 (Red Hat 15.2.1-1) Fedora Linux 41 Kernel: 5.15 Compiler: clang gcc (GCC) 14.3.1 20250523 (Red Hat 14.3.1-1) Red Hat Enterprise Linux 9.5 Kernel: 5.15 Compiler: gcc gcc (GCC) 11.5.0 20240719 (Red Hat 11.5.0-2) Ubuntu 20.04 Kernel: 5.15 Compiler: gcc gcc (Ubuntu 9.4.0-1ubuntu1~20.04.2) 9.4.0 Ubuntu 24.04 Kernel: 5.15 Compiler: gcc gcc (Ubuntu 13.3.0-6ubuntu2~24.04) 13.3.0 Ubuntu 22.04 Kernel: 5.15 Compiler: gcc gcc (Ubuntu 11.4.0-1ubuntu1~22.04) 11.4.0 Windows Server 2022 Kernel: 10.0.20348.2031 Compiler: clang 15.0.7, gcc 14.1.0 (MinGW), and MSVC VS 19.39.33521 To view detailed results, visit: https://lab.dpdk.org/results/dashboard/tarballs/35325/ UNH-IOL DPDK Community Lab To manage your email subscriptions, visit: https://lab.dpdk.org/results/dashboard/preferences/subscriptions/